{"text_format":"1","workbook":"xlsx","n_sheets":10,"sheets":["Input","OdA","AS","Riepilogo_Spec_Tecniche","Specs","Prezzi","Congelam_PC","Config_Dispo","Contatti_Fornitori","Ana"],"not_rendered":{"charts":0,"images":1,"macros":1,"external_links":1,"defined_names":31,"comments":0,"pivot_tables":0},"unopened":[],"bounds":{"document_bytes":16777216,"sheet_cells":100000,"rows_first":2000,"rows_last":500,"rows_between":2000,"halvings":0,"cell_chars":16384,"cell_head_chars":4096},"cells_cut":0,"cells_raw":0,"read":"whole","date_system":"1900"}

{"sheet":"Input","index":0,"n_rows":39,"n_cols":6,"rows_kept":39,"cut":false,"hidden":false,"merged":[]}
[null,"Nome amministrazione (ad es: Comune di Milano) *",null,"Ad es., Comune di Milano"]
[]
[null,"Prodotto principale"]
[null,null,"PC portatile da"]
[null,null,"Quantitativo prodotti (>= 10)",null,null,"L'Amministrazione deve verificare che la versione del configuratore utilizzato è la stessa pubblicata su Acquistinrete PA. "]
[null,null,"Sostenibilità ambientale","Nessuna certificazione",null,"In presenza di versioni differenti deve essere necessariamente utilizzato il configuratore aggiornato pubblicato sul portale."]
[]
[null,"Configurazione prescelta",null,null,null,"Una volta compilati i campi, aprire lo sheet \"ODA\", stampare e firmare il documento da allegare all'ordine."]
[null,null,"CPU","Low"]
[null,null,"RAM (GB)",8]
[null,null,"SSD (GB)",256]
[null,null,"Display","HD",null,"--> Per PC 13'' è previsto solo display FHD"]
[null,null,"Sistema Operativo","Distribuzione Linux"]
[]
[null,"Specifiche secondarie"]
[null,null,"Espandibilità MINIMA della RAM [GB]",16]
[null,null,"Lettore biometrico integrato","No"]
[null,null,"Numero MINIMO di porte USB",1]
[null,null,"Tastiera retroilluminata","No"]
[null,null,"Numero MINIMO di monitor contemporaneamente supportati",0]
[null,null,"Lettore di micro-SD card integrato","No"]
[null,null,"Camera shutter","No"]
[]
[null,"Servizi opzionali"]
[null,null,"Estensione servizio di assistenza e manutenzione a 60 mesi","No"]
[null,null,"Integrazione con il servizio di Trouble Ticketing dell’Amministrazione","No"]
[]
[]
[null,"Prodotti opzionali"]
[null,null,"Docking station / port-replicator","No"]
[null,null,"Unità storage esterna da 2 TB","No"]
[null,null,"Unità DVD RW","No"]
[null,null,"Set tastiera e mouse wireless","No"]
[null,null,"Cuffie stereo e microfono","No"]
[null,null,"Zaino porta computer","No"]
[null,null,"Monitor multimediale","No"]
[]
[null,"Si desidera richiedere ulteriori selezioni di prodotto (ad es.: maggiore RAM, adattatore vivavoce, power bank, …),"]
[null,"attivando una seconda fase di rilancio competitivo?",null,"No"]

{"sheet":"OdA","index":1,"n_rows":26,"n_cols":6,"rows_kept":26,"cut":false,"hidden":true,"merged":[]}
[null,null,null,null,null,"versione 13"]
[null,null,"Nome amministrazione:",{"$f":"+Input!D1","v":"Ad es., Comune di Milano"}]
[]
[]
[null,null,"Fornitore aggiudicatario","Nome prodotto","Prezzo unitario","Importo complessivo ordine"]
[1,null,{"$f":"Prezzi!AO58","v":""},{"$f":"Prezzi!AP58","v":""},{"$f":"IF(Prezzi!AR58=0,\"\",Prezzi!AR58)","v":""},{"$f":"+E6*Input!D5","v":{"$error":"#VALUE!"}}]
[]
[null,null,"Riferimenti fornitore aggiudicatario"]
[null,null,{"$f":"+VLOOKUP($C$6,Contatti_Fornitori!$B:$E,2,FALSE)","v":{"$error":"#N/A"}}]
[null,null,{"$f":"+VLOOKUP($C$6,Contatti_Fornitori!$B:$E,3,FALSE)","v":{"$error":"#N/A"}}]
[]
[]
[]
[null,null,"Altri Fornitori NON aggiudicatari","Nome prodotto","Prezzo unitario"]
[null,null,{"$f":"Prezzi!AO59","v":""},{"$f":"Prezzi!AP59","v":""},{"$f":"IF(Prezzi!AR59=0,\"\",Prezzi!AR59)","v":""}]
[null,null,{"$f":"Prezzi!AO60","v":""},{"$f":"Prezzi!AP60","v":""},{"$f":"IF(Prezzi!AR60=0,\"\",Prezzi!AR60)","v":""}]
[null,null,{"$f":"Prezzi!AO61","v":""},{"$f":"Prezzi!AP61","v":""},{"$f":"IF(Prezzi!AR61=0,\"\",Prezzi!AR61)","v":""}]
[null,null,{"$f":"Prezzi!AO62","v":""},{"$f":"Prezzi!AP62","v":""},{"$f":"IF(Prezzi!AR62=0,\"\",Prezzi!AR62)","v":""}]
[null,null,{"$f":"Prezzi!AO63","v":""},{"$f":"Prezzi!AP63","v":""},{"$f":"IF(Prezzi!AR63=0,\"\",Prezzi!AR63)","v":""}]
[null,null,{"$f":"Prezzi!AO64","v":""},{"$f":"Prezzi!AP64","v":""},{"$f":"IF(Prezzi!AR64=0,\"\",Prezzi!AR64)","v":""}]
[null,null,{"$f":"Prezzi!AO65","v":""},{"$f":"Prezzi!AP65","v":""},{"$f":"IF(Prezzi!AR65=0,\"\",Prezzi!AR65)","v":""}]
[null,null,{"$f":"Prezzi!AO66","v":""},{"$f":"Prezzi!AP66","v":""},{"$f":"IF(Prezzi!AR66=0,\"\",Prezzi!AR66)","v":""}]
[null,null,{"$f":"Prezzi!AO67","v":""},{"$f":"Prezzi!AP67","v":""},{"$f":"IF(Prezzi!AR67=0,\"\",Prezzi!AR67)","v":""}]
[null,null,{"$f":"Prezzi!AO68","v":""},{"$f":"Prezzi!AP68","v":""},{"$f":"IF(Prezzi!AR68=0,\"\",Prezzi!AR68)","v":""}]
[null,null,{"$f":"Prezzi!AO69","v":""},{"$f":"Prezzi!AP69","v":""},{"$f":"IF(Prezzi!AR69=0,\"\",Prezzi!AR69)","v":""}]
[null,null,{"$f":"Prezzi!AO70","v":""},{"$f":"Prezzi!AP70","v":""},{"$f":"IF(Prezzi!AR70=0,\"\",Prezzi!AR70)","v":""}]

{"sheet":"AS","index":2,"n_rows":4,"n_cols":5,"rows_kept":4,"cut":false,"hidden":true,"merged":[]}
[null,null,null,null,"versione 13"]
[]
[]
[null,null,"Il presente configuratore è utilizzabile per quantitativi fino a 10.000 pc portatili. Per quanto riguarda gli AS si invita a seguire quanto riportato nell'apposita Guida."]

{"sheet":"Riepilogo_Spec_Tecniche","index":3,"n_rows":43,"n_cols":44,"rows_kept":43,"cut":false,"hidden":true,"merged":[]}
[null,null,null,null,null,null,null,null,null,null,null,null,null,null,null,null,null,null,null,null,null,null,null,null,null,null,null,null,null,null,null,null,{"$f":"IF(AG2=0,0,COUNTIF($AG$2:AG2,1))","v":0},{"$f":"IF(AH2=0,0,COUNTIF($AG$2:AH2,1))","v":0},{"$f":"IF(AI2=0,0,COUNTIF($AG$2:AI2,1))","v":0},{"$f":"IF(AJ2=0,0,COUNTIF($AG$2:AJ2,1))","v":0},{"$f":"IF(AK2=0,0,COUNTIF($AG$2:AK2,1))","v":0},{"$f":"IF(AL2=0,0,COUNTIF($AG$2:AL2,1))","v":0},{"$f":"IF(AM2=0,0,COUNTIF($AG$2:AM2,1))","v":0},{"$f":"IF(AN2=0,0,COUNTIF($AG$2:AN2,1))","v":0}]
[null,null,null,null,null,null,null,null,null,null,null,null,null,null,null,null,null,null,null,null,null,null,null,null,null,null,null,null,null,null,null,null,{"$f":"+IF(Input!D30=\"No\",0,1)","v":0},{"$f":"+IF(Input!D31=\"No\",0,1)","v":0},{"$f":"+IF(Input!D32=\"No\",0,1)","v":0},{"$f":"+IF(Input!D33=\"No\",0,1)","v":0},{"$f":"+IF(Input!D34=\"No\",0,1)","v":0},{"$f":"+IF(Input!D35=\"No\",0,1)","v":0},{"$f":"+IF(OR(Input!D36=Ana!I3,Input!D36=Ana!I5),1,0)","v":0},{"$f":"+IF(OR(Input!D36=Ana!I4,Input!D36=Ana!I6),1,0)","v":0}]
[null,null,null,null,null,null,null,null,null,null,null,null,null,null,null,null,null,null,null,null,null,null,null,null,null,null,null,null,null,{"$f":"\"c\"&IF(Input!D9=\"Low\",COLUMN(AD3),IF(Input!D9=\"Mid *\",COLUMN(AE3),COLUMN(AF3)))","v":"c30"},null,null,{"$f":"+COLUMN(AG1)","v":33},34,35,36,37,38,39,40,null,null,1,{"$f":"\"c\"&HLOOKUP(AQ3,$AG$1:$AN$3,3,FALSE)","v":{"$error":"#N/A"}}]
["Fornitore","Prodotto","Schermo","Processore","Espandibilità RAM [GB]","Lettore biometrico","N. porte USB","Tastiera retroillum.","N. monitor supportati","Lettore micro-SD card","Camera shutter",{"$f":"IFERROR(INDIRECT(\"r\"&ROW(L4)&$AR$3,FALSE),\"\")","v":""},{"$f":"IFERROR(INDIRECT(\"r\"&ROW(M4)&$AR$4,FALSE),\"\")","v":""},{"$f":"IFERROR(INDIRECT(\"r\"&ROW(N4)&$AR$5,FALSE),\"\")","v":""},{"$f":"IFERROR(INDIRECT(\"r\"&ROW(O4)&$AR$6,FALSE),\"\")","v":""},{"$f":"IFERROR(INDIRECT(\"r\"&ROW(P4)&$AR$7,FALSE),\"\")","v":""},{"$f":"IFERROR(INDIRECT(\"r\"&ROW(Q4)&$AR$8,FALSE),\"\")","v":""},{"$f":"IFERROR(INDIRECT(\"r\"&ROW(R4)&$AR$9,FALSE),\"\")","v":""},null,null,null,null,null,null,null,null,null,null,null,"Low","Mid *","High *","Docking station / Port replicator","Unità storage esterna da 2 TB","Unità esterna DVD RW","Set mouse e tastiera wireless","Cuffie stereo e microfono","Zaino porta computer","Monitor multimediale","Monitor multimediale",null,null,2,{"$f":"\"c\"&HLOOKUP(AQ4,$AG$1:$AN$3,3,FALSE)","v":{"$error":"#N/A"}}]
[null,null,null,null,null,null,null,null,null,null,null,null,null,null,null,null,null,null,null,null,null,null,null,null,null,null,null,null,null,null,null,null,null,null,null,null,null,null,null,null,null,null,3,{"$error":"#N/A"}]
["Bellucci S.p.A.","Acer TMP215-54",15,{"$f":"+INDIRECT(\"r\"&ROW(D6)&$AD$3,FALSE)","v":"Intel Core i3-1215U"},32,"Sì",4,"Sì",3,"Sì","Sì",{"$f":"IFERROR(INDIRECT(\"r\"&ROW(L6)&$AR$3,FALSE),\"\")","v":""},{"$f":"IFERROR(INDIRECT(\"r\"&ROW(M6)&$AR$4,FALSE),\"\")","v":""},{"$f":"IFERROR(INDIRECT(\"r\"&ROW(N6)&$AR$5,FALSE),\"\")","v":""},{"$f":"IFERROR(INDIRECT(\"r\"&ROW(O6)&$AR$6,FALSE),\"\")","v":""},{"$f":"IFERROR(INDIRECT(\"r\"&ROW(P6)&$AR$7,FALSE),\"\")","v":""},{"$f":"IFERROR(INDIRECT(\"r\"&ROW(Q6)&$AR$8,FALSE),\"\")","v":""},{"$f":"IFERROR(INDIRECT(\"r\"&ROW(R6)&$AR$9,FALSE),\"\")","v":""},null,null,null,null,null,null,null,null,null,null,{"$f":"INDIRECT(\"Prezzi!r46c\"&ROW(AC6)+38,FALSE)+INDIRECT(\"Prezzi!r47c\"&ROW(AC6)+38,FALSE)","v":1},"Intel Core i3-1215U","Intel Core i5-1235U","Intel Core i7-1255U","Sanxi Co. CK-0290D","Toshiba Canvio Basics","Shenzen Hengzhe Technology ECD002","Shenzen Phynoon Tech Q5000","Jabra Evolve 20 MS Stereo","Mobilis 111226","Acer CB242YEBMIRX","ACER CB272UEBMIIPRX",null,null,4,{"$error":"#N/A"}]
["Bellucci S.p.A.","HP Probook 440 G9",14,{"$f":"+INDIRECT(\"r\"&ROW(D7)&$AD$3,FALSE)","v":"Intel Core i3-1215U"},32,"Sì",4,"Sì",1,"No","Sì",{"$f":"IFERROR(INDIRECT(\"r\"&ROW(L7)&$AR$3,FALSE),\"\")","v":""},{"$f":"IFERROR(INDIRECT(\"r\"&ROW(M7)&$AR$4,FALSE),\"\")","v":""},{"$f":"IFERROR(INDIRECT(\"r\"&ROW(N7)&$AR$5,FALSE),\"\")","v":""},{"$f":"IFERROR(INDIRECT(\"r\"&ROW(O7)&$AR$6,FALSE),\"\")","v":""},{"$f":"IFERROR(INDIRECT(\"r\"&ROW(P7)&$AR$7,FALSE),\"\")","v":""},{"$f":"IFERROR(INDIRECT(\"r\"&ROW(Q7)&$AR$8,FALSE),\"\")","v":""},{"$f":"IFERROR(INDIRECT(\"r\"&ROW(R7)&$AR$9,FALSE),\"\")","v":""},null,null,null,null,null,null,null,null,null,null,{"$f":"INDIRECT(\"Prezzi!r46c\"&ROW(AC7)+38,FALSE)+INDIRECT(\"Prezzi!r47c\"&ROW(AC7)+38,FALSE)","v":0},"Intel Core i3-1215U","Intel Core i5-1235U","Intel Core i7-1255U","Sanxi Co. CK-0290D","Toshiba Canvio Basics","Shenzen Hengzhe Technology ECD002","Shenzen Phynoon Tech Q5000","Jabra Evolve 20 MS Stereo","Mobilis 111226","Acer CB242YEBMIRX","ACER CB272UEBMIIPRX",null,null,5,{"$error":"#N/A"}]
["Bellucci S.p.A.","HP EliteBook 630 G9",13,{"$f":"+INDIRECT(\"r\"&ROW(D8)&$AD$3,FALSE)","v":"Intel Core i3-1215U"},64,"Sì",3,"Sì",1,"No","Sì",{"$f":"IFERROR(INDIRECT(\"r\"&ROW(L8)&$AR$3,FALSE),\"\")","v":""},{"$f":"IFERROR(INDIRECT(\"r\"&ROW(M8)&$AR$4,FALSE),\"\")","v":""},{"$f":"IFERROR(INDIRECT(\"r\"&ROW(N8)&$AR$5,FALSE),\"\")","v":""},{"$f":"IFERROR(INDIRECT(\"r\"&ROW(O8)&$AR$6,FALSE),\"\")","v":""},{"$f":"IFERROR(INDIRECT(\"r\"&ROW(P8)&$AR$7,FALSE),\"\")","v":""},{"$f":"IFERROR(INDIRECT(\"r\"&ROW(Q8)&$AR$8,FALSE),\"\")","v":""},{"$f":"IFERROR(INDIRECT(\"r\"&ROW(R8)&$AR$9,FALSE),\"\")","v":""},null,null,null,null,null,null,null,null,null,null,{"$f":"INDIRECT(\"Prezzi!r46c\"&ROW(AC8)+38,FALSE)+INDIRECT(\"Prezzi!r47c\"&ROW(AC8)+38,FALSE)","v":0},"Intel Core i3-1215U","Intel Core i5-1235U","Intel Core i7-1255U","Sanxi Co. CK-0290D","Toshiba Canvio Basics","Shenzen Hengzhe Technology ECD002","Shenzen Phynoon Q5000","Jabra Evolve 20 MS Stereo","Mobilis 111226","Acer CB242YEBMIRX","Acer CB272UEBMIIPRX",null,null,6,{"$error":"#N/A"}]
["Bsistemi S.p.A.","Dell Latitude 5540",15,{"$f":"+INDIRECT(\"r\"&ROW(D9)&$AD$3,FALSE)","v":"Intel i3-1315U"},64,"Sì",4,"Sì",4,"Sì","Sì",{"$f":"IFERROR(INDIRECT(\"r\"&ROW(L9)&$AR$3,FALSE),\"\")","v":""},{"$f":"IFERROR(INDIRECT(\"r\"&ROW(M9)&$AR$4,FALSE),\"\")","v":""},{"$f":"IFERROR(INDIRECT(\"r\"&ROW(N9)&$AR$5,FALSE),\"\")","v":""},{"$f":"IFERROR(INDIRECT(\"r\"&ROW(O9)&$AR$6,FALSE),\"\")","v":""},{"$f":"IFERROR(INDIRECT(\"r\"&ROW(P9)&$AR$7,FALSE),\"\")","v":""},{"$f":"IFERROR(INDIRECT(\"r\"&ROW(Q9)&$AR$8,FALSE),\"\")","v":""},{"$f":"IFERROR(INDIRECT(\"r\"&ROW(R9)&$AR$9,FALSE),\"\")","v":""},null,null,null,null,null,null,null,null,null,null,{"$f":"INDIRECT(\"Prezzi!r46c\"&ROW(AC9)+38,FALSE)+INDIRECT(\"Prezzi!r47c\"&ROW(AC9)+38,FALSE)","v":1},"Intel i3-1315U","Intel i5-1335U","Intel i7-1355U","Dell DA310","Seagate STKM2000400","DELL DW316","DELL KM5221W","DELL WH3024","DELL CP5724S","DELL E2424HS","DELL P2723D",null,null,7,{"$error":"#N/A"}]
["Bsistemi S.p.A.","Dell Latitude 5540 (TCO)",15,{"$f":"+INDIRECT(\"r\"&ROW(D10)&$AD$3,FALSE)","v":"Intel i3-1315U"},64,"Sì",4,"Sì",4,"Sì","Sì",{"$f":"IFERROR(INDIRECT(\"r\"&ROW(L10)&$AR$3,FALSE),\"\")","v":""},{"$f":"IFERROR(INDIRECT(\"r\"&ROW(M10)&$AR$4,FALSE),\"\")","v":""},{"$f":"IFERROR(INDIRECT(\"r\"&ROW(N10)&$AR$5,FALSE),\"\")","v":""},{"$f":"IFERROR(INDIRECT(\"r\"&ROW(O10)&$AR$6,FALSE),\"\")","v":""},{"$f":"IFERROR(INDIRECT(\"r\"&ROW(P10)&$AR$7,FALSE),\"\")","v":""},{"$f":"IFERROR(INDIRECT(\"r\"&ROW(Q10)&$AR$8,FALSE),\"\")","v":""},{"$f":"IFERROR(INDIRECT(\"r\"&ROW(R10)&$AR$9,FALSE),\"\")","v":""},null,null,null,null,null,null,null,null,null,null,{"$f":"INDIRECT(\"Prezzi!r46c\"&ROW(AC10)+38,FALSE)+INDIRECT(\"Prezzi!r47c\"&ROW(AC10)+38,FALSE)","v":1},"Intel i3-1315U","Intel i5-1345U","Intel Core i7-1365U","Dell DA310","Seagate STKM2000400","DELL DW316","DELL KM5221W","DELL WH3024","DELL CP5724S","DELL E2424HS","DELL P2723D"]
["Bsistemi S.p.A.","Dell Latitude 5440",14,{"$f":"+INDIRECT(\"r\"&ROW(D11)&$AD$3,FALSE)","v":"Intel i3-1315U"},64,"Sì",4,"Sì",4,"No","Sì",{"$f":"IFERROR(INDIRECT(\"r\"&ROW(L11)&$AR$3,FALSE),\"\")","v":""},{"$f":"IFERROR(INDIRECT(\"r\"&ROW(M11)&$AR$4,FALSE),\"\")","v":""},{"$f":"IFERROR(INDIRECT(\"r\"&ROW(N11)&$AR$5,FALSE),\"\")","v":""},{"$f":"IFERROR(INDIRECT(\"r\"&ROW(O11)&$AR$6,FALSE),\"\")","v":""},{"$f":"IFERROR(INDIRECT(\"r\"&ROW(P11)&$AR$7,FALSE),\"\")","v":""},{"$f":"IFERROR(INDIRECT(\"r\"&ROW(Q11)&$AR$8,FALSE),\"\")","v":""},{"$f":"IFERROR(INDIRECT(\"r\"&ROW(R11)&$AR$9,FALSE),\"\")","v":""},null,null,null,null,null,null,null,null,null,null,{"$f":"INDIRECT(\"Prezzi!r46c\"&ROW(AC11)+38,FALSE)+INDIRECT(\"Prezzi!r47c\"&ROW(AC11)+38,FALSE)","v":1},"Intel i3-1315U","Intel i5-1335U","Intel i7-1355U","Dell DA310","Seagate STKM2000400","Dell DW316","DELL KM5221W","DELL WH3024","DELL CP5724S","DELL E2424HS","DELL P2723D"]
["Bsistemi S.p.A.","Dell Latitude 5440 (TCO)",14,{"$f":"+INDIRECT(\"r\"&ROW(D12)&$AD$3,FALSE)","v":"Intel i3-1315U"},64,"Sì",4,"Sì",4,"No","Sì",{"$f":"IFERROR(INDIRECT(\"r\"&ROW(L12)&$AR$3,FALSE),\"\")","v":""},{"$f":"IFERROR(INDIRECT(\"r\"&ROW(M12)&$AR$4,FALSE),\"\")","v":""},{"$f":"IFERROR(INDIRECT(\"r\"&ROW(N12)&$AR$5,FALSE),\"\")","v":""},{"$f":"IFERROR(INDIRECT(\"r\"&ROW(O12)&$AR$6,FALSE),\"\")","v":""},{"$f":"IFERROR(INDIRECT(\"r\"&ROW(P12)&$AR$7,FALSE),\"\")","v":""},{"$f":"IFERROR(INDIRECT(\"r\"&ROW(Q12)&$AR$8,FALSE),\"\")","v":""},{"$f":"IFERROR(INDIRECT(\"r\"&ROW(R12)&$AR$9,FALSE),\"\")","v":""},null,null,null,null,null,null,null,null,null,null,{"$f":"INDIRECT(\"Prezzi!r46c\"&ROW(AC12)+38,FALSE)+INDIRECT(\"Prezzi!r47c\"&ROW(AC12)+38,FALSE)","v":1},"Intel i3-1315U","Intel I5-1345U vPro®","Intel I7-1365U vPro®","Dell DA310","Seagate STKM2000400","DELL DW316","DELL KM5221W","DELL WH3024","DELL CP5724S","DELL E2424HS","DELL P2723D"]
["Bsistemi S.p.A.","Dell Latitude 5340",13,{"$f":"+INDIRECT(\"r\"&ROW(D13)&$AD$3,FALSE)","v":"Intel i3-1315U"},32,"Sì",4,"Sì",3,"No","Sì",{"$f":"IFERROR(INDIRECT(\"r\"&ROW(L13)&$AR$3,FALSE),\"\")","v":""},{"$f":"IFERROR(INDIRECT(\"r\"&ROW(M13)&$AR$4,FALSE),\"\")","v":""},{"$f":"IFERROR(INDIRECT(\"r\"&ROW(N13)&$AR$5,FALSE),\"\")","v":""},{"$f":"IFERROR(INDIRECT(\"r\"&ROW(O13)&$AR$6,FALSE),\"\")","v":""},{"$f":"IFERROR(INDIRECT(\"r\"&ROW(P13)&$AR$7,FALSE),\"\")","v":""},{"$f":"IFERROR(INDIRECT(\"r\"&ROW(Q13)&$AR$8,FALSE),\"\")","v":""},{"$f":"IFERROR(INDIRECT(\"r\"&ROW(R13)&$AR$9,FALSE),\"\")","v":""},null,null,null,null,null,null,null,null,null,null,{"$f":"INDIRECT(\"Prezzi!r46c\"&ROW(AC13)+38,FALSE)+INDIRECT(\"Prezzi!r47c\"&ROW(AC13)+38,FALSE)","v":1},"Intel i3-1315U","Intel i5-1335U","Intel i7-1365U","Dell DA310","Seagate STKM2000400","DELL DW316","DELL KM5221W","DELL WH3024","DELL CP5724S","DELL E2424HS","DELL P2723D"]
["Bsistemi S.p.A.","Dell Latitude 5340",13,{"$f":"+INDIRECT(\"r\"&ROW(D14)&$AD$3,FALSE)","v":"Intel I3-1315U"},32,"Sì",4,"Sì",3,"No","Sì",{"$f":"IFERROR(INDIRECT(\"r\"&ROW(L14)&$AR$3,FALSE),\"\")","v":""},{"$f":"IFERROR(INDIRECT(\"r\"&ROW(M14)&$AR$4,FALSE),\"\")","v":""},{"$f":"IFERROR(INDIRECT(\"r\"&ROW(N14)&$AR$5,FALSE),\"\")","v":""},{"$f":"IFERROR(INDIRECT(\"r\"&ROW(O14)&$AR$6,FALSE),\"\")","v":""},{"$f":"IFERROR(INDIRECT(\"r\"&ROW(P14)&$AR$7,FALSE),\"\")","v":""},{"$f":"IFERROR(INDIRECT(\"r\"&ROW(Q14)&$AR$8,FALSE),\"\")","v":""},{"$f":"IFERROR(INDIRECT(\"r\"&ROW(R14)&$AR$9,FALSE),\"\")","v":""},null,null,null,null,null,null,null,null,null,null,{"$f":"INDIRECT(\"Prezzi!r46c\"&ROW(AC14)+38,FALSE)+INDIRECT(\"Prezzi!r47c\"&ROW(AC14)+38,FALSE)","v":1},"Intel I3-1315U","Intel I5-1345U vPro®","Intel I7-1365U vPro®","Dell DA310","Seagate STKM2000400","DELL DW316","DELL KM5221W","DELL WH3024","DELL CP5724S","DELL E2424HS","DELL P2723D"]
["Converge S.r.l.","LENOVO ThinkBook 15 G4 ABA",15,{"$f":"+INDIRECT(\"r\"&ROW(D15)&$AD$3,FALSE)","v":"AMD Ryzen 3 5425U"},40,"Sì",4,"Sì",3,"Sì","Sì",{"$f":"IFERROR(INDIRECT(\"r\"&ROW(L15)&$AR$3,FALSE),\"\")","v":""},{"$f":"IFERROR(INDIRECT(\"r\"&ROW(M15)&$AR$4,FALSE),\"\")","v":""},{"$f":"IFERROR(INDIRECT(\"r\"&ROW(N15)&$AR$5,FALSE),\"\")","v":""},{"$f":"IFERROR(INDIRECT(\"r\"&ROW(O15)&$AR$6,FALSE),\"\")","v":""},{"$f":"IFERROR(INDIRECT(\"r\"&ROW(P15)&$AR$7,FALSE),\"\")","v":""},{"$f":"IFERROR(INDIRECT(\"r\"&ROW(Q15)&$AR$8,FALSE),\"\")","v":""},{"$f":"IFERROR(INDIRECT(\"r\"&ROW(R15)&$AR$9,FALSE),\"\")","v":""},null,null,null,null,null,null,null,null,null,null,{"$f":"INDIRECT(\"Prezzi!r46c\"&ROW(AC15)+38,FALSE)+INDIRECT(\"Prezzi!r47c\"&ROW(AC15)+38,FALSE)","v":0},"AMD Ryzen 3 5425U","AMD Ryzen 5 5625U","AMD Ryzen 7 5825U","LENOVO USB-C Mini Dock","Toshiba Canvio Basics","CABLE TECHNOLOGIES MASTCD","LENOVO KB MICE_BO Mouse & KBD Combo-Italy","JABRA Evolve 20 Stereo MS","LENOVO Laptop Everyday Backpack B510","LENOVO ThinkVision E24-30","PHILIPS 275S9JML"]
["Converge S.r.l.","LENOVO ThinkBook 15 G4 ABA",15,{"$f":"+INDIRECT(\"r\"&ROW(D16)&$AD$3,FALSE)","v":"AMD Ryzen 3 5425U"},40,"Sì",4,"Sì",3,"Sì","Sì",{"$f":"IFERROR(INDIRECT(\"r\"&ROW(L16)&$AR$3,FALSE),\"\")","v":""},{"$f":"IFERROR(INDIRECT(\"r\"&ROW(M16)&$AR$4,FALSE),\"\")","v":""},{"$f":"IFERROR(INDIRECT(\"r\"&ROW(N16)&$AR$5,FALSE),\"\")","v":""},{"$f":"IFERROR(INDIRECT(\"r\"&ROW(O16)&$AR$6,FALSE),\"\")","v":""},{"$f":"IFERROR(INDIRECT(\"r\"&ROW(P16)&$AR$7,FALSE),\"\")","v":""},{"$f":"IFERROR(INDIRECT(\"r\"&ROW(Q16)&$AR$8,FALSE),\"\")","v":""},{"$f":"IFERROR(INDIRECT(\"r\"&ROW(R16)&$AR$9,FALSE),\"\")","v":""},null,null,null,null,null,null,null,null,null,null,{"$f":"INDIRECT(\"Prezzi!r46c\"&ROW(AC16)+38,FALSE)+INDIRECT(\"Prezzi!r47c\"&ROW(AC16)+38,FALSE)","v":0},"AMD Ryzen 3 5425U","AMD Ryzen 5 5625U","AMD Ryzen 7 5825U","LENOVO USB-C Mini Dock","Toshiba Canvio Basics","CABLE TECHNOLOGIES MASTCD","LENOVO KB MICE_BO Mouse & KBD Combo-Italy","JABRA Evolve 20 Stereo MS","LENOVO Laptop Everyday Backpack B510","LENOVO ThinkVision E24-30","LENOVO ThinkVision P27q-30"]
["Converge S.r.l.","LENOVO ThinkBook 14 G6 ABP",14,{"$f":"+INDIRECT(\"r\"&ROW(D17)&$AD$3,FALSE)","v":"AMD Ryzen 3 7330U"},64,"Sì",4,"Sì",4,"Sì","Sì",{"$f":"IFERROR(INDIRECT(\"r\"&ROW(L17)&$AR$3,FALSE),\"\")","v":""},{"$f":"IFERROR(INDIRECT(\"r\"&ROW(M17)&$AR$4,FALSE),\"\")","v":""},{"$f":"IFERROR(INDIRECT(\"r\"&ROW(N17)&$AR$5,FALSE),\"\")","v":""},{"$f":"IFERROR(INDIRECT(\"r\"&ROW(O17)&$AR$6,FALSE),\"\")","v":""},{"$f":"IFERROR(INDIRECT(\"r\"&ROW(P17)&$AR$7,FALSE),\"\")","v":""},{"$f":"IFERROR(INDIRECT(\"r\"&ROW(Q17)&$AR$8,FALSE),\"\")","v":""},{"$f":"IFERROR(INDIRECT(\"r\"&ROW(R17)&$AR$9,FALSE),\"\")","v":""},null,null,null,null,null,null,null,null,null,null,{"$f":"INDIRECT(\"Prezzi!r46c\"&ROW(AC17)+38,FALSE)+INDIRECT(\"Prezzi!r47c\"&ROW(AC17)+38,FALSE)","v":1},"AMD Ryzen 3 7330U","AMD Ryzen 5 7530U","AMD Ryzen 7 7730U","LENOVO USB-C Mini Dock","Toshiba Canvio Basics","CABLE TECHNOLOGIES MASTCD","LENOVO KB MICE_BO Mouse & KBD Combo-Italy","JABRA Evolve 20 Stereo MS","LENOVO Laptop Everyday Backpack B510","LENOVO ThinkVision E24-30","PHILIPS 275S9JML"]
["Converge S.r.l.","LENOVO ThinkBook 14 G6 ABP",14,{"$f":"+INDIRECT(\"r\"&ROW(D18)&$AD$3,FALSE)","v":"AMD Ryzen 3 7330U"},64,"Sì",4,"Sì",4,"Sì","Sì",{"$f":"IFERROR(INDIRECT(\"r\"&ROW(L18)&$AR$3,FALSE),\"\")","v":""},{"$f":"IFERROR(INDIRECT(\"r\"&ROW(M18)&$AR$4,FALSE),\"\")","v":""},{"$f":"IFERROR(INDIRECT(\"r\"&ROW(N18)&$AR$5,FALSE),\"\")","v":""},{"$f":"IFERROR(INDIRECT(\"r\"&ROW(O18)&$AR$6,FALSE),\"\")","v":""},{"$f":"IFERROR(INDIRECT(\"r\"&ROW(P18)&$AR$7,FALSE),\"\")","v":""},{"$f":"IFERROR(INDIRECT(\"r\"&ROW(Q18)&$AR$8,FALSE),\"\")","v":""},{"$f":"IFERROR(INDIRECT(\"r\"&ROW(R18)&$AR$9,FALSE),\"\")","v":""},null,null,null,null,null,null,null,null,null,null,{"$f":"INDIRECT(\"Prezzi!r46c\"&ROW(AC18)+38,FALSE)+INDIRECT(\"Prezzi!r47c\"&ROW(AC18)+38,FALSE)","v":1},"AMD Ryzen 3 7330U","AMD Ryzen 5 7530U","AMD Ryzen 7 7730U","LENOVO USB-C Mini Dock","Toshiba Canvio Basics","CABLE TECHNOLOGIES MASTCD","LENOVO KB MICE_BO Mouse & KBD Combo-Italy","JABRA Evolve 20 Stereo MS","LENOVO Laptop Everyday Backpack B510","LENOVO ThinkVision E24-30","LENOVO ThinkVision P27q-30"]
["Converge S.r.l.","LENOVO ThinkPad L13 Gen 4 (AMD)",13,{"$f":"+INDIRECT(\"r\"&ROW(D19)&$AD$3,FALSE)","v":"AMD Ryzen 3 7330U"},32,"Sì",4,"Sì",4,"No","Si",{"$f":"IFERROR(INDIRECT(\"r\"&ROW(L19)&$AR$3,FALSE),\"\")","v":""},{"$f":"IFERROR(INDIRECT(\"r\"&ROW(M19)&$AR$4,FALSE),\"\")","v":""},{"$f":"IFERROR(INDIRECT(\"r\"&ROW(N19)&$AR$5,FALSE),\"\")","v":""},{"$f":"IFERROR(INDIRECT(\"r\"&ROW(O19)&$AR$6,FALSE),\"\")","v":""},{"$f":"IFERROR(INDIRECT(\"r\"&ROW(P19)&$AR$7,FALSE),\"\")","v":""},{"$f":"IFERROR(INDIRECT(\"r\"&ROW(Q19)&$AR$8,FALSE),\"\")","v":""},{"$f":"IFERROR(INDIRECT(\"r\"&ROW(R19)&$AR$9,FALSE),\"\")","v":""},null,null,null,null,null,null,null,null,null,null,{"$f":"INDIRECT(\"Prezzi!r46c\"&ROW(AC19)+38,FALSE)+INDIRECT(\"Prezzi!r47c\"&ROW(AC19)+38,FALSE)","v":1},"AMD Ryzen 3 7330U","AMD Ryzen 5 PRO 7530U","AMD Ryzen 7 PRO 7730U","LENOVO USB-C Mini Dock","Toshiba Canvio Basics","CABLE TECHNOLOGIES MASTCD","LENOVO KB MICE_BO Mouse & KBD Combo-Italy","JABRA Evolve 20 Stereo MS","LENOVO Laptop Everyday Backpack B510","LENOVO ThinkVision E24-30","PHILIPS 275S9JML"]
["Converge S.r.l.","LENOVO ThinkPad L13 Gen 4 (AMD)",13,{"$f":"+INDIRECT(\"r\"&ROW(D20)&$AD$3,FALSE)","v":"AMD Ryzen 3 7330U"},32,"Sì",4,"Sì",4,"No","Si",{"$f":"IFERROR(INDIRECT(\"r\"&ROW(L20)&$AR$3,FALSE),\"\")","v":""},{"$f":"IFERROR(INDIRECT(\"r\"&ROW(M20)&$AR$4,FALSE),\"\")","v":""},{"$f":"IFERROR(INDIRECT(\"r\"&ROW(N20)&$AR$5,FALSE),\"\")","v":""},{"$f":"IFERROR(INDIRECT(\"r\"&ROW(O20)&$AR$6,FALSE),\"\")","v":""},{"$f":"IFERROR(INDIRECT(\"r\"&ROW(P20)&$AR$7,FALSE),\"\")","v":""},{"$f":"IFERROR(INDIRECT(\"r\"&ROW(Q20)&$AR$8,FALSE),\"\")","v":""},{"$f":"IFERROR(INDIRECT(\"r\"&ROW(R20)&$AR$9,FALSE),\"\")","v":""},null,null,null,null,null,null,null,null,null,null,{"$f":"INDIRECT(\"Prezzi!r46c\"&ROW(AC20)+38,FALSE)+INDIRECT(\"Prezzi!r47c\"&ROW(AC20)+38,FALSE)","v":1},"AMD Ryzen 3 7330U","AMD Ryzen 5 PRO 7530U","AMD Ryzen 7 PRO 7730U","LENOVO USB-C Mini Dock","Toshiba Canvio Basics","CABLE TECHNOLOGIES MASTCD","LENOVO KB MICE_BO Mouse & KBD Combo-Italy","JABRA Evolve 20 Stereo MS","LENOVO Laptop Everyday Backpack B510","LENOVO ThinkVision E24-30","LENOVO ThinkVision P27q-30"]
["Eurome S.r.l.","Dell Latitude 5540",15,{"$f":"+INDIRECT(\"r\"&ROW(D21)&$AD$3,FALSE)","v":"Intel i3-1315U"},64,"Sì",4,"Sì",4,"Sì","Sì",{"$f":"IFERROR(INDIRECT(\"r\"&ROW(L21)&$AR$3,FALSE),\"\")","v":""},{"$f":"IFERROR(INDIRECT(\"r\"&ROW(M21)&$AR$4,FALSE),\"\")","v":""},{"$f":"IFERROR(INDIRECT(\"r\"&ROW(N21)&$AR$5,FALSE),\"\")","v":""},{"$f":"IFERROR(INDIRECT(\"r\"&ROW(O21)&$AR$6,FALSE),\"\")","v":""},{"$f":"IFERROR(INDIRECT(\"r\"&ROW(P21)&$AR$7,FALSE),\"\")","v":""},{"$f":"IFERROR(INDIRECT(\"r\"&ROW(Q21)&$AR$8,FALSE),\"\")","v":""},{"$f":"IFERROR(INDIRECT(\"r\"&ROW(R21)&$AR$9,FALSE),\"\")","v":""},null,null,null,null,null,null,null,null,null,null,{"$f":"INDIRECT(\"Prezzi!r46c\"&ROW(AC21)+38,FALSE)+INDIRECT(\"Prezzi!r47c\"&ROW(AC21)+38,FALSE)","v":1},"Intel i3-1315U","Intel i5-1335U","Intel i7-1355U","DELL DA310","Seagate STKM2000400","DELL DW316","DELL KM5221W","DELL WH3024","DELL CP3724","ACER CB242Y","AOC Q27E3UMF"]
["Eurome S.r.l.","Dell Latitude 5540 (TCO)",15,{"$f":"+INDIRECT(\"r\"&ROW(D22)&$AD$3,FALSE)","v":"Intel i3-1315U"},64,"Sì",4,"Sì",4,"Sì","Sì",{"$f":"IFERROR(INDIRECT(\"r\"&ROW(L22)&$AR$3,FALSE),\"\")","v":""},{"$f":"IFERROR(INDIRECT(\"r\"&ROW(M22)&$AR$4,FALSE),\"\")","v":""},{"$f":"IFERROR(INDIRECT(\"r\"&ROW(N22)&$AR$5,FALSE),\"\")","v":""},{"$f":"IFERROR(INDIRECT(\"r\"&ROW(O22)&$AR$6,FALSE),\"\")","v":""},{"$f":"IFERROR(INDIRECT(\"r\"&ROW(P22)&$AR$7,FALSE),\"\")","v":""},{"$f":"IFERROR(INDIRECT(\"r\"&ROW(Q22)&$AR$8,FALSE),\"\")","v":""},{"$f":"IFERROR(INDIRECT(\"r\"&ROW(R22)&$AR$9,FALSE),\"\")","v":""},null,null,null,null,null,null,null,null,null,null,{"$f":"INDIRECT(\"Prezzi!r46c\"&ROW(AC22)+38,FALSE)+INDIRECT(\"Prezzi!r47c\"&ROW(AC22)+38,FALSE)","v":1},"Intel i3-1315U","Intel i5-1335U","Intel i7-1355U","DELL DA310","Seagate STKM2000400","DELL DW316","DELL KM5221W","DELL WH3024","DELL CP3724","ACER CB242Y","AOC Q27E3UMF"]
["Eurome S.r.l.","Dell Latitude 5440",14,{"$f":"+INDIRECT(\"r\"&ROW(D23)&$AD$3,FALSE)","v":"Intel i3-1315U"},64,"Sì",4,"Sì",4,"No","Sì",{"$f":"IFERROR(INDIRECT(\"r\"&ROW(L23)&$AR$3,FALSE),\"\")","v":""},{"$f":"IFERROR(INDIRECT(\"r\"&ROW(M23)&$AR$4,FALSE),\"\")","v":""},{"$f":"IFERROR(INDIRECT(\"r\"&ROW(N23)&$AR$5,FALSE),\"\")","v":""},{"$f":"IFERROR(INDIRECT(\"r\"&ROW(O23)&$AR$6,FALSE),\"\")","v":""},{"$f":"IFERROR(INDIRECT(\"r\"&ROW(P23)&$AR$7,FALSE),\"\")","v":""},{"$f":"IFERROR(INDIRECT(\"r\"&ROW(Q23)&$AR$8,FALSE),\"\")","v":""},{"$f":"IFERROR(INDIRECT(\"r\"&ROW(R23)&$AR$9,FALSE),\"\")","v":""},null,null,null,null,null,null,null,null,null,null,{"$f":"INDIRECT(\"Prezzi!r46c\"&ROW(AC23)+38,FALSE)+INDIRECT(\"Prezzi!r47c\"&ROW(AC23)+38,FALSE)","v":1},"Intel i3-1315U","Intel i5-1335U","Intel i7-1355U","DELL DA310","Seagate STKM2000400","Dell DW316","DELL KM5221W","DELL WH3024","DELL CP3724","ACER CB242Y","AOC Q27E3UMF"]
["Eurome S.r.l.","Dell Latitude 5440 (TCO)",14,{"$f":"+INDIRECT(\"r\"&ROW(D24)&$AD$3,FALSE)","v":"Intel i3-1315U"},64,"Sì",4,"Sì",4,"No","Sì",{"$f":"IFERROR(INDIRECT(\"r\"&ROW(L24)&$AR$3,FALSE),\"\")","v":""},{"$f":"IFERROR(INDIRECT(\"r\"&ROW(M24)&$AR$4,FALSE),\"\")","v":""},{"$f":"IFERROR(INDIRECT(\"r\"&ROW(N24)&$AR$5,FALSE),\"\")","v":""},{"$f":"IFERROR(INDIRECT(\"r\"&ROW(O24)&$AR$6,FALSE),\"\")","v":""},{"$f":"IFERROR(INDIRECT(\"r\"&ROW(P24)&$AR$7,FALSE),\"\")","v":""},{"$f":"IFERROR(INDIRECT(\"r\"&ROW(Q24)&$AR$8,FALSE),\"\")","v":""},{"$f":"IFERROR(INDIRECT(\"r\"&ROW(R24)&$AR$9,FALSE),\"\")","v":""},null,null,null,null,null,null,null,null,null,null,{"$f":"INDIRECT(\"Prezzi!r46c\"&ROW(AC24)+38,FALSE)+INDIRECT(\"Prezzi!r47c\"&ROW(AC24)+38,FALSE)","v":1},"Intel i3-1315U","Intel i5-1335U","Intel i7-1355U","DELL DA310","Seagate STKM2000400","Dell DW316","DELL KM5221W","DELL WH3024","DELL CP3724","ACER CB242Y","AOC Q27E3UMF"]
["Eurome S.r.l.","Dell Latitude 5340",13,{"$f":"+INDIRECT(\"r\"&ROW(D25)&$AD$3,FALSE)","v":"Intel I3-1315U"},32,"Sì",4,"Sì",3,"No","Sì",{"$f":"IFERROR(INDIRECT(\"r\"&ROW(L25)&$AR$3,FALSE),\"\")","v":""},{"$f":"IFERROR(INDIRECT(\"r\"&ROW(M25)&$AR$4,FALSE),\"\")","v":""},{"$f":"IFERROR(INDIRECT(\"r\"&ROW(N25)&$AR$5,FALSE),\"\")","v":""},{"$f":"IFERROR(INDIRECT(\"r\"&ROW(O25)&$AR$6,FALSE),\"\")","v":""},{"$f":"IFERROR(INDIRECT(\"r\"&ROW(P25)&$AR$7,FALSE),\"\")","v":""},{"$f":"IFERROR(INDIRECT(\"r\"&ROW(Q25)&$AR$8,FALSE),\"\")","v":""},{"$f":"IFERROR(INDIRECT(\"r\"&ROW(R25)&$AR$9,FALSE),\"\")","v":""},null,null,null,null,null,null,null,null,null,null,{"$f":"INDIRECT(\"Prezzi!r46c\"&ROW(AC25)+38,FALSE)+INDIRECT(\"Prezzi!r47c\"&ROW(AC25)+38,FALSE)","v":1},"Intel I3-1315U","Intel I5-1335U","Intel I7-1365U","DELL DA310","Seagate STKM2000400","Dell DW316","DELL KM5221W","DELL WH3024","DELL CP3724","ACER CB242Y","AOC Q27E3UMF"]
["Eurome S.r.l.","Dell Latitude 5340 (TCO)",13,{"$f":"+INDIRECT(\"r\"&ROW(D26)&$AD$3,FALSE)","v":"Intel I3-1315U"},32,"Sì",4,"Sì",3,"No","Sì",{"$f":"IFERROR(INDIRECT(\"r\"&ROW(L26)&$AR$3,FALSE),\"\")","v":""},{"$f":"IFERROR(INDIRECT(\"r\"&ROW(M26)&$AR$4,FALSE),\"\")","v":""},{"$f":"IFERROR(INDIRECT(\"r\"&ROW(N26)&$AR$5,FALSE),\"\")","v":""},{"$f":"IFERROR(INDIRECT(\"r\"&ROW(O26)&$AR$6,FALSE),\"\")","v":""},{"$f":"IFERROR(INDIRECT(\"r\"&ROW(P26)&$AR$7,FALSE),\"\")","v":""},{"$f":"IFERROR(INDIRECT(\"r\"&ROW(Q26)&$AR$8,FALSE),\"\")","v":""},{"$f":"IFERROR(INDIRECT(\"r\"&ROW(R26)&$AR$9,FALSE),\"\")","v":""},null,null,null,null,null,null,null,null,null,null,{"$f":"INDIRECT(\"Prezzi!r46c\"&ROW(AC26)+38,FALSE)+INDIRECT(\"Prezzi!r47c\"&ROW(AC26)+38,FALSE)","v":1},"Intel I3-1315U","Intel I5-1335U","Intel I7-1365U","DELL DA310","Seagate STKM2000400","Dell DW316","DELL KM5221W","DELL WH3024","DELL CP3724","ACER CB242Y","AOC Q27E3UMF"]
["Finbuc S.r.l.","SICOMPUTER NAUTA C1502",15,{"$f":"+INDIRECT(\"r\"&ROW(D27)&$AD$3,FALSE)","v":"Intel Core i3-1115G4"},32,"No",4,"Sì",2,"Sì","Sì",{"$f":"IFERROR(INDIRECT(\"r\"&ROW(L27)&$AR$3,FALSE),\"\")","v":""},{"$f":"IFERROR(INDIRECT(\"r\"&ROW(M27)&$AR$4,FALSE),\"\")","v":""},{"$f":"IFERROR(INDIRECT(\"r\"&ROW(N27)&$AR$5,FALSE),\"\")","v":""},{"$f":"IFERROR(INDIRECT(\"r\"&ROW(O27)&$AR$6,FALSE),\"\")","v":""},{"$f":"IFERROR(INDIRECT(\"r\"&ROW(P27)&$AR$7,FALSE),\"\")","v":""},{"$f":"IFERROR(INDIRECT(\"r\"&ROW(Q27)&$AR$8,FALSE),\"\")","v":""},{"$f":"IFERROR(INDIRECT(\"r\"&ROW(R27)&$AR$9,FALSE),\"\")","v":""},null,null,null,null,null,null,null,null,null,null,{"$f":"INDIRECT(\"Prezzi!r46c\"&ROW(AC27)+38,FALSE)+INDIRECT(\"Prezzi!r47c\"&ROW(AC27)+38,FALSE)","v":1},"Intel Core i3-1115G4","Intel Core i5-1135G7","Intel Core i7-1165G7","SICOMPUTER AC-SI-NANODOCKVGAPD","TOSHIBA HDTB420EK3AA ","SICOMPUTER INT8DVDE3","SICOMPUTER KB-SI-0011B","LOGITECH H570E","Targus Classic CN600","Philips 243S7EHMB/00","Philips 275S1AE/00"]
["Finbuc S.r.l.","SICOMPUTER NAUTA C1402",14,{"$f":"+INDIRECT(\"r\"&ROW(D28)&$AD$3,FALSE)","v":"Intel Core i3-1115G4"},32,"Sì",3,"Sì",2,"Sì","Sì",{"$f":"IFERROR(INDIRECT(\"r\"&ROW(L28)&$AR$3,FALSE),\"\")","v":""},{"$f":"IFERROR(INDIRECT(\"r\"&ROW(M28)&$AR$4,FALSE),\"\")","v":""},{"$f":"IFERROR(INDIRECT(\"r\"&ROW(N28)&$AR$5,FALSE),\"\")","v":""},{"$f":"IFERROR(INDIRECT(\"r\"&ROW(O28)&$AR$6,FALSE),\"\")","v":""},{"$f":"IFERROR(INDIRECT(\"r\"&ROW(P28)&$AR$7,FALSE),\"\")","v":""},{"$f":"IFERROR(INDIRECT(\"r\"&ROW(Q28)&$AR$8,FALSE),\"\")","v":""},{"$f":"IFERROR(INDIRECT(\"r\"&ROW(R28)&$AR$9,FALSE),\"\")","v":""},null,null,null,null,null,null,null,null,null,null,{"$f":"INDIRECT(\"Prezzi!r46c\"&ROW(AC28)+38,FALSE)+INDIRECT(\"Prezzi!r47c\"&ROW(AC28)+38,FALSE)","v":1},"Intel Core i3-1115G4","Intel Core i5-1135G7","Intel Core i7-1165G7","SICOMPUTER AC-SI-NANODOCKVGAPD","TOSHIBA HDTB420EK3AA ","SICOMPUTER INT8DVDE3","SICOMPUTER KB-SI-0011B","LOGITECH H570E","Targus Classic CN600","Philips 243S7EHMB/00","Philips 275S1AE/00"]
["RTI IM Direct & Partner","Lenovo ThinkPad L15 Gen 4 (AMD)",15,{"$f":"+INDIRECT(\"r\"&ROW(D29)&$AD$3,FALSE)","v":"AMD Ryzen 3 PRO 7330U"},32,"Sì",4,"Sì",2,"Sì","Sì",{"$f":"IFERROR(INDIRECT(\"r\"&ROW(L29)&$AR$3,FALSE),\"\")","v":""},{"$f":"IFERROR(INDIRECT(\"r\"&ROW(M29)&$AR$4,FALSE),\"\")","v":""},{"$f":"IFERROR(INDIRECT(\"r\"&ROW(N29)&$AR$5,FALSE),\"\")","v":""},{"$f":"IFERROR(INDIRECT(\"r\"&ROW(O29)&$AR$6,FALSE),\"\")","v":""},{"$f":"IFERROR(INDIRECT(\"r\"&ROW(P29)&$AR$7,FALSE),\"\")","v":""},{"$f":"IFERROR(INDIRECT(\"r\"&ROW(Q29)&$AR$8,FALSE),\"\")","v":""},{"$f":"IFERROR(INDIRECT(\"r\"&ROW(R29)&$AR$9,FALSE),\"\")","v":""},null,null,null,null,null,null,null,null,null,null,{"$f":"INDIRECT(\"Prezzi!r46c\"&ROW(AC29)+38,FALSE)+INDIRECT(\"Prezzi!r47c\"&ROW(AC29)+38,FALSE)","v":1},"AMD Ryzen 3 PRO 7330U","AMD Ryzen 5 PRO 7530U","AMD Ryzen 7 PRO 7730U","Lenovo USB-C Dual Display Travel Dock","Western Digital -My Passport Portable Storage","V7 -ECD012-DW","Lenovo, Kit mouse e tastiera wireless professionale","Epos Sennheiser -Impact SC 60 USB ML","V7 -Zaino Essential","Lenovo ThinkVision E24-30","Lenovo ThinkVision P27Q-30"]
["RTI IM Direct & Partner","Lenovo ThinkBook 14\" Gen 6 ABP",14,{"$f":"+INDIRECT(\"r\"&ROW(D30)&$AD$3,FALSE)","v":"AMD Ryzen 3 7330U"},64,"Sì",4,"Sì",2,"Sì","Sì",{"$f":"IFERROR(INDIRECT(\"r\"&ROW(L30)&$AR$3,FALSE),\"\")","v":""},{"$f":"IFERROR(INDIRECT(\"r\"&ROW(M30)&$AR$4,FALSE),\"\")","v":""},{"$f":"IFERROR(INDIRECT(\"r\"&ROW(N30)&$AR$5,FALSE),\"\")","v":""},{"$f":"IFERROR(INDIRECT(\"r\"&ROW(O30)&$AR$6,FALSE),\"\")","v":""},{"$f":"IFERROR(INDIRECT(\"r\"&ROW(P30)&$AR$7,FALSE),\"\")","v":""},{"$f":"IFERROR(INDIRECT(\"r\"&ROW(Q30)&$AR$8,FALSE),\"\")","v":""},{"$f":"IFERROR(INDIRECT(\"r\"&ROW(R30)&$AR$9,FALSE),\"\")","v":""},null,null,null,null,null,null,null,null,null,null,{"$f":"INDIRECT(\"Prezzi!r46c\"&ROW(AC30)+38,FALSE)+INDIRECT(\"Prezzi!r47c\"&ROW(AC30)+38,FALSE)","v":1},"AMD Ryzen 3 7330U","AMD Ryzen 7530U","AMD Ryzen 7730U","Lenovo USB-C Dual Display Travel Dock","Western Digital -My Passport Portable Storage","V7 -ECD012-DW","Lenovo, Kit mouse e tastiera wireless professionale","Epos Sennheiser -Impact SC 60 USB ML","V7 -Zaino Essential","Lenovo ThinkVision E24-30","Lenovo ThinkVision P27Q-30"]
["RTI IM Direct & Partner","LENOVO ThinkPad L13 Gen 4 (AMD)",13,{"$f":"+INDIRECT(\"r\"&ROW(D31)&$AD$3,FALSE)","v":"AMD Ryzen 3 7330U"},32,"Sì",4,"Sì",2,"No","Sì",{"$f":"IFERROR(INDIRECT(\"r\"&ROW(L31)&$AR$3,FALSE),\"\")","v":""},{"$f":"IFERROR(INDIRECT(\"r\"&ROW(M31)&$AR$4,FALSE),\"\")","v":""},{"$f":"IFERROR(INDIRECT(\"r\"&ROW(N31)&$AR$5,FALSE),\"\")","v":""},{"$f":"IFERROR(INDIRECT(\"r\"&ROW(O31)&$AR$6,FALSE),\"\")","v":""},{"$f":"IFERROR(INDIRECT(\"r\"&ROW(P31)&$AR$7,FALSE),\"\")","v":""},{"$f":"IFERROR(INDIRECT(\"r\"&ROW(Q31)&$AR$8,FALSE),\"\")","v":""},{"$f":"IFERROR(INDIRECT(\"r\"&ROW(R31)&$AR$9,FALSE),\"\")","v":""},null,null,null,null,null,null,null,null,null,null,{"$f":"INDIRECT(\"Prezzi!r46c\"&ROW(AC31)+38,FALSE)+INDIRECT(\"Prezzi!r47c\"&ROW(AC31)+38,FALSE)","v":1},"AMD Ryzen 3 7330U","AMD Ryzen 5 PRO 7530U","AMD Ryzen 7 PRO 7730U","Lenovo USB-C Dual Display Travel Dock","Western Digital -My Passport Portable Storage","V7 -ECD012-DW","Lenovo, Kit mouse e tastiera wireless professionale","Epos Sennheiser -Impact SC 60 USB ML","V7 -Zaino Essential","Lenovo ThinkVision E24-30","Lenovo ThinkVision P27Q-30"]
["Infordata S.p.A.","HP PROBOOK 455  G10",15,{"$f":"+INDIRECT(\"r\"&ROW(D32)&$AD$3,FALSE)","v":"AMD Ryzen 3 7330u"},32,"Sì",4,"Sì",2,"No","Sì",{"$f":"IFERROR(INDIRECT(\"r\"&ROW(L32)&$AR$3,FALSE),\"\")","v":""},{"$f":"IFERROR(INDIRECT(\"r\"&ROW(M32)&$AR$4,FALSE),\"\")","v":""},{"$f":"IFERROR(INDIRECT(\"r\"&ROW(N32)&$AR$5,FALSE),\"\")","v":""},{"$f":"IFERROR(INDIRECT(\"r\"&ROW(O32)&$AR$6,FALSE),\"\")","v":""},{"$f":"IFERROR(INDIRECT(\"r\"&ROW(P32)&$AR$7,FALSE),\"\")","v":""},{"$f":"IFERROR(INDIRECT(\"r\"&ROW(Q32)&$AR$8,FALSE),\"\")","v":""},{"$f":"IFERROR(INDIRECT(\"r\"&ROW(R32)&$AR$9,FALSE),\"\")","v":""},null,null,null,null,null,null,null,null,null,null,{"$f":"INDIRECT(\"Prezzi!r46c\"&ROW(AC32)+38,FALSE)+INDIRECT(\"Prezzi!r47c\"&ROW(AC32)+38,FALSE)","v":1},"AMD Ryzen 3 7330u","AMD Ryzen 5 7530u","AMD Ryzen 7 7730u","DOCKING STATION HP USB-C DOCK G5","TOSHIBA CANVIO BASICS","Shenzhen Hengzhe Technology Co., Ltd - ECD002","Shenzhen Phynoon Tech Co., Ltd - Q5000","PLANTRONICS BLACKWIRE C3220 USB-A","MOBILIS BACKPACK 111226","LG 24BN55YP","LG 27BN65QP"]
["Infordata S.p.A.","HP PROBOOK 445 G10",14,{"$f":"+INDIRECT(\"r\"&ROW(D33)&$AD$3,FALSE)","v":"AMD Ryzen 3 7330u"},32,"Sì",4,"Sì",2,"No","Sì",{"$f":"IFERROR(INDIRECT(\"r\"&ROW(L33)&$AR$3,FALSE),\"\")","v":""},{"$f":"IFERROR(INDIRECT(\"r\"&ROW(M33)&$AR$4,FALSE),\"\")","v":""},{"$f":"IFERROR(INDIRECT(\"r\"&ROW(N33)&$AR$5,FALSE),\"\")","v":""},{"$f":"IFERROR(INDIRECT(\"r\"&ROW(O33)&$AR$6,FALSE),\"\")","v":""},{"$f":"IFERROR(INDIRECT(\"r\"&ROW(P33)&$AR$7,FALSE),\"\")","v":""},{"$f":"IFERROR(INDIRECT(\"r\"&ROW(Q33)&$AR$8,FALSE),\"\")","v":""},{"$f":"IFERROR(INDIRECT(\"r\"&ROW(R33)&$AR$9,FALSE),\"\")","v":""},null,null,null,null,null,null,null,null,null,null,{"$f":"INDIRECT(\"Prezzi!r46c\"&ROW(AC33)+38,FALSE)+INDIRECT(\"Prezzi!r47c\"&ROW(AC33)+38,FALSE)","v":1},"AMD Ryzen 3 7330u","AMD Ryzen 5 7530u","AMD Ryzen 7 7730u","DOCKING STATION HP USB-C DOCK G5","TOSHIBA CANVIO BASICS","Shenzhen Hengzhe Technology Co., Ltd - ECD002","Shenzhen Phynoon Tech Co., Ltd - Q5000","PLANTRONICS BLACKWIRE C3220 USB-A","MOBILIS BACKPACK 111226","LG 24BN55YP","LG 27BN65QP"]
["Infordata S.p.A.","HP EliteBook 630 G9",13,{"$f":"+INDIRECT(\"r\"&ROW(D34)&$AD$3,FALSE)","v":"Intel Core i3-1215u"},64,"Sì",3,"Sì",2,"No","Sì",{"$f":"IFERROR(INDIRECT(\"r\"&ROW(L34)&$AR$3,FALSE),\"\")","v":""},{"$f":"IFERROR(INDIRECT(\"r\"&ROW(M34)&$AR$4,FALSE),\"\")","v":""},{"$f":"IFERROR(INDIRECT(\"r\"&ROW(N34)&$AR$5,FALSE),\"\")","v":""},{"$f":"IFERROR(INDIRECT(\"r\"&ROW(O34)&$AR$6,FALSE),\"\")","v":""},{"$f":"IFERROR(INDIRECT(\"r\"&ROW(P34)&$AR$7,FALSE),\"\")","v":""},{"$f":"IFERROR(INDIRECT(\"r\"&ROW(Q34)&$AR$8,FALSE),\"\")","v":""},{"$f":"IFERROR(INDIRECT(\"r\"&ROW(R34)&$AR$9,FALSE),\"\")","v":""},null,null,null,null,null,null,null,null,null,null,{"$f":"INDIRECT(\"Prezzi!r46c\"&ROW(AC34)+38,FALSE)+INDIRECT(\"Prezzi!r47c\"&ROW(AC34)+38,FALSE)","v":0},"Intel Core i3-1215u","Intel Core i5-1235u","Intel Core i7-1255u","DOCKING STATION SANXI CK00290C","TOSHIBA CANVIO BASICS","Shenzhen Hengzhe Technology Co., Ltd - ECD002","Shenzhen Phynoon Tech Co., Ltd - Q5000","PLANTRONICS BLACKWIRE C3220 USB-A","MOBILIS BACKPACK 111226","LG 24BN55YP","LG 27BN65QP"]
["Italware S.r.l.","Lenovo ThinkPad L15 Gen 4",15,{"$f":"+INDIRECT(\"r\"&ROW(D35)&$AD$3,FALSE)","v":"AMD Ryzen™ 3 7330U"},64,"Sì",4,"Sì",3,"Sì","Sì",{"$f":"IFERROR(INDIRECT(\"r\"&ROW(L35)&$AR$3,FALSE),\"\")","v":""},{"$f":"IFERROR(INDIRECT(\"r\"&ROW(M35)&$AR$4,FALSE),\"\")","v":""},{"$f":"IFERROR(INDIRECT(\"r\"&ROW(N35)&$AR$5,FALSE),\"\")","v":""},{"$f":"IFERROR(INDIRECT(\"r\"&ROW(O35)&$AR$6,FALSE),\"\")","v":""},{"$f":"IFERROR(INDIRECT(\"r\"&ROW(P35)&$AR$7,FALSE),\"\")","v":""},{"$f":"IFERROR(INDIRECT(\"r\"&ROW(Q35)&$AR$8,FALSE),\"\")","v":""},{"$f":"IFERROR(INDIRECT(\"r\"&ROW(R35)&$AR$9,FALSE),\"\")","v":""},null,null,null,null,null,null,null,null,null,null,{"$f":"INDIRECT(\"Prezzi!r46c\"&ROW(AC35)+38,FALSE)+INDIRECT(\"Prezzi!r47c\"&ROW(AC35)+38,FALSE)","v":1},"AMD Ryzen™ 3 7330U","AMD Ryzen™ 5 7530U","AMD Ryzen™ 7 7730U","Encore Electronics EN-DOCKINGST-1","Toshiba Canvio Basics","SiComputer INT8DVDE3","LINK LKTAST03","Plantronics BLACKWIRE C3220","LENOVO™ 15.6\" LAPTOP EVERYDAY BACKPACK B510","Lenovo ThinkVision_E24_30","Lenovo ThinkVision_P27q_30"]
["Italware S.r.l.","Lenovo ThinkPad L15 Gen 4",15,{"$f":"+INDIRECT(\"r\"&ROW(D36)&$AD$3,FALSE)","v":"AMD Ryzen™ 3 7330U"},64,"Sì",4,"Sì",3,"Sì","Sì",{"$f":"IFERROR(INDIRECT(\"r\"&ROW(L36)&$AR$3,FALSE),\"\")","v":""},{"$f":"IFERROR(INDIRECT(\"r\"&ROW(M36)&$AR$4,FALSE),\"\")","v":""},{"$f":"IFERROR(INDIRECT(\"r\"&ROW(N36)&$AR$5,FALSE),\"\")","v":""},{"$f":"IFERROR(INDIRECT(\"r\"&ROW(O36)&$AR$6,FALSE),\"\")","v":""},{"$f":"IFERROR(INDIRECT(\"r\"&ROW(P36)&$AR$7,FALSE),\"\")","v":""},{"$f":"IFERROR(INDIRECT(\"r\"&ROW(Q36)&$AR$8,FALSE),\"\")","v":""},{"$f":"IFERROR(INDIRECT(\"r\"&ROW(R36)&$AR$9,FALSE),\"\")","v":""},null,null,null,null,null,null,null,null,null,null,{"$f":"INDIRECT(\"Prezzi!r46c\"&ROW(AC36)+38,FALSE)+INDIRECT(\"Prezzi!r47c\"&ROW(AC36)+38,FALSE)","v":1},"AMD Ryzen™ 3 7330U","AMD Ryzen™ 5 7530U","AMD Ryzen™ 7 7730U","Lenovo USB-C Mini dock","Toshiba Canvio Basics","SiComputer INT8DVDE3","Lenovo™ Essential WIRELESS Keyboard and Mouse Combo","Plantronics BLACKWIRE C3220","LENOVO™ 15.6\" LAPTOP EVERYDAY BACKPACK B510","Lenovo ThinkVision_E24_30","Lenovo ThinkVision_P27q_30"]
["Italware S.r.l.","Lenovo ThinkBook 14 G6 ABP",14,{"$f":"+INDIRECT(\"r\"&ROW(D37)&$AD$3,FALSE)","v":"AMD Ryzen™ 3 7330U"},64,"Sì",4,"Sì",3,"Sì","Sì",{"$f":"IFERROR(INDIRECT(\"r\"&ROW(L37)&$AR$3,FALSE),\"\")","v":""},{"$f":"IFERROR(INDIRECT(\"r\"&ROW(M37)&$AR$4,FALSE),\"\")","v":""},{"$f":"IFERROR(INDIRECT(\"r\"&ROW(N37)&$AR$5,FALSE),\"\")","v":""},{"$f":"IFERROR(INDIRECT(\"r\"&ROW(O37)&$AR$6,FALSE),\"\")","v":""},{"$f":"IFERROR(INDIRECT(\"r\"&ROW(P37)&$AR$7,FALSE),\"\")","v":""},{"$f":"IFERROR(INDIRECT(\"r\"&ROW(Q37)&$AR$8,FALSE),\"\")","v":""},{"$f":"IFERROR(INDIRECT(\"r\"&ROW(R37)&$AR$9,FALSE),\"\")","v":""},null,null,null,null,null,null,null,null,null,null,{"$f":"INDIRECT(\"Prezzi!r46c\"&ROW(AC37)+38,FALSE)+INDIRECT(\"Prezzi!r47c\"&ROW(AC37)+38,FALSE)","v":1},"AMD Ryzen™ 3 7330U","AMD Ryzen™ 5 7530U","AMD Ryzen™ 7 7730U"," Encore Electronics EN-DOCKINGST-1","Toshiba Canvio Basics","SiComputer INT8DVDE3","LINK LKTAST03","Plantronics BLACKWIRE C3220","LENOVO™ 15.6\" LAPTOP EVERYDAY BACKPACK B510","Lenovo ThinkVision_E24_30","Lenovo ThinkVision_P27q_30"]
["Italware S.r.l.","Lenovo ThinkBook 14 G6 IRL",14,{"$f":"+INDIRECT(\"r\"&ROW(D38)&$AD$3,FALSE)","v":"Intel® Core™ i3-1315U"},64,"Sì",4,"Sì",3,"Sì","Sì",{"$f":"IFERROR(INDIRECT(\"r\"&ROW(L38)&$AR$3,FALSE),\"\")","v":""},{"$f":"IFERROR(INDIRECT(\"r\"&ROW(M38)&$AR$4,FALSE),\"\")","v":""},{"$f":"IFERROR(INDIRECT(\"r\"&ROW(N38)&$AR$5,FALSE),\"\")","v":""},{"$f":"IFERROR(INDIRECT(\"r\"&ROW(O38)&$AR$6,FALSE),\"\")","v":""},{"$f":"IFERROR(INDIRECT(\"r\"&ROW(P38)&$AR$7,FALSE),\"\")","v":""},{"$f":"IFERROR(INDIRECT(\"r\"&ROW(Q38)&$AR$8,FALSE),\"\")","v":""},{"$f":"IFERROR(INDIRECT(\"r\"&ROW(R38)&$AR$9,FALSE),\"\")","v":""},null,null,null,null,null,null,null,null,null,null,{"$f":"INDIRECT(\"Prezzi!r46c\"&ROW(AC38)+38,FALSE)+INDIRECT(\"Prezzi!r47c\"&ROW(AC38)+38,FALSE)","v":1},"Intel® Core™ i3-1315U","Intel® Core™ i5-1335U","Intel® Core™ i7-1355U","Lenovo USB-C Mini dock","Toshiba Canvio Basics","SiComputer INT8DVDE3","Lenovo™ Essential WIRELESS Keyboard and Mouse Combo","Plantronics BLACKWIRE C3220","LENOVO™ 15.6\" LAPTOP EVERYDAY BACKPACK B510","Lenovo ThinkVision_E24_30","Lenovo ThinkVision_P27q_30"]
["Italware S.r.l.","Lenovo ThinkPad L13 gen 4 ",13,{"$f":"+INDIRECT(\"r\"&ROW(D39)&$AD$3,FALSE)","v":"AMD Ryzen™ 3 7330U"},32,"Sì",4,"Sì",3,"No","Sì",{"$f":"IFERROR(INDIRECT(\"r\"&ROW(L39)&$AR$3,FALSE),\"\")","v":""},{"$f":"IFERROR(INDIRECT(\"r\"&ROW(M39)&$AR$4,FALSE),\"\")","v":""},{"$f":"IFERROR(INDIRECT(\"r\"&ROW(N39)&$AR$5,FALSE),\"\")","v":""},{"$f":"IFERROR(INDIRECT(\"r\"&ROW(O39)&$AR$6,FALSE),\"\")","v":""},{"$f":"IFERROR(INDIRECT(\"r\"&ROW(P39)&$AR$7,FALSE),\"\")","v":""},{"$f":"IFERROR(INDIRECT(\"r\"&ROW(Q39)&$AR$8,FALSE),\"\")","v":""},{"$f":"IFERROR(INDIRECT(\"r\"&ROW(R39)&$AR$9,FALSE),\"\")","v":""},null,null,null,null,null,null,null,null,null,null,{"$f":"INDIRECT(\"Prezzi!r46c\"&ROW(AC39)+38,FALSE)+INDIRECT(\"Prezzi!r47c\"&ROW(AC39)+38,FALSE)","v":1},"AMD Ryzen™ 3 7330U","AMD Ryzen™ 5 7530U","AMD Ryzen™ 7 7730U"," Encore Electronics EN-DOCKINGST-1","Toshiba Canvio Basics","SiComputer INT8DVDE3","LINK LKTAST03","Plantronics BLACKWIRE C3220","LENOVO™ 15.6\" LAPTOP EVERYDAY BACKPACK B510","Lenovo ThinkVision_E24_30","Lenovo ThinkVision_P27q_30"]
["Italware S.r.l.","Lenovo ThinkPad L13 gen 4",13,{"$f":"+INDIRECT(\"r\"&ROW(D40)&$AD$3,FALSE)","v":"AMD Ryzen™ 3 7330U"},32,"Sì",4,"Sì",3,"No","Sì",{"$f":"IFERROR(INDIRECT(\"r\"&ROW(L40)&$AR$3,FALSE),\"\")","v":""},{"$f":"IFERROR(INDIRECT(\"r\"&ROW(M40)&$AR$4,FALSE),\"\")","v":""},{"$f":"IFERROR(INDIRECT(\"r\"&ROW(N40)&$AR$5,FALSE),\"\")","v":""},{"$f":"IFERROR(INDIRECT(\"r\"&ROW(O40)&$AR$6,FALSE),\"\")","v":""},{"$f":"IFERROR(INDIRECT(\"r\"&ROW(P40)&$AR$7,FALSE),\"\")","v":""},{"$f":"IFERROR(INDIRECT(\"r\"&ROW(Q40)&$AR$8,FALSE),\"\")","v":""},{"$f":"IFERROR(INDIRECT(\"r\"&ROW(R40)&$AR$9,FALSE),\"\")","v":""},null,null,null,null,null,null,null,null,null,null,{"$f":"INDIRECT(\"Prezzi!r46c\"&ROW(AC40)+38,FALSE)+INDIRECT(\"Prezzi!r47c\"&ROW(AC40)+38,FALSE)","v":1},"AMD Ryzen™ 3 7330U","AMD Ryzen™ 5 7530U","AMD Ryzen™ 7 7730U","Lenovo USB-C Mini dock","Toshiba Canvio Basics","SiComputer INT8DVDE3","Lenovo™ Essential WIRELESS Keyboard and Mouse Combo","Plantronics BLACKWIRE C3220","LENOVO™ 15.6\" LAPTOP EVERYDAY BACKPACK B510","Lenovo ThinkVision_E24_30","Lenovo ThinkVision_P27q_30"]
["Var Group S.p.A.","HP ProBook 450 15.6 inch G9",15,{"$f":"+INDIRECT(\"r\"&ROW(D41)&$AD$3,FALSE)","v":"Intel Core i3 1215U"},32,"Sì",4,"Sì",4,"No","Sì",{"$f":"IFERROR(INDIRECT(\"r\"&ROW(L41)&$AR$3,FALSE),\"\")","v":""},{"$f":"IFERROR(INDIRECT(\"r\"&ROW(M41)&$AR$4,FALSE),\"\")","v":""},{"$f":"IFERROR(INDIRECT(\"r\"&ROW(N41)&$AR$5,FALSE),\"\")","v":""},{"$f":"IFERROR(INDIRECT(\"r\"&ROW(O41)&$AR$6,FALSE),\"\")","v":""},{"$f":"IFERROR(INDIRECT(\"r\"&ROW(P41)&$AR$7,FALSE),\"\")","v":""},{"$f":"IFERROR(INDIRECT(\"r\"&ROW(Q41)&$AR$8,FALSE),\"\")","v":""},{"$f":"IFERROR(INDIRECT(\"r\"&ROW(R41)&$AR$9,FALSE),\"\")","v":""},null,null,null,null,null,null,null,null,null,null,{"$f":"INDIRECT(\"Prezzi!r46c\"&ROW(AC41)+38,FALSE)+INDIRECT(\"Prezzi!r47c\"&ROW(AC41)+38,FALSE)","v":0},"Intel Core i3 1215U","Intel Core i5-1235U","Intel Core i7-1255U","HP USB-C Dock G5","toshIba HDTB420EK3AA","HP f2b56aa","HP 235 Wireless Mouse and Keyboard Combo","POLY  22209745-201 POLY BLACKWIRE,C3220 USB-A","HP Renew Business 15.6-inch Laptop Bag","LENOVO ThinkVision E24-30","AOC Q27E3UMF"]
["Var Group S.p.A.","HP ProBook 440 14-inch G9",14,{"$f":"+INDIRECT(\"r\"&ROW(D42)&$AD$3,FALSE)","v":"Intel Core i3 1215U"},32,"Sì",4,"Sì",4,"No","Sì",{"$f":"IFERROR(INDIRECT(\"r\"&ROW(L42)&$AR$3,FALSE),\"\")","v":""},{"$f":"IFERROR(INDIRECT(\"r\"&ROW(M42)&$AR$4,FALSE),\"\")","v":""},{"$f":"IFERROR(INDIRECT(\"r\"&ROW(N42)&$AR$5,FALSE),\"\")","v":""},{"$f":"IFERROR(INDIRECT(\"r\"&ROW(O42)&$AR$6,FALSE),\"\")","v":""},{"$f":"IFERROR(INDIRECT(\"r\"&ROW(P42)&$AR$7,FALSE),\"\")","v":""},{"$f":"IFERROR(INDIRECT(\"r\"&ROW(Q42)&$AR$8,FALSE),\"\")","v":""},{"$f":"IFERROR(INDIRECT(\"r\"&ROW(R42)&$AR$9,FALSE),\"\")","v":""},null,null,null,null,null,null,null,null,null,null,{"$f":"INDIRECT(\"Prezzi!r46c\"&ROW(AC42)+38,FALSE)+INDIRECT(\"Prezzi!r47c\"&ROW(AC42)+38,FALSE)","v":0},"Intel Core i3 1215U","Intel Core i5-1235U","Intel Core i7-1255U","HP USB-C Dock G5","toshIba HDTB420EK3AA","HP f2b56aa","HP 235 Wireless Mouse and Keyboard Combo","POLY  22209745-201 POLY BLACKWIRE,C3220 USB-A","HP Renew Business 14.1-inch ","LENOVO ThinkVision E24-30","AOC Q27E3UMF"]
["Var Group S.p.A.","HP EliteBook 630 13.3 inch G9",13,{"$f":"+INDIRECT(\"r\"&ROW(D43)&$AD$3,FALSE)","v":"Intel Core i3 1215U"},64,"Sì",3,"Sì",4,"No","Sì",{"$f":"IFERROR(INDIRECT(\"r\"&ROW(L43)&$AR$3,FALSE),\"\")","v":""},{"$f":"IFERROR(INDIRECT(\"r\"&ROW(M43)&$AR$4,FALSE),\"\")","v":""},{"$f":"IFERROR(INDIRECT(\"r\"&ROW(N43)&$AR$5,FALSE),\"\")","v":""},{"$f":"IFERROR(INDIRECT(\"r\"&ROW(O43)&$AR$6,FALSE),\"\")","v":""},{"$f":"IFERROR(INDIRECT(\"r\"&ROW(P43)&$AR$7,FALSE),\"\")","v":""},{"$f":"IFERROR(INDIRECT(\"r\"&ROW(Q43)&$AR$8,FALSE),\"\")","v":""},{"$f":"IFERROR(INDIRECT(\"r\"&ROW(R43)&$AR$9,FALSE),\"\")","v":""},null,null,null,null,null,null,null,null,null,null,{"$f":"INDIRECT(\"Prezzi!r46c\"&ROW(AC43)+38,FALSE)+INDIRECT(\"Prezzi!r47c\"&ROW(AC43)+38,FALSE)","v":0},"Intel Core i3 1215U","Intel Core i5-1235U","Intel Core i7-1255U","HP USB-C Dock G5","toshIba HDTB420EK3AA","HP f2b56aa","HP 235 WL","POLY -  BLACKWIRE,C3220 USB-A","HP  Renew Business Laptop Bag","LENOVO ThinkVision E24-30","AOC Q27E3UMF"]

{"sheet":"Specs","index":4,"n_rows":47,"n_cols":81,"rows_kept":47,"cut":false,"hidden":true,"merged":[]}
["Dati offerti",null,null,null,null,null,null,null,null,null,null,null,null,null,null,null,null,null,null,null,null,null,null,null,null,null,null,null,null,null,null,null,null,null,null,null,null,null,null,null,"Selezione",null,null,"Calcoli selezioni prodotti"]
[]
[null,"Bellucci_15_config_TCO","Bellucci_14_config_TCO","Bellucci_13_config_TCO","Bsistemi_15_config_standard","Bsistemi_15_config_TCO","Bsistemi_14_config_standard","Bsistemi_14_config_TCO","Bsistemi_13_config_standard","Bsistemi_13_config_TCO","Converge_15_config_standard","Converge_15_config_TCO","Converge_14_config_standard","Converge_14_config_TCO","Converge_13_config_standard","Converge_13_config_TCO","Eurome_15_config_standard","Eurome_15_config_TCO","Eurome_14_config_standard","Eurome_14_config_TCO","Eurome_13_config_standard","Eurome_13_config_TCO","Finbuc_15_config_standard","Finbuc_14_config_standard","RTI IM Direct & Partner_15_config_TCO","RTI IM Direct & Partner_14_config_TCO","RTI IM Direct & Partner_13_config_TCO","Infordata_15_config_TCO","Infordata_14_config_TCO","Infordata_13_config_TCO","Italware_15_config_standard","Italware_15_config_TCO","Italware_14_config_standard","Italware_14_config_TCO","Italware_13_config_standard","Italware_13_config_TCO","VAR_Group_15_config_TCO","VAR_Group_14_config_TCO","VAR_Group_13_config_TCO",null,null,null,null,"Bellucci_15_config_TCO","Bellucci_14_config_TCO","Bellucci_13_config_TCO","Bsistemi_15_config_standard","Bsistemi_15_config_TCO","Bsistemi_14_config_standard","Bsistemi_14_config_TCO","Bsistemi_13_config_standard","Bsistemi_13_config_TCO","Converge_15_config_standard","Converge_15_config_TCO","Converge_14_config_standard","Converge_14_config_TCO","Converge_13_config_standard","Converge_13_config_TCO","Eurome_15_config_standard","Eurome_15_config_TCO","Eurome_14_config_standard","Eurome_14_config_TCO","Eurome_13_config_standard","Eurome_13_config_TCO","Finbuc_15_config_standard","Finbuc_14_config_standard","RTI IM Direct & Partner_15_config_TCO","RTI IM Direct & Partner_14_config_TCO","RTI IM Direct & Partner_13_config_TCO","Infordata_15_config_TCO","Infordata_14_config_TCO","Infordata_13_config_TCO","Italware_15_config_standard","Italware_15_config_TCO","Italware_14_config_standard","Italware_14_config_TCO","Italware_13_config_standard","Italware_13_config_TCO","VAR_Group_15_config_TCO","VAR_Group_14_config_TCO","VAR_Group_13_config_TCO"]
["Marca e modello del personal computer portatile offerto","Acer TMP215-53","HP Probook 440 G9","HP EliteBook 630 G9","Dell Latitude 5540","Dell Latitude 5540 (TCO)","Dell Latitude 5440","Dell Latitude 5440","Dell Latitude 5340","Dell Latitude 5340","LENOVO ThinkBook 15 G4 ABA","LENOVO ThinkBook 15 G4 ABA","LENOVO ThinkBook 14 G6 ABP","LENOVO ThinkBook 14 G6 ABP","LENOVO ThinkPad L13 Gen 4 (AMD)","LENOVO ThinkPad L13 Gen 4 (AMD)","Dell Latitude 5540","Dell Latitude 5540 (TCO)","Dell Latitude 5440","Dell Latitude 5440","Dell Latitude 5340","Dell Latitude 5340","SICOMPUTER NAUTA C1502","SICOMPUTER NAUTA C1402","Lenovo ThinkPad L15 Gen 4 (AMD)","Lenovo ThinkBook 14\" Gen 6 ABP","LENOVO ThinkPad L13 Gen 4 (AMD)","HP PROBOOK 455  G10","HP PROBOOK 445 G10","HP EliteBook 630 G9","Lenovo ThinkPad L15 Gen 4 Intel","Lenovo ThinkPad L15 Gen 4 Intel","Lenovo ThinkBook 14 G6 ABP","Lenovo ThinkBook 14 G6 IRL","Lenovo ThinkPad L13 gen 4","Lenovo ThinkPad L13 gen 4 AMD","HP ProBook 450 15.6 inch G9"," HP ProBook 440 14-inch G9 Notebook PC","HP EliteBook 630 13.3 inch G9 Notebook PC"]
["Prodotto principale in possesso di certificazione TCO (SI/NO)",1,1,1,0,1,0,1,0,1,1,1,1,1,1,1,0,1,0,1,0,1,0,0,1,1,1,1,1,1,1,1,1,1,1,1,1,1,1,null,{"$f":"+Input!D6","v":"Nessuna certificazione"},{"$f":"+IF(AO5=Ana!$B$4,1,0)","v":0},null,{"$f":"+IF(B5>=$AP5,1,0)","v":1},1,1,1,1,1,1,1,1,1,1,1,1,1,1,1,1,1,1,1,1,1,1,1,1,1,1,1,1,1,1,1,1,1,1,1,1,1]
["dimensione schermo (pollici)",15,14,13,15,15,14,14,13,13,15,15,14,14,13,13,15,15,14,14,13,13,15,14,15,14,13,15,14,13,15,15,14,14,13,13,15,14,13,null,{"$f":"+Input!D4","v":0},{"$f":"+LEFT(AO6,2)*1","v":0},null,{"$f":"+IF(B6=$AP6,1,0)","v":0},0,0,0,0,0,0,0,0,0,0,0,0,0,0,0,0,0,0,0,0,0,0,0,0,0,0,0,0,0,0,0,0,0,0,0,0,0]
["OPZIONI DI PRODOTTO STANDARD"]
["Processore - Marca e modello CPU Low",null,null,null,null,null,null,null,null,null,null,null,null,null,null,null,null,null,null,null,null,null,null,null,null,null,null,null,null,null,null,null,null,null,null,null,null,null,null,null,{"$f":"+Input!D9","v":"Low"},{"$f":"+IF(AO8=Ana!C2,1,0)","v":1}]
["Upgrade a Processore Mid-range",{"$f":"+IF(Prezzi!B9=\"\",0,1)","v":1},{"$f":"+IF(Prezzi!C9=\"\",0,1)","v":1},{"$f":"+IF(Prezzi!D9=\"\",0,1)","v":1},{"$f":"+IF(Prezzi!E9=\"\",0,1)","v":1},{"$f":"+IF(Prezzi!F9=\"\",0,1)","v":1},{"$f":"+IF(Prezzi!G9=\"\",0,1)","v":1},{"$f":"+IF(Prezzi!H9=\"\",0,1)","v":1},{"$f":"+IF(Prezzi!I9=\"\",0,1)","v":1},{"$f":"+IF(Prezzi!J9=\"\",0,1)","v":1},{"$f":"+IF(Prezzi!K9=\"\",0,1)","v":1},{"$f":"+IF(Prezzi!L9=\"\",0,1)","v":1},{"$f":"+IF(Prezzi!M9=\"\",0,1)","v":1},{"$f":"+IF(Prezzi!N9=\"\",0,1)","v":1},{"$f":"+IF(Prezzi!O9=\"\",0,1)","v":1},{"$f":"+IF(Prezzi!P9=\"\",0,1)","v":1},{"$f":"+IF(Prezzi!Q9=\"\",0,1)","v":1},{"$f":"+IF(Prezzi!R9=\"\",0,1)","v":1},{"$f":"+IF(Prezzi!S9=\"\",0,1)","v":1},{"$f":"+IF(Prezzi!T9=\"\",0,1)","v":1},{"$f":"+IF(Prezzi!U9=\"\",0,1)","v":1},{"$f":"+IF(Prezzi!V9=\"\",0,1)","v":1},{"$f":"+IF(Prezzi!W9=\"\",0,1)","v":1},{"$f":"+IF(Prezzi!X9=\"\",0,1)","v":1},{"$f":"+IF(Prezzi!Y9=\"\",0,1)","v":1},{"$f":"+IF(Prezzi!Z9=\"\",0,1)","v":1},{"$f":"+IF(Prezzi!AA9=\"\",0,1)","v":1},{"$f":"+IF(Prezzi!AB9=\"\",0,1)","v":1},{"$f":"+IF(Prezzi!AC9=\"\",0,1)","v":1},{"$f":"+IF(Prezzi!AD9=\"\",0,1)","v":1},{"$f":"+IF(Prezzi!AE9=\"\",0,1)","v":1},{"$f":"+IF(Prezzi!AF9=\"\",0,1)","v":1},{"$f":"+IF(Prezzi!AG9=\"\",0,1)","v":1},{"$f":"+IF(Prezzi!AH9=\"\",0,1)","v":1},{"$f":"+IF(Prezzi!AI9=\"\",0,1)","v":1},{"$f":"+IF(Prezzi!AJ9=\"\",0,1)","v":1},{"$f":"+IF(Prezzi!AK9=\"\",0,1)","v":1},{"$f":"+IF(Prezzi!AL9=\"\",0,1)","v":1},{"$f":"+IF(Prezzi!AM9=\"\",0,1)","v":1},null,{"$f":"+Input!D9","v":"Low"},{"$f":"+IF(AO9=Ana!C3,1,0)","v":0}]
["Upgrade a Processore High",{"$f":"+IF(Prezzi!B10=\"\",0,1)","v":1},{"$f":"+IF(Prezzi!C10=\"\",0,1)","v":1},{"$f":"+IF(Prezzi!D10=\"\",0,1)","v":1},{"$f":"+IF(Prezzi!E10=\"\",0,1)","v":1},{"$f":"+IF(Prezzi!F10=\"\",0,1)","v":1},{"$f":"+IF(Prezzi!G10=\"\",0,1)","v":1},{"$f":"+IF(Prezzi!H10=\"\",0,1)","v":1},{"$f":"+IF(Prezzi!I10=\"\",0,1)","v":1},{"$f":"+IF(Prezzi!J10=\"\",0,1)","v":1},{"$f":"+IF(Prezzi!K10=\"\",0,1)","v":1},{"$f":"+IF(Prezzi!L10=\"\",0,1)","v":1},{"$f":"+IF(Prezzi!M10=\"\",0,1)","v":1},{"$f":"+IF(Prezzi!N10=\"\",0,1)","v":1},{"$f":"+IF(Prezzi!O10=\"\",0,1)","v":1},{"$f":"+IF(Prezzi!P10=\"\",0,1)","v":1},{"$f":"+IF(Prezzi!Q10=\"\",0,1)","v":1},{"$f":"+IF(Prezzi!R10=\"\",0,1)","v":1},{"$f":"+IF(Prezzi!S10=\"\",0,1)","v":1},{"$f":"+IF(Prezzi!T10=\"\",0,1)","v":1},{"$f":"+IF(Prezzi!U10=\"\",0,1)","v":1},{"$f":"+IF(Prezzi!V10=\"\",0,1)","v":1},{"$f":"+IF(Prezzi!W10=\"\",0,1)","v":1},{"$f":"+IF(Prezzi!X10=\"\",0,1)","v":1},{"$f":"+IF(Prezzi!Y10=\"\",0,1)","v":1},{"$f":"+IF(Prezzi!Z10=\"\",0,1)","v":1},{"$f":"+IF(Prezzi!AA10=\"\",0,1)","v":1},{"$f":"+IF(Prezzi!AB10=\"\",0,1)","v":1},{"$f":"+IF(Prezzi!AC10=\"\",0,1)","v":1},{"$f":"+IF(Prezzi!AD10=\"\",0,1)","v":1},{"$f":"+IF(Prezzi!AE10=\"\",0,1)","v":1},{"$f":"+IF(Prezzi!AF10=\"\",0,1)","v":1},{"$f":"+IF(Prezzi!AG10=\"\",0,1)","v":1},{"$f":"+IF(Prezzi!AH10=\"\",0,1)","v":1},{"$f":"+IF(Prezzi!AI10=\"\",0,1)","v":1},{"$f":"+IF(Prezzi!AJ10=\"\",0,1)","v":1},{"$f":"+IF(Prezzi!AK10=\"\",0,1)","v":1},{"$f":"+IF(Prezzi!AL10=\"\",0,1)","v":1},{"$f":"+IF(Prezzi!AM10=\"\",0,1)","v":1},null,{"$f":"+Input!D9","v":"Low"},{"$f":"+IF(AO10=Ana!C4,1,0)","v":0}]
["Upgrade RAM a 16 GB",{"$f":"+IF(Prezzi!B11=\"\",0,1)","v":1},{"$f":"+IF(Prezzi!C11=\"\",0,1)","v":1},{"$f":"+IF(Prezzi!D11=\"\",0,1)","v":1},{"$f":"+IF(Prezzi!E11=\"\",0,1)","v":1},{"$f":"+IF(Prezzi!F11=\"\",0,1)","v":1},{"$f":"+IF(Prezzi!G11=\"\",0,1)","v":1},{"$f":"+IF(Prezzi!H11=\"\",0,1)","v":1},{"$f":"+IF(Prezzi!I11=\"\",0,1)","v":1},{"$f":"+IF(Prezzi!J11=\"\",0,1)","v":1},{"$f":"+IF(Prezzi!K11=\"\",0,1)","v":1},{"$f":"+IF(Prezzi!L11=\"\",0,1)","v":1},{"$f":"+IF(Prezzi!M11=\"\",0,1)","v":1},{"$f":"+IF(Prezzi!N11=\"\",0,1)","v":1},{"$f":"+IF(Prezzi!O11=\"\",0,1)","v":1},{"$f":"+IF(Prezzi!P11=\"\",0,1)","v":1},{"$f":"+IF(Prezzi!Q11=\"\",0,1)","v":1},{"$f":"+IF(Prezzi!R11=\"\",0,1)","v":1},{"$f":"+IF(Prezzi!S11=\"\",0,1)","v":1},{"$f":"+IF(Prezzi!T11=\"\",0,1)","v":1},{"$f":"+IF(Prezzi!U11=\"\",0,1)","v":1},{"$f":"+IF(Prezzi!V11=\"\",0,1)","v":1},{"$f":"+IF(Prezzi!W11=\"\",0,1)","v":1},{"$f":"+IF(Prezzi!X11=\"\",0,1)","v":1},{"$f":"+IF(Prezzi!Y11=\"\",0,1)","v":1},{"$f":"+IF(Prezzi!Z11=\"\",0,1)","v":1},{"$f":"+IF(Prezzi!AA11=\"\",0,1)","v":1},{"$f":"+IF(Prezzi!AB11=\"\",0,1)","v":1},{"$f":"+IF(Prezzi!AC11=\"\",0,1)","v":1},{"$f":"+IF(Prezzi!AD11=\"\",0,1)","v":1},{"$f":"+IF(Prezzi!AE11=\"\",0,1)","v":1},{"$f":"+IF(Prezzi!AF11=\"\",0,1)","v":1},{"$f":"+IF(Prezzi!AG11=\"\",0,1)","v":1},{"$f":"+IF(Prezzi!AH11=\"\",0,1)","v":1},1,1,{"$f":"+IF(Prezzi!AK11=\"\",0,1)","v":1},{"$f":"+IF(Prezzi!AL11=\"\",0,1)","v":1},{"$f":"+IF(Prezzi!AM11=\"\",0,1)","v":1},null,{"$f":"+Input!D10","v":8},{"$f":"+IF(AO11=Ana!D3,1,0)","v":0},null,{"$f":"+IF(B11>=$AP11,1,0)","v":1},1,1,1,1,1,1,1,1,1,{"$f":"+IF(L11>=$AP11,1,0)","v":1},1,1,1,1,1,1,1,1,1,{"$f":"+IF(V11>=$AP11,1,0)","v":1},1,1,1,1,1,1,1,1,1,{"$f":"+IF(AF11>=$AP11,1,0)","v":1},1,1,1,1,1,1,1]
["Upgrade Storage a 512 GB (delta prezzo rispetto a 256 GB)",{"$f":"+IF(Prezzi!B12=\"\",0,1)","v":1},{"$f":"+IF(Prezzi!C12=\"\",0,1)","v":1},{"$f":"+IF(Prezzi!D12=\"\",0,1)","v":1},{"$f":"+IF(Prezzi!E12=\"\",0,1)","v":1},{"$f":"+IF(Prezzi!F12=\"\",0,1)","v":1},{"$f":"+IF(Prezzi!G12=\"\",0,1)","v":1},{"$f":"+IF(Prezzi!H12=\"\",0,1)","v":1},{"$f":"+IF(Prezzi!I12=\"\",0,1)","v":1},{"$f":"+IF(Prezzi!J12=\"\",0,1)","v":1},{"$f":"+IF(Prezzi!K12=\"\",0,1)","v":1},{"$f":"+IF(Prezzi!L12=\"\",0,1)","v":1},{"$f":"+IF(Prezzi!M12=\"\",0,1)","v":1},{"$f":"+IF(Prezzi!N12=\"\",0,1)","v":1},{"$f":"+IF(Prezzi!O12=\"\",0,1)","v":1},{"$f":"+IF(Prezzi!P12=\"\",0,1)","v":1},{"$f":"+IF(Prezzi!Q12=\"\",0,1)","v":1},{"$f":"+IF(Prezzi!R12=\"\",0,1)","v":1},{"$f":"+IF(Prezzi!S12=\"\",0,1)","v":1},{"$f":"+IF(Prezzi!T12=\"\",0,1)","v":1},{"$f":"+IF(Prezzi!U12=\"\",0,1)","v":1},{"$f":"+IF(Prezzi!V12=\"\",0,1)","v":1},{"$f":"+IF(Prezzi!W12=\"\",0,1)","v":1},{"$f":"+IF(Prezzi!X12=\"\",0,1)","v":1},{"$f":"+IF(Prezzi!Y12=\"\",0,1)","v":1},{"$f":"+IF(Prezzi!Z12=\"\",0,1)","v":1},{"$f":"+IF(Prezzi!AA12=\"\",0,1)","v":1},{"$f":"+IF(Prezzi!AB12=\"\",0,1)","v":1},{"$f":"+IF(Prezzi!AC12=\"\",0,1)","v":1},{"$f":"+IF(Prezzi!AD12=\"\",0,1)","v":1},{"$f":"+IF(Prezzi!AE12=\"\",0,1)","v":1},{"$f":"+IF(Prezzi!AF12=\"\",0,1)","v":1},{"$f":"+IF(Prezzi!AG12=\"\",0,1)","v":1},{"$f":"+IF(Prezzi!AH12=\"\",0,1)","v":1},{"$f":"+IF(Prezzi!AI12=\"\",0,1)","v":1},{"$f":"+IF(Prezzi!AJ12=\"\",0,1)","v":1},{"$f":"+IF(Prezzi!AK12=\"\",0,1)","v":1},{"$f":"+IF(Prezzi!AL12=\"\",0,1)","v":1},{"$f":"+IF(Prezzi!AM12=\"\",0,1)","v":1},null,{"$f":"+Input!D11","v":256},{"$f":"+IF(AO12=Ana!E3,1,0)","v":0},null,1,1,1,1,1,1,1,1,1,1,1,1,1,1,1,1,1,1,1,1,1,1,1,1,1,1,1,1,1,1,1,1,1,1,1,1,1,1]
["Upgrade schermo FHD (Delta prezzo rispetto a schermo HD)",{"$f":"+IF(Prezzi!B13=\"\",0,1)","v":1},{"$f":"+IF(Prezzi!C13=\"\",0,1)","v":1},1,{"$f":"+IF(Prezzi!E13=\"\",0,1)","v":1},{"$f":"+IF(Prezzi!F13=\"\",0,1)","v":1},{"$f":"+IF(Prezzi!G13=\"\",0,1)","v":1},{"$f":"+IF(Prezzi!H13=\"\",0,1)","v":1},1,1,{"$f":"+IF(Prezzi!K13=\"\",0,1)","v":1},{"$f":"+IF(Prezzi!L13=\"\",0,1)","v":1},{"$f":"+IF(Prezzi!M13=\"\",0,1)","v":1},{"$f":"+IF(Prezzi!N13=\"\",0,1)","v":1},1,1,{"$f":"+IF(Prezzi!Q13=\"\",0,1)","v":1},{"$f":"+IF(Prezzi!R13=\"\",0,1)","v":1},{"$f":"+IF(Prezzi!S13=\"\",0,1)","v":1},{"$f":"+IF(Prezzi!T13=\"\",0,1)","v":1},1,1,{"$f":"+IF(Prezzi!W13=\"\",0,1)","v":1},{"$f":"+IF(Prezzi!X13=\"\",0,1)","v":1},{"$f":"+IF(Prezzi!Y13=\"\",0,1)","v":1},{"$f":"+IF(Prezzi!Z13=\"\",0,1)","v":1},1,{"$f":"+IF(Prezzi!AB13=\"\",0,1)","v":1},{"$f":"+IF(Prezzi!AC13=\"\",0,1)","v":1},1,{"$f":"+IF(Prezzi!AE13=\"\",0,1)","v":1},{"$f":"+IF(Prezzi!AF13=\"\",0,1)","v":1},{"$f":"+IF(Prezzi!AG13=\"\",0,1)","v":1},{"$f":"+IF(Prezzi!AH13=\"\",0,1)","v":1},1,1,{"$f":"+IF(Prezzi!AK13=\"\",0,1)","v":1},{"$f":"+IF(Prezzi!AL13=\"\",0,1)","v":1},1,null,{"$f":"+Input!D12","v":"HD"},{"$f":"+IF(AO13=Ana!L3,1,0)","v":0},null,1,1,1,1,1,1,1,1,1,1,1,1,1,1,1,1,1,1,1,1,1,1,1,1,1,1,1,1,1,1,1,1,1,1,1,1,1,1]
["Licenza O.E.M. Microsoft Windows 11 Pro Education (delta prezzo rispetto a S.O. Linux)",null,null,null,null,null,null,null,null,null,null,null,null,null,null,null,null,null,null,null,null,null,null,null,null,null,null,null,null,null,null,null,null,null,null,null,null,null,null,null,{"$f":"+Input!D13","v":"Distribuzione Linux"},{"$f":"+IF(AO14=Ana!F3,1,0)","v":0}]
["Licenza O.E.M. Microsoft Windows 11 Pro (delta prezzo rispetto a S.O. Linux)",null,null,null,null,null,null,null,null,null,null,null,null,null,null,null,null,null,null,null,null,null,null,null,null,null,null,null,null,null,null,null,null,null,null,null,null,null,null,null,{"$f":"+Input!D13","v":"Distribuzione Linux"},{"$f":"+IF(AO15=Ana!F4,1,0)","v":0}]
["OPZIONE DI SERVIZIO STANDARD"]
["Estensione servizio di assistenza e manutenzione a 60 mesi per il prodotto principale",{"$f":"+IF(Prezzi!B17=\"\",0,1)","v":1},{"$f":"+IF(Prezzi!C17=\"\",0,1)","v":1},{"$f":"+IF(Prezzi!D17=\"\",0,1)","v":1},{"$f":"+IF(Prezzi!E17=\"\",0,1)","v":1},{"$f":"+IF(Prezzi!F17=\"\",0,1)","v":1},{"$f":"+IF(Prezzi!G17=\"\",0,1)","v":1},{"$f":"+IF(Prezzi!H17=\"\",0,1)","v":1},{"$f":"+IF(Prezzi!I17=\"\",0,1)","v":1},{"$f":"+IF(Prezzi!J17=\"\",0,1)","v":1},{"$f":"+IF(Prezzi!K17=\"\",0,1)","v":1},{"$f":"+IF(Prezzi!L17=\"\",0,1)","v":1},{"$f":"+IF(Prezzi!M17=\"\",0,1)","v":1},{"$f":"+IF(Prezzi!N17=\"\",0,1)","v":1},{"$f":"+IF(Prezzi!O17=\"\",0,1)","v":1},{"$f":"+IF(Prezzi!P17=\"\",0,1)","v":1},{"$f":"+IF(Prezzi!Q17=\"\",0,1)","v":1},{"$f":"+IF(Prezzi!R17=\"\",0,1)","v":1},{"$f":"+IF(Prezzi!S17=\"\",0,1)","v":1},{"$f":"+IF(Prezzi!T17=\"\",0,1)","v":1},{"$f":"+IF(Prezzi!U17=\"\",0,1)","v":1},{"$f":"+IF(Prezzi!V17=\"\",0,1)","v":1},{"$f":"+IF(Prezzi!W17=\"\",0,1)","v":1},{"$f":"+IF(Prezzi!X17=\"\",0,1)","v":1},{"$f":"+IF(Prezzi!Y17=\"\",0,1)","v":1},{"$f":"+IF(Prezzi!Z17=\"\",0,1)","v":1},{"$f":"+IF(Prezzi!AA17=\"\",0,1)","v":1},{"$f":"+IF(Prezzi!AB17=\"\",0,1)","v":1},{"$f":"+IF(Prezzi!AC17=\"\",0,1)","v":1},{"$f":"+IF(Prezzi!AD17=\"\",0,1)","v":1},{"$f":"+IF(Prezzi!AE17=\"\",0,1)","v":1},{"$f":"+IF(Prezzi!AF17=\"\",0,1)","v":1},{"$f":"+IF(Prezzi!AG17=\"\",0,1)","v":1},{"$f":"+IF(Prezzi!AH17=\"\",0,1)","v":1},{"$f":"+IF(Prezzi!AI17=\"\",0,1)","v":1},{"$f":"+IF(Prezzi!AJ17=\"\",0,1)","v":1},{"$f":"+IF(Prezzi!AK17=\"\",0,1)","v":1},{"$f":"+IF(Prezzi!AL17=\"\",0,1)","v":1},{"$f":"+IF(Prezzi!AM17=\"\",0,1)","v":1},null,{"$f":"+Input!D25","v":"No"},{"$f":"+IF(AO17=\"No\",0,1)","v":0},null,{"$f":"+IF(B17>=$AP17,1,0)","v":1},1,1,1,1,1,1,1,1,1,1,1,1,1,1,1,1,1,1,1,1,1,1,1,1,1,1,1,1,1,1,1,1,1,1,1,1,1]
["Specifiche secondarie dei prodotti principali"]
["Espandibilità della RAM (GB) > fino a ",32,32,64,64,64,64,64,32,32,40,40,64,64,32,32,64,64,64,64,32,32,32,32,32,64,32,32,32,64,64,64,64,64,32,32,32,32,64,null,{"$f":"+Input!D16","v":16},{"$f":"+AO19","v":16},null,{"$f":"+IF(B19>=$AP19,1,0)","v":1},1,1,1,1,1,1,1,1,1,{"$f":"+IF(L19>=$AP19,1,0)","v":1},1,1,1,1,1,1,1,1,1,{"$f":"+IF(V19>=$AP19,1,0)","v":1},1,1,1,1,1,1,1,1,1,{"$f":"+IF(AF19>=$AP19,1,0)","v":1},1,1,1,1,1,1,1]
["Lettore biometrico integrato",1,1,1,1,1,1,1,1,1,1,1,1,1,1,1,1,1,1,1,1,1,0,1,1,1,1,1,1,1,1,1,1,1,1,1,1,1,1,null,{"$f":"+Input!D17","v":"No"},{"$f":"+IF(AO20=\"No\",0,1)","v":0},null,1,1,1,1,1,1,1,1,1,1,1,1,1,1,1,1,1,1,1,1,1,1,1,1,1,1,1,1,1,1,1,1,1,1,1,1,1,1]
["Numero totale di porte USB",4,4,3,4,4,4,4,4,4,4,4,4,4,4,4,4,4,4,4,4,4,4,3,4,4,4,4,4,3,4,4,4,4,4,4,4,4,3,null,{"$f":"+Input!D18","v":1},{"$f":"+AO21","v":1},null,1,1,1,1,1,1,1,1,1,1,1,1,1,1,1,1,1,1,1,1,1,1,1,1,1,1,1,1,1,1,1,1,1,1,1,1,1,1]
["Tastiera retroilluminata",1,1,1,1,1,1,1,1,1,1,1,1,1,1,1,1,1,1,1,1,1,1,1,1,1,1,1,1,1,1,1,1,1,1,1,1,1,1,null,{"$f":"+Input!D19","v":"No"},{"$f":"+IF(AO22=\"No\",0,1)","v":0},null,1,1,1,1,1,1,1,1,1,1,1,1,1,1,1,1,1,1,1,1,1,1,1,1,1,1,1,1,1,1,1,1,1,1,1,1,1,1]
["Nu monitor",3,1,1,4,4,4,4,3,3,3,3,4,4,4,4,4,4,4,4,3,3,2,2,2,2,3,2,2,2,3,3,3,3,3,3,4,4,4,null,{"$f":"+Input!D20","v":0},{"$f":"+AO23","v":0},null,{"$f":"+IF(B23>=$AP23,1,0)","v":1},1,1,1,1,1,1,1,1,1,1,1,1,1,1,1,1,1,1,1,1,1,1,1,1,1,1,1,1,1,1,1,1,1,1,1,1,1]
["Lettore di (micro)SD card integrato",1,0,0,1,1,0,0,0,0,1,1,1,1,0,0,1,1,0,0,0,0,1,1,1,1,0,0,0,0,1,1,1,1,0,0,0,0,0,null,{"$f":"+Input!D21","v":"No"},{"$f":"+IF(AO24=\"No\",0,1)","v":0},null,1,1,1,1,1,1,1,1,1,1,1,1,1,1,1,1,1,1,1,1,1,1,1,1,1,1,1,1,1,1,1,1,1,1,1,1,1,1]
["Camera shutter",1,1,1,1,1,1,1,1,1,1,1,1,1,1,1,1,1,1,1,1,1,1,1,1,1,1,1,1,1,1,1,1,1,1,1,1,1,1,null,{"$f":"+Input!D22","v":"No"},{"$f":"+IF(AO25=\"No\",0,1)","v":0},null,1,1,1,1,1,1,1,1,1,1,1,1,1,1,1,1,1,1,1,1,1,1,1,1,1,1,1,1,1,1,1,1,1,1,1,1,1,1]
["Possesso di etichette ambientali ISO di tipo I, secondo la UNI EN ISO 14024: EPEAT o Blauer Engel",1,1,1,1,1,1,1,1,1,1,1,1,1,1,1,1,1,1,1,1,1,0,0,1,1,1,1,1,1,1,1,1,1,1,1,1,1,1,null,{"$f":"+Input!D6","v":"Nessuna certificazione"},{"$f":"+IF(Input!D6=Ana!B2,0,1)","v":0},null,1,{"$f":"+IF(C26>=$AP26,1,0)","v":1},{"$f":"+IF(D26>=$AP26,1,0)","v":1},{"$f":"+IF(E26>=$AP26,1,0)","v":1},{"$f":"+IF(F26>=$AP26,1,0)","v":1},{"$f":"+IF(G26>=$AP26,1,0)","v":1},{"$f":"+IF(H26>=$AP26,1,0)","v":1},{"$f":"+IF(I26>=$AP26,1,0)","v":1},{"$f":"+IF(J26>=$AP26,1,0)","v":1},{"$f":"+IF(K26>=$AP26,1,0)","v":1},1,1,1,1,1,1,1,1,1,1,1,1,1,1,1,1,1,1,1,1,1,1,1,1,1,1,1,1]
["Integrazione con il servizio di Trouble Ticketing dell’Amministrazione",1,1,1,1,1,1,1,1,1,1,1,1,1,1,1,1,1,1,1,1,1,1,1,1,1,1,1,1,1,1,1,1,1,1,1,1,1,1,null,{"$f":"+Input!D26","v":"No"},{"$f":"+IF(AO27=\"No\",0,1)","v":0},null,{"$f":"+IF(B27>=$AP27,1,0)","v":1},1,1,1,1,1,1,1,1,1,1,1,1,1,1,1,1,1,1,1,1,1,1,1,1,1,1,1,1,1,1,1,1,1,1,1,1,1]
["Prodotti opzionali obbligatori"]
["Docking station / Port replicator - Marca e modello ","Sanxi Co. CK-0290D","Sanxi Co. CK-0290D","Sanxi Co. CK-0290D","Dell DA310","Dell DA310","Dell DA310","Dell DA310","Dell DA310","Dell DA310","LENOVO USB-C Mini Dock","LENOVO USB-C Mini Dock","LENOVO USB-C Mini Dock","LENOVO USB-C Mini Dock","LENOVO USB-C Mini Dock","LENOVO USB-C Mini Dock","DELL DA310","DELL DA310","DELL DA310","DELL DA310","DELL DA310","DELL DA310","SICOMPUTER AC-SI-NANODOCKVGAPD","SICOMPUTER AC-SI-NANODOCKVGAPD","Lenovo -USB-C Dual Display Travel Dock","Lenovo -USB-C Dual Display Travel Dock","Lenovo -USB-C Dual Display Travel Dock","DOCKING STATION HP USB-C DOCK G5","DOCKING STATION HP USB-C DOCK G5","DOCKING STATION SANXI CK00290C","Encore Electronics EN-DOCKINGST-1","Lenovo USB-C Mini dock"," Encore Electronics EN-DOCKINGST-1","Lenovo USB-C Mini dock"," Encore Electronics EN-DOCKINGST-1","Lenovo USB-C Mini dock","HP USB-C Dock G5","HP USB-C Dock G5","HP USB-C Dock G5",null,{"$f":"+Input!D30","v":"No"},{"$f":"+IF(AO29=\"No\",0,1)","v":0}]
["Unità storage esterna da 2 TB - Marca e modello ","Toshiba Canvio Basics","Toshiba Canvio Basics","Toshiba Canvio Basics","Seagate STKM2000400","Seagate STKM2000400","Seagate STKM2000400","Seagate STKM2000400","Seagate STKM2000400","Seagate STKM2000400","TOSHIBA CANVIO BASICS","TOSHIBA CANVIO BASICS","TOSHIBA CANVIO BASICS","TOSHIBA CANVIO BASICS","TOSHIBA CANVIO BASICS","TOSHIBA CANVIO BASICS","Seagate STKM2000400","Seagate STKM2000400","Seagate STKM2000400","Seagate STKM2000400","Seagate STKM2000400","Seagate STKM2000400","TOSHIBA HDTB420EK3AA ","TOSHIBA HDTB420EK3AA ","Western Digital -My Passport Portable Storage","Western Digital -My Passport Portable Storage","Western Digital -My Passport Portable Storage","TOSHIBA CANVIO BASICS","TOSHIBA CANVIO BASICS","TOSHIBA CANVIO BASICS","Toshiba Canvio Basics","Toshiba Canvio Basics","Toshiba Canvio Basics","Toshiba Canvio Basics","Toshiba Canvio Basics","Toshiba Canvio Basics","toshIba HDTB420EK3AA","toshIba HDTB420EK3AA","toshIba HDTB420EK3AA",null,{"$f":"+Input!D31","v":"No"},{"$f":"+IF(AO30=\"No\",0,1)","v":0}]
["Unità esterna DVD RW - Marca e modello","Shenzen Hengzhe Technology ECD002","Shenzen Hengzhe Technology ECD002","Shenzen Hengzhe Technology ECD002","DELL DW316","DELL DW316","Dell DW316","DELL DW316","DELL DW316","DELL DW316","CABLE TECHNOLOGIES MASTCD","CABLE TECHNOLOGIES MASTCD","CABLE TECHNOLOGIES MASTCD","CABLE TECHNOLOGIES MASTCD","CABLE TECHNOLOGIES MASTCD","CABLE TECHNOLOGIES MASTCD","DELL DW316","DELL DW316","Dell DW316","Dell DW316","Dell DW316","Dell DW316","SICOMPUTER INT8DVDE3","SICOMPUTER INT8DVDE3","V7 -ECD012-DW","V7 -ECD012-DW","V7 -ECD012-DW","Shenzhen Hengzhe Technology Co., Ltd - ECD002","Shenzhen Hengzhe Technology Co., Ltd - ECD002","Shenzhen Hengzhe Technology Co., Ltd - ECD002","SiComputer INT8DVDE3","SiComputer INT8DVDE3","SiComputer INT8DVDE3","SiComputer INT8DVDE3","SiComputer INT8DVDE3","SiComputer INT8DVDE3","HP f2b56aa","HP f2b56aa","HP f2b56aa",null,{"$f":"+Input!D32","v":"No"},{"$f":"+IF(AO31=\"No\",0,1)","v":0}]
["Set mouse e tastiera wireless - Marca e modello","Shenzen Phynoon Tech Q5000","Shenzen Phynoon Tech Q5000","Shenzen Phynoon Q5000","DELL KM5221W","DELL KM5221W","DELL KM5221W","DELL KM5221W","DELL KM5221W","DELL KM5221W","LENOVO KB MICE_BO Mouse & KBD Combo-Italy","LENOVO KB MICE_BO Mouse & KBD Combo-Italy","LENOVO KB MICE_BO Mouse & KBD Combo-Italy","LENOVO KB MICE_BO Mouse & KBD Combo-Italy","LENOVO KB MICE_BO Mouse & KBD Combo-Italy","LENOVO KB MICE_BO Mouse & KBD Combo-Italy","DELL KM5221W","DELL KM5221W","DELL KM5221W","DELL KM5221W","DELL KM5221W","DELL KM5221W","SICOMPUTER KB-SI-0011B","SICOMPUTER KB-SI-0011B","Lenovo, Kit mouse e tastiera wireless professionale","Lenovo, Kit mouse e tastiera wireless professionale","Lenovo, Kit mouse e tastiera wireless professionale","Shenzhen Phynoon Tech Co., Ltd - Q5000","Shenzhen Phynoon Tech Co., Ltd - Q5000","Shenzhen Phynoon Tech Co., Ltd - Q5000","LINK LKTAST03","Lenovo™ Essential WIRELESS Keyboard and Mouse Combo","LINK LKTAST03","Lenovo™ Essential WIRELESS Keyboard and Mouse Combo","LINK LKTAST03","Lenovo™ Essential WIRELESS Keyboard and Mouse Combo","HP 235 Wireless Mouse and Keyboard Combo","HP 235 Wireless Mouse and Keyboard Combo","HP 235 WL",null,{"$f":"+Input!D33","v":"No"},{"$f":"+IF(AO32=\"No\",0,1)","v":0}]
["Specifiche secondarie relative ai Prodotti Opzionali Obbligatori"]
["Tastiera e mouse wireless dello stesso produttore del pc",0,0,0,1,1,1,1,1,1,1,1,1,1,1,1,1,1,1,1,1,1,1,1,1,1,1,0,0,0,0,1,0,1,0,1,1,1,1,null,{"$f":"+Input!D33","v":"No"},{"$f":"+IF(AO34=Ana!H4,1,0)","v":0},null,{"$f":"+IF(B34>=$AP34,1,0)","v":1},1,1,1,1,1,1,1,1,1,{"$f":"+IF(L34>=$AP34,1,0)","v":1},1,1,1,1,1,1,1,1,1,{"$f":"+IF(V34>=$AP34,1,0)","v":1},1,1,1,1,1,1,1,1,1,{"$f":"+IF(AF34>=$AP34,1,0)","v":1},1,1,1,1,1,1,1]
["Docking station / port replicator dello stesso produttore del pc",0,0,0,1,1,1,1,1,1,1,1,1,1,1,1,1,1,1,1,1,1,1,1,1,1,1,1,1,0,0,1,0,1,0,1,1,1,1,null,{"$f":"+Input!D30","v":"No"},{"$f":"+IF(AO35=Ana!H4,1,0)","v":0},null,1,1,1,1,1,1,1,1,1,1,1,1,1,1,1,1,1,1,1,1,1,1,1,1,1,1,1,1,1,1,1,1,1,1,1,1,1,1]
["Prodotti opzionali facoltativi"]
["Cuffie stereo e microfono - Marca e modello",{"$f":"+IF(Prezzi!B37=\"\",0,1)","v":1},{"$f":"+IF(Prezzi!C37=\"\",0,1)","v":1},{"$f":"+IF(Prezzi!D37=\"\",0,1)","v":1},{"$f":"+IF(Prezzi!E37=\"\",0,1)","v":1},{"$f":"+IF(Prezzi!F37=\"\",0,1)","v":1},{"$f":"+IF(Prezzi!G37=\"\",0,1)","v":1},{"$f":"+IF(Prezzi!H37=\"\",0,1)","v":1},{"$f":"+IF(Prezzi!I37=\"\",0,1)","v":1},{"$f":"+IF(Prezzi!J37=\"\",0,1)","v":1},{"$f":"+IF(Prezzi!K37=\"\",0,1)","v":1},{"$f":"+IF(Prezzi!L37=\"\",0,1)","v":1},{"$f":"+IF(Prezzi!M37=\"\",0,1)","v":1},{"$f":"+IF(Prezzi!N37=\"\",0,1)","v":1},{"$f":"+IF(Prezzi!O37=\"\",0,1)","v":1},{"$f":"+IF(Prezzi!P37=\"\",0,1)","v":1},{"$f":"+IF(Prezzi!Q37=\"\",0,1)","v":1},{"$f":"+IF(Prezzi!R37=\"\",0,1)","v":1},{"$f":"+IF(Prezzi!S37=\"\",0,1)","v":1},{"$f":"+IF(Prezzi!T37=\"\",0,1)","v":1},{"$f":"+IF(Prezzi!U37=\"\",0,1)","v":1},{"$f":"+IF(Prezzi!V37=\"\",0,1)","v":1},{"$f":"+IF(Prezzi!W37=\"\",0,1)","v":1},{"$f":"+IF(Prezzi!X37=\"\",0,1)","v":1},{"$f":"+IF(Prezzi!Y37=\"\",0,1)","v":1},{"$f":"+IF(Prezzi!Z37=\"\",0,1)","v":1},{"$f":"+IF(Prezzi!AA37=\"\",0,1)","v":1},{"$f":"+IF(Prezzi!AB37=\"\",0,1)","v":1},{"$f":"+IF(Prezzi!AC37=\"\",0,1)","v":1},{"$f":"+IF(Prezzi!AD37=\"\",0,1)","v":1},{"$f":"+IF(Prezzi!AE37=\"\",0,1)","v":1},{"$f":"+IF(Prezzi!AF37=\"\",0,1)","v":1},{"$f":"+IF(Prezzi!AG37=\"\",0,1)","v":1},{"$f":"+IF(Prezzi!AH37=\"\",0,1)","v":1},{"$f":"+IF(Prezzi!AI37=\"\",0,1)","v":1},{"$f":"+IF(Prezzi!AJ37=\"\",0,1)","v":1},{"$f":"+IF(Prezzi!AK37=\"\",0,1)","v":1},{"$f":"+IF(Prezzi!AL37=\"\",0,1)","v":1},{"$f":"+IF(Prezzi!AM37=\"\",0,1)","v":1},null,{"$f":"+Input!D34","v":"No"},{"$f":"+IF(AO37=\"No\",0,1)","v":0},null,{"$f":"+IF(B37>=$AP37,1,0)","v":1},1,1,1,1,1,1,1,1,1,{"$f":"+IF(L37>=$AP37,1,0)","v":1},1,1,1,1,1,1,1,1,1,{"$f":"+IF(V37>=$AP37,1,0)","v":1},1,1,1,1,1,1,1,1,1,{"$f":"+IF(AF37>=$AP37,1,0)","v":1},1,1,1,1,1,1,1]
["Zaino porta computer - Marca e modello",{"$f":"+IF(Prezzi!B38=\"\",0,1)","v":1},{"$f":"+IF(Prezzi!C38=\"\",0,1)","v":1},{"$f":"+IF(Prezzi!D38=\"\",0,1)","v":1},{"$f":"+IF(Prezzi!E38=\"\",0,1)","v":1},{"$f":"+IF(Prezzi!F38=\"\",0,1)","v":1},{"$f":"+IF(Prezzi!G38=\"\",0,1)","v":1},{"$f":"+IF(Prezzi!H38=\"\",0,1)","v":1},{"$f":"+IF(Prezzi!I38=\"\",0,1)","v":1},{"$f":"+IF(Prezzi!J38=\"\",0,1)","v":1},{"$f":"+IF(Prezzi!K38=\"\",0,1)","v":1},{"$f":"+IF(Prezzi!L38=\"\",0,1)","v":1},{"$f":"+IF(Prezzi!M38=\"\",0,1)","v":1},{"$f":"+IF(Prezzi!N38=\"\",0,1)","v":1},{"$f":"+IF(Prezzi!O38=\"\",0,1)","v":1},{"$f":"+IF(Prezzi!P38=\"\",0,1)","v":1},{"$f":"+IF(Prezzi!Q38=\"\",0,1)","v":1},{"$f":"+IF(Prezzi!R38=\"\",0,1)","v":1},{"$f":"+IF(Prezzi!S38=\"\",0,1)","v":1},{"$f":"+IF(Prezzi!T38=\"\",0,1)","v":1},{"$f":"+IF(Prezzi!U38=\"\",0,1)","v":1},{"$f":"+IF(Prezzi!V38=\"\",0,1)","v":1},{"$f":"+IF(Prezzi!W38=\"\",0,1)","v":1},{"$f":"+IF(Prezzi!X38=\"\",0,1)","v":1},{"$f":"+IF(Prezzi!Y38=\"\",0,1)","v":1},{"$f":"+IF(Prezzi!Z38=\"\",0,1)","v":1},{"$f":"+IF(Prezzi!AA38=\"\",0,1)","v":1},{"$f":"+IF(Prezzi!AB38=\"\",0,1)","v":1},{"$f":"+IF(Prezzi!AC38=\"\",0,1)","v":1},{"$f":"+IF(Prezzi!AD38=\"\",0,1)","v":1},{"$f":"+IF(Prezzi!AE38=\"\",0,1)","v":1},{"$f":"+IF(Prezzi!AF38=\"\",0,1)","v":1},{"$f":"+IF(Prezzi!AG38=\"\",0,1)","v":1},{"$f":"+IF(Prezzi!AH38=\"\",0,1)","v":1},{"$f":"+IF(Prezzi!AI38=\"\",0,1)","v":1},{"$f":"+IF(Prezzi!AJ38=\"\",0,1)","v":1},{"$f":"+IF(Prezzi!AK38=\"\",0,1)","v":1},{"$f":"+IF(Prezzi!AL38=\"\",0,1)","v":1},{"$f":"+IF(Prezzi!AM38=\"\",0,1)","v":1},null,{"$f":"+Input!D35","v":"No"},{"$f":"+IF(AO38=\"No\",0,1)","v":0},null,1,1,1,1,1,1,1,1,1,1,1,1,1,1,1,1,1,1,1,1,1,1,1,1,1,1,1,1,1,1,1,1,1,1,1,1,1,1]
["Monitor multimediale da 23.6\" - Marca e  modello ",{"$f":"+IF(Prezzi!B39=\"\",0,1)","v":1},{"$f":"+IF(Prezzi!C39=\"\",0,1)","v":1},{"$f":"+IF(Prezzi!D39=\"\",0,1)","v":1},{"$f":"+IF(Prezzi!E39=\"\",0,1)","v":1},{"$f":"+IF(Prezzi!F39=\"\",0,1)","v":1},{"$f":"+IF(Prezzi!G39=\"\",0,1)","v":1},{"$f":"+IF(Prezzi!H39=\"\",0,1)","v":1},{"$f":"+IF(Prezzi!I39=\"\",0,1)","v":1},{"$f":"+IF(Prezzi!J39=\"\",0,1)","v":1},{"$f":"+IF(Prezzi!K39=\"\",0,1)","v":1},{"$f":"+IF(Prezzi!L39=\"\",0,1)","v":1},{"$f":"+IF(Prezzi!M39=\"\",0,1)","v":1},{"$f":"+IF(Prezzi!N39=\"\",0,1)","v":1},{"$f":"+IF(Prezzi!O39=\"\",0,1)","v":1},{"$f":"+IF(Prezzi!P39=\"\",0,1)","v":1},{"$f":"+IF(Prezzi!Q39=\"\",0,1)","v":1},{"$f":"+IF(Prezzi!R39=\"\",0,1)","v":1},{"$f":"+IF(Prezzi!S39=\"\",0,1)","v":1},{"$f":"+IF(Prezzi!T39=\"\",0,1)","v":1},{"$f":"+IF(Prezzi!U39=\"\",0,1)","v":1},{"$f":"+IF(Prezzi!V39=\"\",0,1)","v":1},{"$f":"+IF(Prezzi!W39=\"\",0,1)","v":1},{"$f":"+IF(Prezzi!X39=\"\",0,1)","v":1},{"$f":"+IF(Prezzi!Y39=\"\",0,1)","v":1},{"$f":"+IF(Prezzi!Z39=\"\",0,1)","v":1},{"$f":"+IF(Prezzi!AA39=\"\",0,1)","v":1},{"$f":"+IF(Prezzi!AB39=\"\",0,1)","v":1},{"$f":"+IF(Prezzi!AC39=\"\",0,1)","v":1},{"$f":"+IF(Prezzi!AD39=\"\",0,1)","v":1},{"$f":"+IF(Prezzi!AE39=\"\",0,1)","v":1},{"$f":"+IF(Prezzi!AF39=\"\",0,1)","v":1},{"$f":"+IF(Prezzi!AG39=\"\",0,1)","v":1},{"$f":"+IF(Prezzi!AH39=\"\",0,1)","v":1},{"$f":"+IF(Prezzi!AI39=\"\",0,1)","v":1},{"$f":"+IF(Prezzi!AJ39=\"\",0,1)","v":1},{"$f":"+IF(Prezzi!AK39=\"\",0,1)","v":1},{"$f":"+IF(Prezzi!AL39=\"\",0,1)","v":1},{"$f":"+IF(Prezzi!AM39=\"\",0,1)","v":1},null,{"$f":"+Input!D36","v":"No"},{"$f":"+IF(OR(AO39=Ana!I3,AO39=Ana!I5),1,0)","v":0},null,1,1,1,1,1,1,1,1,1,1,1,1,1,1,1,1,1,1,1,1,1,1,1,1,1,1,1,1,1,1,1,1,1,1,1,1,1,1]
["Monitor multimediale da 27\" - Marca e  modello ",{"$f":"+IF(Prezzi!B40=\"\",0,1)","v":1},{"$f":"+IF(Prezzi!C40=\"\",0,1)","v":1},{"$f":"+IF(Prezzi!D40=\"\",0,1)","v":1},{"$f":"+IF(Prezzi!E40=\"\",0,1)","v":1},{"$f":"+IF(Prezzi!F40=\"\",0,1)","v":1},{"$f":"+IF(Prezzi!G40=\"\",0,1)","v":1},{"$f":"+IF(Prezzi!H40=\"\",0,1)","v":1},{"$f":"+IF(Prezzi!I40=\"\",0,1)","v":1},{"$f":"+IF(Prezzi!J40=\"\",0,1)","v":1},{"$f":"+IF(Prezzi!K40=\"\",0,1)","v":1},{"$f":"+IF(Prezzi!L40=\"\",0,1)","v":1},{"$f":"+IF(Prezzi!M40=\"\",0,1)","v":1},{"$f":"+IF(Prezzi!N40=\"\",0,1)","v":1},{"$f":"+IF(Prezzi!O40=\"\",0,1)","v":1},{"$f":"+IF(Prezzi!P40=\"\",0,1)","v":1},{"$f":"+IF(Prezzi!Q40=\"\",0,1)","v":1},{"$f":"+IF(Prezzi!R40=\"\",0,1)","v":1},{"$f":"+IF(Prezzi!S40=\"\",0,1)","v":1},{"$f":"+IF(Prezzi!T40=\"\",0,1)","v":1},{"$f":"+IF(Prezzi!U40=\"\",0,1)","v":1},{"$f":"+IF(Prezzi!V40=\"\",0,1)","v":1},{"$f":"+IF(Prezzi!W40=\"\",0,1)","v":1},{"$f":"+IF(Prezzi!X40=\"\",0,1)","v":1},{"$f":"+IF(Prezzi!Y40=\"\",0,1)","v":1},{"$f":"+IF(Prezzi!Z40=\"\",0,1)","v":1},{"$f":"+IF(Prezzi!AA40=\"\",0,1)","v":1},{"$f":"+IF(Prezzi!AB40=\"\",0,1)","v":1},{"$f":"+IF(Prezzi!AC40=\"\",0,1)","v":1},{"$f":"+IF(Prezzi!AD40=\"\",0,1)","v":1},{"$f":"+IF(Prezzi!AE40=\"\",0,1)","v":1},{"$f":"+IF(Prezzi!AF40=\"\",0,1)","v":1},{"$f":"+IF(Prezzi!AG40=\"\",0,1)","v":1},{"$f":"+IF(Prezzi!AH40=\"\",0,1)","v":1},{"$f":"+IF(Prezzi!AI40=\"\",0,1)","v":1},{"$f":"+IF(Prezzi!AJ40=\"\",0,1)","v":1},{"$f":"+IF(Prezzi!AK40=\"\",0,1)","v":1},{"$f":"+IF(Prezzi!AL40=\"\",0,1)","v":1},{"$f":"+IF(Prezzi!AM40=\"\",0,1)","v":1},null,{"$f":"+Input!D36","v":"No"},{"$f":"+IF(OR(AO40=Ana!I4,AO40=Ana!I6),1,0)","v":0},null,1,1,1,1,1,1,1,1,1,1,1,1,1,1,1,1,1,1,1,1,1,1,1,1,1,1,1,1,1,1,1,1,1,1,1,1,1,1]
["Specifiche secondarie relative ai prodotti opzionali facoltativi"]
["Monitor da 23.6\" dello stesso produttore del pc",1,0,0,1,1,1,1,1,1,1,1,1,1,1,1,0,0,0,0,0,0,0,0,1,1,1,0,0,0,1,1,1,1,1,1,0,0,0,null,{"$f":"+Input!D36","v":"No"},{"$f":"+IF(AO42=Ana!I5,1,0)","v":0},null,{"$f":"+IF(B42>=$AP42,1,0)","v":1},1,1,1,1,1,1,1,1,1,{"$f":"+IF(L42>=$AP42,1,0)","v":1},1,1,1,1,1,1,1,1,1,{"$f":"+IF(V42>=$AP42,1,0)","v":1},1,1,1,1,1,1,1,1,1,{"$f":"+IF(AF42>=$AP42,1,0)","v":1},1,1,1,1,1,1,1]
["Monitor da 27\" dello stesso produttore del pc",1,0,0,1,1,1,1,1,1,0,1,0,1,0,1,0,0,0,0,0,0,0,0,1,1,1,0,0,0,1,1,1,1,1,1,0,0,0,null,{"$f":"+Input!D36","v":"No"},{"$f":"+IF(AO43=Ana!I6,1,0)","v":0},null,1,1,1,1,1,1,1,1,1,1,1,1,1,1,1,1,1,1,1,1,1,1,1,1,1,1,1,1,1,1,1,1,1,1,1,1,1,1]
[]
[null,null,null,null,null,null,null,null,null,null,null,null,null,null,null,null,null,null,null,null,null,null,null,null,null,null,null,null,null,null,null,null,null,null,null,null,null,null,null,null,null,null,"Caratteristiche disponibili",{"$f":"IF(COUNTIF(AR5:AR43,0)=0,1,0)","v":0},{"$f":"IF(COUNTIF(AS5:AS43,0)=0,1,0)","v":0},{"$f":"IF(COUNTIF(AT5:AT43,0)=0,1,0)","v":0},0,0,{"$f":"IF(COUNTIF(AW5:AW43,0)=0,1,0)","v":0},{"$f":"IF(COUNTIF(AX5:AX43,0)=0,1,0)","v":0},{"$f":"IF(COUNTIF(AY5:AY43,0)=0,1,0)","v":0},0,0,0,0,0,0,0,0,0,0,0,0,0,0,0,0,0,0,0,0,0,0,0,0,0,0,0,0,0,0]
[null,null,null,null,null,null,null,null,null,null,null,null,null,null,null,null,null,null,null,null,null,null,null,null,null,null,null,null,null,null,null,null,null,null,null,null,null,null,null,null,null,null,"Configurazione disponibile",{"$f":"IFERROR(VLOOKUP(AR3&Config_Dispo!$A$1,Config_Dispo!$A:$K,11,FALSE),1)","v":1},{"$f":"IFERROR(VLOOKUP(AS3&Config_Dispo!$A$1,Config_Dispo!$A:$K,11,FALSE),1)","v":1},{"$f":"IFERROR(VLOOKUP(AT3&Config_Dispo!$A$1,Config_Dispo!$A:$K,11,FALSE),1)","v":0},{"$f":"IFERROR(VLOOKUP(AU3&Config_Dispo!$A$1,Config_Dispo!$A:$K,11,FALSE),1)","v":1},{"$f":"IFERROR(VLOOKUP(AV3&Config_Dispo!$A$1,Config_Dispo!$A:$K,11,FALSE),1)","v":1},{"$f":"IFERROR(VLOOKUP(AW3&Config_Dispo!$A$1,Config_Dispo!$A:$K,11,FALSE),1)","v":1},{"$f":"IFERROR(VLOOKUP(AX3&Config_Dispo!$A$1,Config_Dispo!$A:$K,11,FALSE),1)","v":1},{"$f":"IFERROR(VLOOKUP(AY3&Config_Dispo!$A$1,Config_Dispo!$A:$K,11,FALSE),1)","v":0},{"$f":"IFERROR(VLOOKUP(AZ3&Config_Dispo!$A$1,Config_Dispo!$A:$K,11,FALSE),1)","v":0},{"$f":"IFERROR(VLOOKUP(BA3&Config_Dispo!$A$1,Config_Dispo!$A:$K,11,FALSE),1)","v":1},{"$f":"IFERROR(VLOOKUP(BB3&Config_Dispo!$A$1,Config_Dispo!$A:$K,11,FALSE),1)","v":1},{"$f":"IFERROR(VLOOKUP(BC3&Config_Dispo!$A$1,Config_Dispo!$A:$K,11,FALSE),1)","v":1},{"$f":"IFERROR(VLOOKUP(BD3&Config_Dispo!$A$1,Config_Dispo!$A:$K,11,FALSE),1)","v":1},{"$f":"IFERROR(VLOOKUP(BE3&Config_Dispo!$A$1,Config_Dispo!$A:$K,11,FALSE),1)","v":0},{"$f":"IFERROR(VLOOKUP(BF3&Config_Dispo!$A$1,Config_Dispo!$A:$K,11,FALSE),1)","v":0},{"$f":"IFERROR(VLOOKUP(BG3&Config_Dispo!$A$1,Config_Dispo!$A:$K,11,FALSE),1)","v":1},{"$f":"IFERROR(VLOOKUP(BH3&Config_Dispo!$A$1,Config_Dispo!$A:$K,11,FALSE),1)","v":1},{"$f":"IFERROR(VLOOKUP(BI3&Config_Dispo!$A$1,Config_Dispo!$A:$K,11,FALSE),1)","v":1},{"$f":"IFERROR(VLOOKUP(BJ3&Config_Dispo!$A$1,Config_Dispo!$A:$K,11,FALSE),1)","v":1},{"$f":"IFERROR(VLOOKUP(BK3&Config_Dispo!$A$1,Config_Dispo!$A:$K,11,FALSE),1)","v":0},{"$f":"IFERROR(VLOOKUP(BL3&Config_Dispo!$A$1,Config_Dispo!$A:$K,11,FALSE),1)","v":0},{"$f":"IFERROR(VLOOKUP(BM3&Config_Dispo!$A$1,Config_Dispo!$A:$K,11,FALSE),1)","v":1},{"$f":"IFERROR(VLOOKUP(BN3&Config_Dispo!$A$1,Config_Dispo!$A:$K,11,FALSE),1)","v":1},{"$f":"IFERROR(VLOOKUP(BO3&Config_Dispo!$A$1,Config_Dispo!$A:$K,11,FALSE),1)","v":1},{"$f":"IFERROR(VLOOKUP(BP3&Config_Dispo!$A$1,Config_Dispo!$A:$K,11,FALSE),1)","v":1},{"$f":"IFERROR(VLOOKUP(BQ3&Config_Dispo!$A$1,Config_Dispo!$A:$K,11,FALSE),1)","v":0},{"$f":"IFERROR(VLOOKUP(BR3&Config_Dispo!$A$1,Config_Dispo!$A:$K,11,FALSE),1)","v":1},{"$f":"IFERROR(VLOOKUP(BS3&Config_Dispo!$A$1,Config_Dispo!$A:$K,11,FALSE),1)","v":1},{"$f":"IFERROR(VLOOKUP(BT3&Config_Dispo!$A$1,Config_Dispo!$A:$K,11,FALSE),1)","v":0},{"$f":"IFERROR(VLOOKUP(BU3&Config_Dispo!$A$1,Config_Dispo!$A:$K,11,FALSE),1)","v":1},{"$f":"IFERROR(VLOOKUP(BV3&Config_Dispo!$A$1,Config_Dispo!$A:$K,11,FALSE),1)","v":0},{"$f":"IFERROR(VLOOKUP(BW3&Config_Dispo!$A$1,Config_Dispo!$A:$K,11,FALSE),1)","v":1},{"$f":"IFERROR(VLOOKUP(BX3&Config_Dispo!$A$1,Config_Dispo!$A:$K,11,FALSE),1)","v":1},{"$f":"IFERROR(VLOOKUP(BY3&Config_Dispo!$A$1,Config_Dispo!$A:$K,11,FALSE),1)","v":0},{"$f":"IFERROR(VLOOKUP(BZ3&Config_Dispo!$A$1,Config_Dispo!$A:$K,11,FALSE),1)","v":0},{"$f":"IFERROR(VLOOKUP(CA3&Config_Dispo!$A$1,Config_Dispo!$A:$K,11,FALSE),1)","v":1},{"$f":"IFERROR(VLOOKUP(CB3&Config_Dispo!$A$1,Config_Dispo!$A:$K,11,FALSE),1)","v":1},{"$f":"IFERROR(VLOOKUP(CC3&Config_Dispo!$A$1,Config_Dispo!$A:$K,11,FALSE),1)","v":0}]
[null,null,null,null,null,null,null,null,null,null,null,null,null,null,null,null,null,null,null,null,null,null,null,null,null,null,null,null,null,null,null,null,null,null,null,null,null,null,null,null,null,null,"Caratteristiche e configurazioni disponibili",{"$f":"+AR45*AR46","v":0},{"$f":"+AS45*AS46","v":0},0,0,0,0,0,0,0,0,0,0,0,0,0,0,0,0,0,0,0,0,0,0,0,0,0,0,0,0,0,0,0,0,0,0,0,0]

{"sheet":"Prezzi","index":5,"n_rows":77,"n_cols":81,"rows_kept":77,"cut":false,"hidden":true,"merged":[]}
["Dati offerti",null,null,null,null,null,null,null,null,null,null,null,null,null,null,null,null,null,null,null,null,null,null,null,null,null,null,null,null,null,null,null,null,null,null,null,null,null,null,null,"Selezione",null,null,"Calcoli selezioni prodotti"]
[]
[null,"Bellucci_15_config_TCO","Bellucci_14_config_TCO","Bellucci_13_config_TCO","Bsistemi_15_config_standard","Bsistemi_15_config_TCO","Bsistemi_14_config_standard","Bsistemi_14_config_TCO","Bsistemi_13_config_standard","Bsistemi_13_config_TCO","Converge_15_config_standard","Converge_15_config_TCO","Converge_14_config_standard","Converge_14_config_TCO","Converge_13_config_standard","Converge_13_config_TCO","Eurome_15_config_standard","Eurome_15_config_TCO","Eurome_14_config_standard","Eurome_14_config_TCO","Eurome_13_config_standard","Eurome_13_config_TCO","Finbuc_15_config_standard","Finbuc_14_config_standard","RTI IM Direct & Partner_15_config_TCO","RTI IM Direct & Partner_14_config_TCO","RTI IM Direct & Partner_13_config_TCO","Infordata_15_config_TCO","Infordata_14_config_TCO","Infordata_13_config_TCO","Italware_15_config_standard","Italware_15_config_TCO","Italware_14_config_standard","Italware_14_config_TCO","Italware_13_config_standard","Italware_13_config_TCO","VAR_Group_15_config_TCO","VAR_Group_14_config_TCO","VAR_Group_13_config_TCO",null,null,null,null,"Bellucci_15_config_TCO","Bellucci_14_config_TCO","Bellucci_13_config_TCO","Bsistemi_15_config_standard","Bsistemi_15_config_TCO","Bsistemi_14_config_standard","Bsistemi_14_config_TCO","Bsistemi_13_config_standard","Bsistemi_13_config_TCO","Converge_15_config_standard","Converge_15_config_TCO","Converge_14_config_standard","Converge_14_config_TCO","Converge_13_config_standard","Converge_13_config_TCO","Eurome_15_config_standard","Eurome_15_config_TCO","Eurome_14_config_standard","Eurome_14_config_TCO","Eurome_13_config_standard","Eurome_13_config_TCO","Finbuc_15_config_standard","Finbuc_14_config_standard","RTI IM Direct & Partner_15_config_TCO","RTI IM Direct & Partner_14_config_TCO","RTI IM Direct & Partner_13_config_TCO","Infordata_15_config_TCO","Infordata_14_config_TCO","Infordata_13_config_TCO","Italware_15_config_standard","Italware_15_config_TCO","Italware_14_config_standard","Italware_14_config_TCO","Italware_13_config_standard","Italware_13_config_TCO","VAR_Group_15_config_TCO","VAR_Group_14_config_TCO","VAR_Group_13_config_TCO"]
["Marca e modello del personal computer portatile offerto",355,555,630,534,539,534,539,604.88,627.32000000000005,480.3,480.3,336.71,336.71,420.02,419.04,550,560,559,560,604,625,337.05,337.05,375.61,379.99,457.21,538,375,622,370,370,535.36,542.77,440,440,554.96,554.96,602.41,null,null,1,null,{"$f":"+B4*$AP4","v":355},555,630,534,539,534,539,604.88,627.32000000000005,480.3,480.3,336.71,336.71,420.02,419.04,550,560,559,560,604,625,337.05,337.05,375.61,379.99,457.21,538,375,622,370,370,535.36,542.77,440,440,554.96,554.96,602.41]
["Prodotto principale in possesso di certificazione TCO (SI/NO)",null,null,null,null,null,null,null,null,null,null,null,null,null,null,null,null,null,null,null,null,null,null,null,null,null,null,null,null,null,null,null,null,null,null,null,null,null,null,null,{"$f":"+Input!D6","v":"Nessuna certificazione"},{"$f":"+IF(AO5=Ana!$B$4,1,0)","v":0}]
["dimensione schermo (pollici)",null,null,null,null,null,null,null,null,null,null,null,null,null,null,null,null,null,null,null,null,null,null,null,null,null,null,null,null,null,null,null,null,null,null,null,null,null,null,null,{"$f":"+Input!D4","v":0},{"$f":"+LEFT(AO6,2)*1","v":0}]
["OPZIONI DI PRODOTTO STANDARD"]
["Processore - Marca e modello CPU Low",null,null,null,null,null,null,null,null,null,null,null,null,null,null,null,null,null,null,null,null,null,null,null,null,null,null,null,null,null,null,null,null,null,null,null,null,null,null,null,{"$f":"+Input!D9","v":"Low"},{"$f":"+IF(AO8=Ana!C2,1,0)","v":1}]
["Upgrade a Processore Mid-range",30,60,60,60,41.8,60,41,59.9,57.57,48.79,48.79,35.5,35.5,21.47,21.47,59,55,59,55,59,59,37.450000000000003,19.260000000000002,37.58,37.58,14.82,59,36,59,30,30,58.52,58.52,20,20,57.5,57.5,57.5,null,{"$f":"+Input!D9","v":"Low"},{"$f":"+IF(AO9=Ana!C3,1,0)","v":0},null,{"$f":"+B9*$AP9","v":0},0,0,0,0,0,0,0,0,0,{"$f":"+L9*$AP9","v":0},0,0,0,0,0,0,0,0,0,{"$f":"+V9*$AP9","v":0},0,0,0,0,0,0,0,0,0,{"$f":"+AF9*$AP9","v":0},0,0,0,0,0,0,0]
["Upgrade a Processore High",95,180,180,180,170.5,180,170,171.62,149.16,128.36000000000001,128.36000000000001,78.38,78.38,98.59,98.59,179,179,175,175,160,160,63.13,48.15,97.23,97.23,98.55,159,97,177,95,95,178.01,168.39,105,105,172.49,172.49,172.49,null,{"$f":"+Input!D9","v":"Low"},{"$f":"+IF(AO10=Ana!C4,1,0)","v":0},null,0,0,0,0,0,0,0,0,0,0,0,0,0,0,0,0,0,0,0,0,0,0,0,0,0,0,0,0,0,0,0,0,0,0,0,0,0,0]
["Upgrade RAM a 16 GB",32,50,50,46,49.2,46,49.2,49.73,49.73,44.1,44.1,22.78,22.78,22.09,22.09,49,49,49,49,49,49,10.7,10.7,31.7,31.7,30.96,28,29,49,29,29,48.46,48.46,30,30,47.91,47.91,47.91,null,{"$f":"+Input!D10","v":8},{"$f":"+IF(AO11=Ana!D3,1,0)","v":0},null,0,0,0,0,0,0,0,0,0,0,0,0,0,0,0,0,0,0,0,0,0,0,0,0,0,0,0,0,0,0,0,0,0,0,0,0,0,0]
["Upgrade Storage a 512 GB (delta prezzo rispetto a 256 GB)",15.08,50,50,24,36.29,24,36.29,32.36,38,35.72,35.72,13.02,13.02,12.62,12.62,40,40,40,40,40,40,7.49,7.49,24.36,25.36,25.86,12,23,36,20,20,49.42,49.42,26.5,26.5,35.14,35.14,35.14,null,{"$f":"+Input!D11","v":256},{"$f":"+IF(AO12=Ana!E3,1,0)","v":0},null,0,0,0,0,0,0,0,0,0,0,0,0,0,0,0,0,0,0,0,0,0,0,0,0,0,0,0,0,0,0,0,0,0,0,0,0,0,0]
["Upgrade schermo FHD (Delta prezzo rispetto a schermo HD)",0.01,70,0,69,69,69,69,0,0,35,35,0,0,0,0,45,30,36,30,0,0,5.55,5.55,1,1,0,16,2,null,1,1,68.680000000000007,69.53,0,0,30.88,30.88,0,null,{"$f":"+Input!D12","v":"HD"},{"$f":"+IF(AO13=Ana!L3,1,0)","v":0},null,0,0,0,0,0,0,0,0,0,0,0,0,0,0,0,0,0,0,0,0,0,0,0,0,0,0,0,0,0,0,0,0,0,0,0,0,0,0]
["Licenza O.E.M. Microsoft Windows 11 Pro Education (delta prezzo rispetto a S.O. Linux)",49.98,50,50,44,44,44,44,44,44,49.77,49.77,49.77,49.77,49.77,49.77,45,45,45,45,45,45,34.24,34.24,49.75,49.75,49.75,49,49,49,49.98,49.98,49.98,49.98,49.98,49.98,47.72,47.91,47.91,null,{"$f":"+Input!D13","v":"Distribuzione Linux"},{"$f":"+IF(AO14=Ana!F3,1,0)","v":0},null,0,0,0,0,0,0,0,0,0,0,0,0,0,0,0,0,0,0,0,0,0,0,0,0,0,0,0,0,0,0,0,0,0,0,0,0,0,0]
["Licenza O.E.M. Microsoft Windows 11 Pro (delta prezzo rispetto a S.O. Linux)",80.959999999999994,120,120,119,119,119,119,119,119,113.71,113.71,104.62,104.62,104.62,104.62,119,119,119,119,119,119,99.51,99.51,105.64,105.64,105.64,118,96,118,75.959999999999994,75.959999999999994,119.66,116.54,110,110,114.53,114.99,114.99,null,{"$f":"+Input!D13","v":"Distribuzione Linux"},{"$f":"+IF(AO15=Ana!F4,1,0)","v":0},null,0,0,0,0,0,0,0,0,0,0,0,0,0,0,0,0,0,0,0,0,0,0,0,0,0,0,0,0,0,0,0,0,0,0,0,0,0,0]
["OPZIONE DI SERVIZIO STANDARD"]
["Estensione servizio di assistenza e manutenzione a 60 mesi per il prodotto principale",12,17.8,17.8,45,45,45,45,45.43,45.43,30.3,30.3,20.71,20.71,30.3,30.3,45,40,45,40,55,55,42.8,42.8,35.520000000000003,35.520000000000003,35.520000000000003,8,8,8,12,12,99.46,99.46,16,16,40.299999999999997,40.46,95.83,null,{"$f":"+Input!D25","v":"No"},{"$f":"+IF(AO17=\"No\",0,1)","v":0},null,{"$f":"+B17*$AP17","v":0},0,0,0,0,0,0,0,0,0,0,0,0,0,0,0,0,0,0,0,0,0,0,0,0,0,0,0,0,0,0,0,0,0,0,0,0,0]
["Specifiche secondarie dei prodotti principali"]
["Espandibilità della RAM (GB) > fino a ",null,null,null,null,null,null,null,null,null,null,null,null,null,null,null,null,null,null,null,null,null,null,null,null,null,null,null,null,null,null,null,null,null,null,null,null,null,null,null,{"$f":"+Input!D16","v":16},{"$f":"+AO19","v":16}]
["Lettore biometrico integrato",null,null,null,null,null,null,null,null,null,null,null,null,null,null,null,null,null,null,null,null,null,null,null,null,null,null,null,null,null,null,null,null,null,null,null,null,null,null,null,{"$f":"+Input!D17","v":"No"},{"$f":"+IF(AO20=\"No\",0,1)","v":0}]
["Numero totale di porte USB",null,null,null,null,null,null,null,null,null,null,null,null,null,null,null,null,null,null,null,null,null,null,null,null,null,null,null,null,null,null,null,null,null,null,null,null,null,null,null,{"$f":"+Input!D18","v":1}]
["Tastiera retroilluminata",null,null,null,null,null,null,null,null,null,null,null,null,null,null,null,null,null,null,null,null,null,null,null,null,null,null,null,null,null,null,null,null,null,null,null,null,null,null,null,{"$f":"+Input!D19","v":"No"},{"$f":"+IF(AO22=\"No\",0,1)","v":0}]
["Nu monitor",null,null,null,null,null,null,null,null,null,null,null,null,null,null,null,null,null,null,null,null,null,null,null,null,null,null,null,null,null,null,null,null,null,null,null,null,null,null,null,{"$f":"+Input!D20","v":0}]
["Lettore di (micro)SD card integrato",null,null,null,null,null,null,null,null,null,null,null,null,null,null,null,null,null,null,null,null,null,null,null,null,null,null,null,null,null,null,null,null,null,null,null,null,null,null,null,{"$f":"+Input!D21","v":"No"},{"$f":"+IF(AO24=\"No\",0,1)","v":0}]
["Camera shutter",null,null,null,null,null,null,null,null,null,null,null,null,null,null,null,null,null,null,null,null,null,null,null,null,null,null,null,null,null,null,null,null,null,null,null,null,null,null,null,{"$f":"+Input!D22","v":"No"},{"$f":"+IF(AO25=\"No\",0,1)","v":0}]
["Possesso di etichette ambientali ISO di tipo I, secondo la UNI EN ISO 14024: EPEAT o Blauer Engel",null,null,null,null,null,null,null,null,null,null,null,null,null,null,null,null,null,null,null,null,null,null,null,null,null,null,null,null,null,null,null,null,null,null,null,null,null,null,null,{"$f":"+Input!D6","v":"Nessuna certificazione"}]
["Integrazione con il servizio di Trouble Ticketing dell’Amministrazione",null,null,null,null,null,null,null,null,null,null,null,null,null,null,null,null,null,null,null,null,null,null,null,null,null,null,null,null,null,null,null,null,null,null,null,null,null,null,null,{"$f":"+Input!D26","v":"No"},{"$f":"+IF(AO27=\"No\",0,1)","v":0}]
["Prodotti opzionali obbligatori"]
["Docking station / Port replicator - Marca e modello ",46.06,70,70,73,73,73,73,82.14,82.14,55.56,55.56,55.56,55.56,55.56,55.56,70,70,70,70,70,70,64.2,64.2,77.36,77.36,77.36,40,40,40,35.53,42,113.04,119.53,35.53,70,116.05,115.29,116.05,null,{"$f":"+Input!D30","v":"No"},{"$f":"+IF(AO29=\"No\",0,1)","v":0},null,{"$f":"+B29*$AP29","v":0},0,0,0,0,0,0,0,0,0,{"$f":"+L29*$AP29","v":0},0,0,0,0,0,0,0,0,0,{"$f":"+V29*$AP29","v":0},0,0,0,0,0,0,0,0,0,{"$f":"+AF29*$AP29","v":0},0,0,0,0,0,0,0]
["Unità storage esterna da 2 TB - Marca e modello ",61,61,61,73,73,73,73,82.14,82.14,57.25,57.25,57.25,57.25,57.25,57.25,75,75,75,75,75,75,49.95,49.95,56.12,56.12,56.12,55,55,55,50.82,50.82,89.64,89.64,50.8,50.8,50.83,50.83,50.83,null,{"$f":"+Input!D31","v":"No"},{"$f":"+IF(AO30=\"No\",0,1)","v":0},null,0,0,0,0,0,0,0,0,0,0,0,0,0,0,0,0,0,0,0,0,0,0,0,0,0,0,0,0,0,0,0,0,0,0,0,0,0,0]
["Unità esterna DVD RW - Marca e modello",18.100000000000001,18.100000000000001,18.100000000000001,21,21,21,21,30.9,30.9,16.97,16.97,16.97,16.97,16.97,16.97,25,25,25,25,25,25,17.760000000000002,17.760000000000002,17.61,17.61,17.61,18,18,18,18,18,45,45,18,18,32.17,32.17,32.17,null,{"$f":"+Input!D32","v":"No"},{"$f":"+IF(AO31=\"No\",0,1)","v":0},null,0,0,0,0,0,0,0,0,0,0,0,0,0,0,0,0,0,0,0,0,0,0,0,0,0,0,0,0,0,0,0,0,0,0,0,0,0,0]
["Set mouse e tastiera wireless - Marca e modello",15.95,15.95,15.95,22,22,22,22,26,26,10.76,20.61,10.76,20.61,10.76,20.61,20,20,20,20,20,20,13.91,13.91,21.15,21.15,21.15,16,16,16,14.53,20.96,43.61,43.87,14.53,20.5,22.61,22.61,22.61,null,{"$f":"+Input!D33","v":"No"},{"$f":"+IF(AO32=\"No\",0,1)","v":0},null,0,0,0,0,0,0,0,0,0,0,0,0,0,0,0,0,0,0,0,0,0,0,0,0,0,0,0,0,0,0,0,0,0,0,0,0,0,0]
["Specifiche secondarie relative ai Prodotti Opzionali Obbligatori"]
["Tastiera e mouse wireless dello stesso produttore del pc",null,null,null,null,null,null,null,null,null,null,null,null,null,null,null,null,null,null,null,null,null,null,null,null,null,null,null,null,null,null,null,null,null,null,null,null,null,null,null,{"$f":"+Input!D33","v":"No"},{"$f":"+IF(AO34=Ana!H4,1,0)","v":0}]
["Docking station / port replicator dello stesso produttore del pc",null,null,null,null,null,null,null,null,null,null,null,null,null,null,null,null,null,null,null,null,null,null,null,null,null,null,null,null,null,null,null,null,null,null,null,null,null,null,null,{"$f":"+Input!D30","v":"No"},{"$f":"+IF(AO35=Ana!H4,1,0)","v":0}]
["Prodotti opzionali facoltativi"]
["Cuffie stereo e microfono - Marca e modello",24.4,24.4,24.4,42,42,42,42,43,43,18.93,18.93,18.93,18.93,18.93,18.93,44,44,44,44,44,44,36,36,17.670000000000002,17.670000000000002,17.670000000000002,22,22,22,18.809999999999999,19.170000000000002,42.52,44.44,18.8,18.8,17.68,17.68,17.68,null,{"$f":"+Input!D34","v":"No"},{"$f":"+IF(AO37=\"No\",0,1)","v":0},null,{"$f":"+B37*$AP37","v":0},0,0,0,0,0,0,0,0,0,{"$f":"+L37*$AP37","v":0},0,0,0,0,0,0,0,0,0,{"$f":"+V37*$AP37","v":0},0,0,0,0,0,0,0,0,0,{"$f":"+AF37*$AP37","v":0},0,0,0,0,0,0,0]
["Zaino porta computer - Marca e modello",12.9,12.9,12.9,16,16,16,16,16,16,12.32,12.32,12.32,12.32,12.32,12.32,19,19,19,19,19,19,30,30,9.35,9.85,9.35,14,14,14,12.53,12.53,29.86,29.77,12.5,12.5,13.08,13.08,13.08,null,{"$f":"+Input!D35","v":"No"},{"$f":"+IF(AO38=\"No\",0,1)","v":0},null,0,0,0,0,0,0,0,0,0,0,0,0,0,0,0,0,0,0,0,0,0,0,0,0,0,0,0,0,0,0,0,0,0,0,0,0,0,0]
["Monitor multimediale da 23.6\" - Marca e  modello ",108,108,108,136,136,136,136,137.9,17.899999999999999,118.43,118.43,118.43,118.43,118.43,118.43,105,105,105,105,105,105,132.36000000000001,132.36000000000001,105.89,105.89,105.89,120,112,112,110,110,144.43,144.43,110,110,120.35,120.35,120.35,null,{"$f":"+Input!D36","v":"No"},{"$f":"+IF(OR(AO39=Ana!I3,AO39=Ana!I5),1,0)","v":0},null,0,0,0,0,0,0,0,0,0,0,0,0,0,0,0,0,0,0,0,0,0,0,0,0,0,0,0,0,0,0,0,0,0,0,0,0,0,0]
["Monitor multimediale da 27\" - Marca e  modello ",218,218,218,263,263,263,263,268.08999999999997,290.08999999999997,183.33,245.14,183.33,245.14,183.33,245.14,200,200,200,200,200,200,212.7,212.7,227.16,227.16,227.16,218,195,195,220,220,314.18,314.18,220,220,214.14,214.14,214.14,null,{"$f":"+Input!D36","v":"No"},{"$f":"+IF(OR(AO40=Ana!I4,AO40=Ana!I6),1,0)","v":0},null,0,0,0,0,0,0,0,0,0,0,0,0,0,0,0,0,0,0,0,0,0,0,0,0,0,0,0,0,0,0,0,0,0,0,0,0,0,0]
["Specifiche secondarie relative ai prodotti opzionali facoltativi"]
["Monitor da 23.6\" dello stesso produttore del pc",null,null,null,null,null,null,null,null,null,null,null,null,null,null,null,null,null,null,null,null,null,null,null,null,null,null,null,null,null,null,null,null,null,null,null,null,null,null,null,{"$f":"+Input!D36","v":"No"},{"$f":"+IF(AO42=Ana!I5,1,0)","v":0},null,{"$f":"+B42*$AP42","v":0},{"$f":"+C42*$AP42","v":0},{"$f":"+D42*$AP42","v":0},{"$f":"+E42*$AP42","v":0},{"$f":"+F42*$AP42","v":0},{"$f":"+G42*$AP42","v":0},{"$f":"+H42*$AP42","v":0},{"$f":"+I42*$AP42","v":0},{"$f":"+J42*$AP42","v":0},{"$f":"+K42*$AP42","v":0},{"$f":"+L42*$AP42","v":0},{"$f":"+M42*$AP42","v":0},{"$f":"+N42*$AP42","v":0},{"$f":"+O42*$AP42","v":0},{"$f":"+P42*$AP42","v":0},{"$f":"+Q42*$AP42","v":0},{"$f":"+R42*$AP42","v":0},{"$f":"+S42*$AP42","v":0},{"$f":"+T42*$AP42","v":0},{"$f":"+U42*$AP42","v":0},{"$f":"+V42*$AP42","v":0},{"$f":"+W42*$AP42","v":0},{"$f":"+X42*$AP42","v":0},{"$f":"+Y42*$AP42","v":0},{"$f":"+Z42*$AP42","v":0},{"$f":"+AA42*$AP42","v":0},{"$f":"+AB42*$AP42","v":0},{"$f":"+AC42*$AP42","v":0},{"$f":"+AD42*$AP42","v":0},{"$f":"+AE42*$AP42","v":0},{"$f":"+AF42*$AP42","v":0},{"$f":"+AG42*$AP42","v":0},{"$f":"+AH42*$AP42","v":0},{"$f":"+AI42*$AP42","v":0},{"$f":"+AJ42*$AP42","v":0},{"$f":"+AK42*$AP42","v":0},{"$f":"+AL42*$AP42","v":0},{"$f":"+AM42*$AP42","v":0}]
["Monitor da 27\" dello stesso produttore del pc",null,null,null,null,null,null,null,null,null,null,null,null,null,null,null,null,null,null,null,null,null,null,null,null,null,null,null,null,null,null,null,null,null,null,null,null,null,null,null,{"$f":"+Input!D36","v":"No"},{"$f":"+IF(AO43=Ana!I6,1,0)","v":0},null,0,0,0,0,0,0,0,0,0,0,0,0,0,0,0,0,0,0,0,0,0,0,0,0,0,0,0,0,0,0,0,0,0,0,0,0,0,0]
[]
[null,null,null,null,null,null,null,null,null,null,null,null,null,null,null,null,null,null,null,null,null,null,null,null,null,null,null,null,null,null,null,null,null,null,null,null,null,null,null,null,null,null,"Prezzo unitario",{"$f":"+SUM(AR4:AR43)","v":355},{"$f":"+SUM(AS4:AS43)","v":555},630,534,539,534,539,604.88,627.32000000000005,480.3,480.3,336.71,336.71,420.02,419.04,550,560,559,560,604,625,337.05,337.05,375.61,379.99,457.21,538,375,622,370,370,535.36,542.77,440,440,554.96,554.96,602.41]
[null,null,null,null,null,null,null,null,null,null,null,null,null,null,null,null,null,null,null,null,null,null,null,null,null,null,null,null,null,null,null,null,null,null,null,null,null,null,null,null,null,null,"Selezione",{"$f":"Specs!AR47","v":0},{"$f":"Specs!AS47","v":0},{"$f":"Specs!AT47","v":0},{"$f":"Specs!AU47","v":0},{"$f":"Specs!AV47","v":0},{"$f":"Specs!AW47","v":0},{"$f":"Specs!AX47","v":0},{"$f":"Specs!AY47","v":0},{"$f":"Specs!AZ47","v":0},{"$f":"Specs!BA47","v":0},{"$f":"Specs!BB47","v":0},{"$f":"Specs!BC47","v":0},{"$f":"Specs!BD47","v":0},{"$f":"Specs!BE47","v":0},{"$f":"Specs!BF47","v":0},{"$f":"Specs!BG47","v":0},{"$f":"Specs!BH47","v":0},{"$f":"Specs!BI47","v":0},{"$f":"Specs!BJ47","v":0},{"$f":"Specs!BK47","v":0},{"$f":"Specs!BL47","v":0},{"$f":"Specs!BM47","v":0},{"$f":"Specs!BN47","v":0},{"$f":"Specs!BO47","v":0},{"$f":"Specs!BP47","v":0},{"$f":"Specs!BQ47","v":0},{"$f":"Specs!BR47","v":0},{"$f":"Specs!BS47","v":0},{"$f":"Specs!BT47","v":0},{"$f":"Specs!BU47","v":0},{"$f":"Specs!BV47","v":0},{"$f":"Specs!BW47","v":0},{"$f":"Specs!BX47","v":0},{"$f":"Specs!BY47","v":0},{"$f":"Specs!BZ47","v":0},{"$f":"Specs!CA47","v":0},{"$f":"Specs!CB47","v":0},{"$f":"Specs!CC47","v":0}]
[null,null,null,null,null,null,null,null,null,null,null,null,null,null,null,null,null,null,null,null,null,null,null,null,null,null,null,null,null,null,null,null,null,null,null,null,null,null,null,null,null,null,"Congelamento",{"$f":"IF(INDIRECT(\"Congelam_PC!r\"&COLUMNS($AR$47:AR47)+2&\"c4\",FALSE)=\"Sì\",0,1)","v":1},{"$f":"IF(INDIRECT(\"Congelam_PC!r\"&COLUMNS($AR$47:AS47)+2&\"c4\",FALSE)=\"Sì\",0,1)","v":0},{"$f":"IF(INDIRECT(\"Congelam_PC!r\"&COLUMNS($AR$47:AT47)+2&\"c4\",FALSE)=\"Sì\",0,1)","v":0},{"$f":"IF(INDIRECT(\"Congelam_PC!r\"&COLUMNS($AR$47:AU47)+2&\"c4\",FALSE)=\"Sì\",0,1)","v":1},{"$f":"IF(INDIRECT(\"Congelam_PC!r\"&COLUMNS($AR$47:AV47)+2&\"c4\",FALSE)=\"Sì\",0,1)","v":1},{"$f":"IF(INDIRECT(\"Congelam_PC!r\"&COLUMNS($AR$47:AW47)+2&\"c4\",FALSE)=\"Sì\",0,1)","v":1},{"$f":"IF(INDIRECT(\"Congelam_PC!r\"&COLUMNS($AR$47:AX47)+2&\"c4\",FALSE)=\"Sì\",0,1)","v":1},{"$f":"IF(INDIRECT(\"Congelam_PC!r\"&COLUMNS($AR$47:AY47)+2&\"c4\",FALSE)=\"Sì\",0,1)","v":1},{"$f":"IF(INDIRECT(\"Congelam_PC!r\"&COLUMNS($AR$47:AZ47)+2&\"c4\",FALSE)=\"Sì\",0,1)","v":1},{"$f":"IF(INDIRECT(\"Congelam_PC!r\"&COLUMNS($AR$47:BA47)+2&\"c4\",FALSE)=\"Sì\",0,1)","v":0},{"$f":"IF(INDIRECT(\"Congelam_PC!r\"&COLUMNS($AR$47:BB47)+2&\"c4\",FALSE)=\"Sì\",0,1)","v":0},{"$f":"IF(INDIRECT(\"Congelam_PC!r\"&COLUMNS($AR$47:BC47)+2&\"c4\",FALSE)=\"Sì\",0,1)","v":1},{"$f":"IF(INDIRECT(\"Congelam_PC!r\"&COLUMNS($AR$47:BD47)+2&\"c4\",FALSE)=\"Sì\",0,1)","v":1},{"$f":"IF(INDIRECT(\"Congelam_PC!r\"&COLUMNS($AR$47:BE47)+2&\"c4\",FALSE)=\"Sì\",0,1)","v":1},{"$f":"IF(INDIRECT(\"Congelam_PC!r\"&COLUMNS($AR$47:BF47)+2&\"c4\",FALSE)=\"Sì\",0,1)","v":1},{"$f":"IF(INDIRECT(\"Congelam_PC!r\"&COLUMNS($AR$47:BG47)+2&\"c4\",FALSE)=\"Sì\",0,1)","v":1},{"$f":"IF(INDIRECT(\"Congelam_PC!r\"&COLUMNS($AR$47:BH47)+2&\"c4\",FALSE)=\"Sì\",0,1)","v":1},{"$f":"IF(INDIRECT(\"Congelam_PC!r\"&COLUMNS($AR$47:BI47)+2&\"c4\",FALSE)=\"Sì\",0,1)","v":1},{"$f":"IF(INDIRECT(\"Congelam_PC!r\"&COLUMNS($AR$47:BJ47)+2&\"c4\",FALSE)=\"Sì\",0,1)","v":1},{"$f":"IF(INDIRECT(\"Congelam_PC!r\"&COLUMNS($AR$47:BK47)+2&\"c4\",FALSE)=\"Sì\",0,1)","v":1},{"$f":"IF(INDIRECT(\"Congelam_PC!r\"&COLUMNS($AR$47:BL47)+2&\"c4\",FALSE)=\"Sì\",0,1)","v":1},{"$f":"IF(INDIRECT(\"Congelam_PC!r\"&COLUMNS($AR$47:BM47)+2&\"c4\",FALSE)=\"Sì\",0,1)","v":1},{"$f":"IF(INDIRECT(\"Congelam_PC!r\"&COLUMNS($AR$47:BN47)+2&\"c4\",FALSE)=\"Sì\",0,1)","v":1},{"$f":"IF(INDIRECT(\"Congelam_PC!r\"&COLUMNS($AR$47:BO47)+2&\"c4\",FALSE)=\"Sì\",0,1)","v":1},{"$f":"IF(INDIRECT(\"Congelam_PC!r\"&COLUMNS($AR$47:BP47)+2&\"c4\",FALSE)=\"Sì\",0,1)","v":1},{"$f":"IF(INDIRECT(\"Congelam_PC!r\"&COLUMNS($AR$47:BQ47)+2&\"c4\",FALSE)=\"Sì\",0,1)","v":1},{"$f":"IF(INDIRECT(\"Congelam_PC!r\"&COLUMNS($AR$47:BR47)+2&\"c4\",FALSE)=\"Sì\",0,1)","v":1},{"$f":"IF(INDIRECT(\"Congelam_PC!r\"&COLUMNS($AR$47:BS47)+2&\"c4\",FALSE)=\"Sì\",0,1)","v":1},{"$f":"IF(INDIRECT(\"Congelam_PC!r\"&COLUMNS($AR$47:BT47)+2&\"c4\",FALSE)=\"Sì\",0,1)","v":0},{"$f":"IF(INDIRECT(\"Congelam_PC!r\"&COLUMNS($AR$47:BU47)+2&\"c4\",FALSE)=\"Sì\",0,1)","v":1},{"$f":"IF(INDIRECT(\"Congelam_PC!r\"&COLUMNS($AR$47:BV47)+2&\"c4\",FALSE)=\"Sì\",0,1)","v":1},{"$f":"IF(INDIRECT(\"Congelam_PC!r\"&COLUMNS($AR$47:BW47)+2&\"c4\",FALSE)=\"Sì\",0,1)","v":1},{"$f":"IF(INDIRECT(\"Congelam_PC!r\"&COLUMNS($AR$47:BX47)+2&\"c4\",FALSE)=\"Sì\",0,1)","v":1},{"$f":"IF(INDIRECT(\"Congelam_PC!r\"&COLUMNS($AR$47:BY47)+2&\"c4\",FALSE)=\"Sì\",0,1)","v":1},{"$f":"IF(INDIRECT(\"Congelam_PC!r\"&COLUMNS($AR$47:BZ47)+2&\"c4\",FALSE)=\"Sì\",0,1)","v":1},{"$f":"IF(INDIRECT(\"Congelam_PC!r\"&COLUMNS($AR$47:CA47)+2&\"c4\",FALSE)=\"Sì\",0,1)","v":0},{"$f":"IF(INDIRECT(\"Congelam_PC!r\"&COLUMNS($AR$47:CB47)+2&\"c4\",FALSE)=\"Sì\",0,1)","v":0},{"$f":"IF(INDIRECT(\"Congelam_PC!r\"&COLUMNS($AR$47:CC47)+2&\"c4\",FALSE)=\"Sì\",0,1)","v":0}]
[null,null,null,null,null,null,null,null,null,null,null,null,null,null,null,null,null,null,null,null,null,null,null,null,null,null,null,null,null,null,null,null,null,null,null,null,null,null,null,null,null,null,"Prezzo SOLO selezionati NON congelati",{"$f":"IF(OR(AR46=0,AR47=0),\"\",AR45)","v":""},{"$f":"IF(OR(AS46=0,AS47=0),\"\",AS45)","v":""},"","","","","","","","","","","","","","","","","","","","","","","","","","","","","","","","","","","",""]
[]
[null,null,null,null,null,null,null,null,null,null,null,null,null,null,null,null,null,null,null,null,null,null,null,null,null,null,null,null,null,null,null,null,null,null,null,null,null,null,null,null,null,null,"Prezzo complessivo",{"$f":"+IF(AR48=\"\",\"\",AR48*Input!$D$5)","v":""},{"$f":"+IF(AS48=\"\",\"\",AS48*Input!$D$5)","v":""},{"$f":"+IF(AT48=\"\",\"\",AT48*Input!$D$5)","v":""},{"$f":"+IF(AU48=\"\",\"\",AU48*Input!$D$5)","v":""},{"$f":"+IF(AV48=\"\",\"\",AV48*Input!$D$5)","v":""},{"$f":"+IF(AW48=\"\",\"\",AW48*Input!$D$5)","v":""},{"$f":"+IF(AX48=\"\",\"\",AX48*Input!$D$5)","v":""},{"$f":"+IF(AY48=\"\",\"\",AY48*Input!$D$5)","v":""},{"$f":"+IF(AZ48=\"\",\"\",AZ48*Input!$D$5)","v":""},{"$f":"+IF(BA48=\"\",\"\",BA48*Input!$D$5)","v":""},{"$f":"+IF(BB48=\"\",\"\",BB48*Input!$D$5)","v":""},{"$f":"+IF(BC48=\"\",\"\",BC48*Input!$D$5)","v":""},{"$f":"+IF(BD48=\"\",\"\",BD48*Input!$D$5)","v":""},{"$f":"+IF(BE48=\"\",\"\",BE48*Input!$D$5)","v":""},{"$f":"+IF(BF48=\"\",\"\",BF48*Input!$D$5)","v":""},{"$f":"+IF(BG48=\"\",\"\",BG48*Input!$D$5)","v":""},{"$f":"+IF(BH48=\"\",\"\",BH48*Input!$D$5)","v":""},{"$f":"+IF(BI48=\"\",\"\",BI48*Input!$D$5)","v":""},{"$f":"+IF(BJ48=\"\",\"\",BJ48*Input!$D$5)","v":""},{"$f":"+IF(BK48=\"\",\"\",BK48*Input!$D$5)","v":""},{"$f":"+IF(BL48=\"\",\"\",BL48*Input!$D$5)","v":""},{"$f":"+IF(BM48=\"\",\"\",BM48*Input!$D$5)","v":""},{"$f":"+IF(BN48=\"\",\"\",BN48*Input!$D$5)","v":""},{"$f":"+IF(BO48=\"\",\"\",BO48*Input!$D$5)","v":""},{"$f":"+IF(BP48=\"\",\"\",BP48*Input!$D$5)","v":""},{"$f":"+IF(BQ48=\"\",\"\",BQ48*Input!$D$5)","v":""},{"$f":"+IF(BR48=\"\",\"\",BR48*Input!$D$5)","v":""},{"$f":"+IF(BS48=\"\",\"\",BS48*Input!$D$5)","v":""},{"$f":"+IF(BT48=\"\",\"\",BT48*Input!$D$5)","v":""},{"$f":"+IF(BU48=\"\",\"\",BU48*Input!$D$5)","v":""},{"$f":"+IF(BV48=\"\",\"\",BV48*Input!$D$5)","v":""},{"$f":"+IF(BW48=\"\",\"\",BW48*Input!$D$5)","v":""},{"$f":"+IF(BX48=\"\",\"\",BX48*Input!$D$5)","v":""},{"$f":"+IF(BY48=\"\",\"\",BY48*Input!$D$5)","v":""},{"$f":"+IF(BZ48=\"\",\"\",BZ48*Input!$D$5)","v":""},{"$f":"+IF(CA48=\"\",\"\",CA48*Input!$D$5)","v":""},{"$f":"+IF(CB48=\"\",\"\",CB48*Input!$D$5)","v":""},{"$f":"+IF(CC48=\"\",\"\",CC48*Input!$D$5)","v":""}]
[]
[null,null,null,null,null,null,null,null,null,null,null,null,null,null,null,null,null,null,null,null,null,null,null,null,null,null,null,null,null,null,null,null,null,null,null,null,null,null,null,null,null,null,"Nome OE",{"$f":"Specs!B4","v":"Acer TMP215-53"},{"$f":"Specs!C4","v":"HP Probook 440 G9"},{"$f":"Specs!D4","v":"HP EliteBook 630 G9"},{"$f":"Specs!E4","v":"Dell Latitude 5540"},{"$f":"Specs!F4","v":"Dell Latitude 5540 (TCO)"},"Dell Latitude 5440","Dell Latitude 5440","Dell Latitude 5340","Dell Latitude 5340","LENOVO ThinkBook 15 G4 ABA","LENOVO ThinkBook 15 G4 ABA","LENOVO ThinkBook 14 G6 ABP","LENOVO ThinkBook 14 G6 ABP","LENOVO ThinkPad L13 Gen 4 (AMD)","LENOVO ThinkPad L13 Gen 4 (AMD)","Dell Latitude 5540","Dell Latitude 5540 (TCO)","Dell Latitude 5440","Dell Latitude 5440","Dell Latitude 5340","Dell Latitude 5340","SICOMPUTER NAUTA C1502","SICOMPUTER NAUTA C1402","Lenovo ThinkPad L15 Gen 4 (AMD)","LENOVO ThinkBook 14 G6 ABP","LENOVO ThinkPad L13 Gen 4 (AMD)","HP PROBOOK 455  G10","HP PROBOOK 445 G10","HP EliteBook 630 G9","LENOVO ThinkPad L15 Gen4","LENOVO ThinkPad L15 Gen4","LENOVO ThinkBook 14 G6 ABP","LENOVO ThinkBook 14 G6 IRL","LENOVO ThinkPad L13 Gen 4 Intel","LENOVO ThinkPad L13 Gen 4 AMD","HP ProBook 450 15.6 inch G9","HP ProBook 440 14-inch G9","HP EliteBook 630 13.3 inch G9"]
[null,null,null,null,null,null,null,null,null,null,null,null,null,null,null,null,null,null,null,null,null,null,null,null,null,null,null,null,null,null,null,null,null,null,null,null,null,null,null,null,null,null,"Prodotti","Bellucci S.p.A.","Bellucci S.p.A.","Bellucci S.p.A.","Bsistemi S.p.A.","Bsistemi S.p.A.","Bsistemi S.p.A.","Bsistemi S.p.A.","Bsistemi S.p.A.","Bsistemi S.p.A.","Converge S.r.l.","Converge S.r.l.","Converge S.r.l.","Converge S.r.l.","Converge S.r.l.","Converge S.r.l.","Eurome S.r.l.","Eurome S.r.l.","Eurome S.r.l.","Eurome S.r.l.","Eurome S.r.l.","Eurome S.r.l.","Finbuc S.r.l.","Finbuc S.r.l.","RTI IM Direct & Partner","RTI IM Direct & Partner","RTI IM Direct & Partner","Infordata S.p.A.","Infordata S.p.A.","Infordata S.p.A.","Italware S.r.l.","Italware S.r.l.","Italware S.r.l.","Italware S.r.l.","Italware S.r.l.","Italware S.r.l.","Var Group S.p.A.","Var Group S.p.A.","Var Group S.p.A."]
[null,null,null,null,null,null,null,null,null,null,null,null,null,null,null,null,null,null,null,null,null,null,null,null,null,null,null,null,null,null,null,null,null,null,null,null,null,null,null,null,null,null,"Configurazione","TCO","TCO","TCO","Std","TCO","Std","TCO","Std","TCO","Std","TCO","Std","TCO","Std","TCO","Std","TCO","Std","TCO","Std","TCO","Std","Std","TCO","TCO","TCO","TCO","TCO","TCO","Std","TCO","Std","TCO","Std","TCO","TCO","TCO","TCO"]
[]
[null,null,null,null,null,null,null,null,null,null,null,null,null,null,null,null,null,null,null,null,null,null,null,null,null,null,null,null,null,null,null,null,null,null,null,null,null,null,null,null,"Graduatoria"]
[null,null,null,null,null,null,null,null,null,null,null,null,null,null,null,null,null,null,null,null,null,null,null,null,null,null,null,null,null,null,null,null,null,null,null,null,null,null,null,null,"OE","PC","Config","Prezzo","Ord."]
[null,null,null,null,null,null,null,null,null,null,null,null,null,null,null,null,null,null,null,null,null,null,null,null,null,null,null,null,null,null,null,null,null,null,null,null,null,null,null,null,{"$f":"IFERROR(HLOOKUP(AR58,$AR$48:$CC$54,6,FALSE),\"\")","v":""},{"$f":"IFERROR(HLOOKUP(AR58,$AR$48:$CC$54,5,FALSE),\"\")","v":""},{"$f":"IFERROR(HLOOKUP(AR58,$AR$48:$CC$54,7,FALSE),\"\")","v":""},{"$f":"IFERROR(SMALL($AR$48:$CC$48,AS58),0)","v":0},1]
[null,null,null,null,null,null,null,null,null,null,null,null,null,null,null,null,null,null,null,null,null,null,null,null,null,null,null,null,null,null,null,null,null,null,null,null,null,null,null,null,{"$f":"IFERROR(HLOOKUP(AR59,$AR$48:$CC$54,6,FALSE),\"\")","v":""},{"$f":"IFERROR(HLOOKUP(AR59,$AR$48:$CC$54,5,FALSE),\"\")","v":""},{"$f":"IFERROR(HLOOKUP(AR59,$AR$48:$CC$54,7,FALSE),\"\")","v":""},{"$f":"IFERROR(SMALL($AR$48:$CC$48,AS59),0)","v":0},2]
[null,null,null,null,null,null,null,null,null,null,null,null,null,null,null,null,null,null,null,null,null,null,null,null,null,null,null,null,null,null,null,null,null,null,null,null,null,null,null,null,"","","",0,3]
[null,null,null,null,null,null,null,null,null,null,null,null,null,null,null,null,null,null,null,null,null,null,null,null,null,null,null,null,null,null,null,null,null,null,null,null,null,null,null,null,"","","",0,4]
[null,null,null,null,null,null,null,null,null,null,null,null,null,null,null,null,null,null,null,null,null,null,null,null,null,null,null,null,null,null,null,null,null,null,null,null,null,null,null,null,{"$f":"IFERROR(HLOOKUP(AR62,$AR$48:$CC$54,6,FALSE),\"\")","v":""},{"$f":"IFERROR(HLOOKUP(AR62,$AR$48:$CC$54,5,FALSE),\"\")","v":""},"",0,5]
[null,null,null,null,null,null,null,null,null,null,null,null,null,null,null,null,null,null,null,null,null,null,null,null,null,null,null,null,null,null,null,null,null,null,null,null,null,null,null,null,"","","",0,6]
[null,null,null,null,null,null,null,null,null,null,null,null,null,null,null,null,null,null,null,null,null,null,null,null,null,null,null,null,null,null,null,null,null,null,null,null,null,null,null,null,"","","",0,7]
[null,null,null,null,null,null,null,null,null,null,null,null,null,null,null,null,null,null,null,null,null,null,null,null,null,null,null,null,null,null,null,null,null,null,null,null,null,null,null,null,"","","",0,8]
[null,null,null,null,null,null,null,null,null,null,null,null,null,null,null,null,null,null,null,null,null,null,null,null,null,null,null,null,null,null,null,null,null,null,null,null,null,null,null,null,"","","",0,9]
[null,null,null,null,null,null,null,null,null,null,null,null,null,null,null,null,null,null,null,null,null,null,null,null,null,null,null,null,null,null,null,null,null,null,null,null,null,null,null,null,"","","",0,10]
[null,null,null,null,null,null,null,null,null,null,null,null,null,null,null,null,null,null,null,null,null,null,null,null,null,null,null,null,null,null,null,null,null,null,null,null,null,null,null,null,"","","",0,11]
[null,null,null,null,null,null,null,null,null,null,null,null,null,null,null,null,null,null,null,null,null,null,null,null,null,null,null,null,null,null,null,null,null,null,null,null,null,null,null,null,"","","",0,12]
[null,null,null,null,null,null,null,null,null,null,null,null,null,null,null,null,null,null,null,null,null,null,null,null,null,null,null,null,null,null,null,null,null,null,null,null,null,null,null,null,"","","",0,13]
[null,null,null,null,null,null,null,null,null,null,null,null,null,null,null,null,null,null,null,null,null,null,null,null,null,null,null,null,null,null,null,null,null,null,null,null,null,null,null,null,"","","",0,14]
[null,null,null,null,null,null,null,null,null,null,null,null,null,null,null,null,null,null,null,null,null,null,null,null,null,null,null,null,null,null,null,null,null,null,null,null,null,null,null,null,"","","",0,15]
[null,null,null,null,null,null,null,null,null,null,null,null,null,null,null,null,null,null,null,null,null,null,null,null,null,null,null,null,null,null,null,null,null,null,null,null,null,null,null,null,"","","",0,16]
[null,null,null,null,null,null,null,null,null,null,null,null,null,null,null,null,null,null,null,null,null,null,null,null,null,null,null,null,null,null,null,null,null,null,null,null,null,null,null,null,"","","",0,17]
[null,null,null,null,null,null,null,null,null,null,null,null,null,null,null,null,null,null,null,null,null,null,null,null,null,null,null,null,null,null,null,null,null,null,null,null,null,null,null,null,"","","",0,18]
[null,null,null,null,null,null,null,null,null,null,null,null,null,null,null,null,null,null,null,null,null,null,null,null,null,null,null,null,null,null,null,null,null,null,null,null,null,null,null,null,"","","",0,19]
[null,null,null,null,null,null,null,null,null,null,null,null,null,null,null,null,null,null,null,null,null,null,null,null,null,null,null,null,null,null,null,null,null,null,null,null,null,null,null,null,"","","",0,20]

{"sheet":"Congelam_PC","index":6,"n_rows":40,"n_cols":6,"rows_kept":40,"cut":false,"hidden":true,"merged":[]}
[]
[null," ","PC","Congelamento",null,"Selezionare Sì SOLO per i prodotti momentanemaente congelati."]
[null,1,"Bellucci_15_config_TCO",null,null,"Tali prodotti non compariranno negli fogli di output OdA e AS."]
[null,2,"Bellucci_14_config_TCO","Sì",null,"e saranno osxcurati nel foglio \"Riepilogo_Spec_Tecniche\""]
[null,3,"Bellucci_13_config_TCO","Sì"]
[null,4,"Bsistemi_15_config_standard"]
[null,5,"Bsistemi_15_config_TCO"]
[null,6,"Bsistemi_14_config_standard"]
[null,7,"Bsistemi_14_config_TCO"]
[null,8,"Bsistemi_13_config_standard"]
[null,9,"Bsistemi_13_config_TCO"]
[null,10,"Converge_15_config_standard","Sì"]
[null,11,"Converge_15_config_TCO","Sì"]
[null,12,"Converge_14_config_standard"]
[null,13,"Converge_14_config_TCO"]
[null,14,"Converge_13_config_standard"]
[null,15,"Converge_13_config_TCO"]
[null,16,"Eurome_15_config_standard"]
[null,17,"Eurome_15_config_TCO"]
[null,18,"Eurome_14_config_standard"]
[null,19,"Eurome_14_config_TCO"]
[null,20,"Eurome_13_config_standard"]
[null,21,"Eurome_13_config_TCO"]
[null,22,"Finbuc_15_config_standard"]
[null,23,"Finbuc_14_config_standard"]
[null,24,"RTI IM Direct & Partner_15_config_TCO"]
[null,25,"RTI IM Direct & Partner_14_config_TCO"]
[null,26,"RTI IM Direct & Partner_13_config_TCO"]
[null,27,"Infordata_15_config_TCO"]
[null,28,"Infordata_14_config_TCO"]
[null,29,"Infordata_13_config_TCO","Sì"]
[null,30,"Italware_15_config_standard"]
[null,31,"Italware_15_config_TCO"]
[null,32,"Italware_14_config_standard"]
[null,33,"Italware_14_config_TCO"]
[null,34,"Italware_13_config_standard"]
[null,35,"Italware_13_config_TCO"]
[null,36,"VAR_Group_15_config_TCO","Sì"]
[null,37,"VAR_Group_14_config_TCO","Sì"]
[null,38,"VAR_Group_13_config_TCO","Sì"]

{"sheet":"Config_Dispo","index":7,"n_rows":3435,"n_cols":13,"rows_kept":3435,"cut":false,"hidden":true,"merged":[[0,12,2,18]]}
[{"$f":"+D1&E1&F1&G1&H1","v":"Low8256HDDistribuzione Linux"},null,"Selezione",{"$f":"VLOOKUP(Input!D9,Ana!$R:$S,2,FALSE)","v":"Low"},{"$f":"VLOOKUP(Input!D10,Ana!$R:$S,2,FALSE)","v":8},{"$f":"VLOOKUP(Input!D11,Ana!$R:$S,2,FALSE)","v":256},{"$f":"VLOOKUP(Input!D12,Ana!$R:$S,2,FALSE)","v":"HD"},{"$f":"VLOOKUP(Input!D13,Ana!$R:$S,2,FALSE)","v":"Distribuzione Linux"},null,null,null,null,"Per aggiungere altre configurazioni:\nincollare le colonne dalla D alla H\ninserire nella colonna C il nome dell'OE\ninserire in colonna I nupollici_config_TCO/standard\ncopiare in colonna J i valori SI/NO\nincollare le formule in colonna A e K fino all'ultima riga"]
[]
[null,null,"OE","CPU","RAM (GB)","SSD (GB)","Display","Sistema Operativo","OE","Config dispo","Config dispo"]
[{"$f":"C4&\"_\"&I4&D4&E4&F4&G4&H4","v":"Bellucci_15_config_standardLOW8256HDDistribuzione Linux"},null,"Bellucci","LOW",8,256,"HD","Distribuzione Linux","15_config_standard","SI",{"$f":"+IF(J4=\"NO\",0,1)","v":1}]
["Bellucci_15_config_standardLOW8256HDWindows 11 Pro Education",null,"Bellucci","LOW",8,256,"HD","Windows 11 Pro Education","15_config_standard","SI",1]
["Bellucci_15_config_standardLOW8256HDWindows 11 Pro",null,"Bellucci","LOW",8,256,"HD","Windows 11 Pro","15_config_standard","NO",0]
["Bellucci_15_config_standardLOW16256HDDistribuzione Linux",null,"Bellucci","LOW",16,256,"HD","Distribuzione Linux","15_config_standard","SI",1]
["Bellucci_15_config_standardLOW16256HDWindows 11 Pro Education",null,"Bellucci","LOW",16,256,"HD","Windows 11 Pro Education","15_config_standard","SI",1]
["Bellucci_15_config_standardLOW16256HDWindows 11 Pro",null,"Bellucci","LOW",16,256,"HD","Windows 11 Pro","15_config_standard","NO",0]
["Bellucci_15_config_standardLOW8512HDDistribuzione Linux",null,"Bellucci","LOW",8,512,"HD","Distribuzione Linux","15_config_standard","NO",0]
["Bellucci_15_config_standardLOW8512HDWindows 11 Pro Education",null,"Bellucci","LOW",8,512,"HD","Windows 11 Pro Education","15_config_standard","SI",1]
["Bellucci_15_config_standardLOW8512HDWindows 11 Pro",null,"Bellucci","LOW",8,512,"HD","Windows 11 Pro","15_config_standard","SI",1]
["Bellucci_15_config_standardLOW16512HDDistribuzione Linux",null,"Bellucci","LOW",16,512,"HD","Distribuzione Linux","15_config_standard","NO",0]
["Bellucci_15_config_standardLOW16512HDWindows 11 Pro Education",null,"Bellucci","LOW",16,512,"HD","Windows 11 Pro Education","15_config_standard","SI",1]
["Bellucci_15_config_standardLOW16512HDWindows 11 Pro",null,"Bellucci","LOW",16,512,"HD","Windows 11 Pro","15_config_standard","SI",1]
["Bellucci_15_config_standardLOW8256FHDDistribuzione Linux",null,"Bellucci","LOW",8,256,"FHD","Distribuzione Linux","15_config_standard","SI",1]
["Bellucci_15_config_standardLOW8256FHDWindows 11 Pro Education",null,"Bellucci","LOW",8,256,"FHD","Windows 11 Pro Education","15_config_standard","SI",1]
["Bellucci_15_config_standardLOW8256FHDWindows 11 Pro",null,"Bellucci","LOW",8,256,"FHD","Windows 11 Pro","15_config_standard","NO",0]
["Bellucci_15_config_standardLOW16256FHDDistribuzione Linux",null,"Bellucci","LOW",16,256,"FHD","Distribuzione Linux","15_config_standard","SI",1]
["Bellucci_15_config_standardLOW16256FHDWindows 11 Pro Education",null,"Bellucci","LOW",16,256,"FHD","Windows 11 Pro Education","15_config_standard","SI",1]
[{"$f":"C21&\"_\"&I21&D21&E21&F21&G21&H21","v":"Bellucci_15_config_standardLOW16256FHDWindows 11 Pro"},null,"Bellucci","LOW",16,256,"FHD","Windows 11 Pro","15_config_standard","NO",{"$f":"+IF(J21=\"NO\",0,1)","v":0}]
["Bellucci_15_config_standardLOW8512FHDDistribuzione Linux",null,"Bellucci","LOW",8,512,"FHD","Distribuzione Linux","15_config_standard","NO",0]
["Bellucci_15_config_standardLOW8512FHDWindows 11 Pro Education",null,"Bellucci","LOW",8,512,"FHD","Windows 11 Pro Education","15_config_standard","SI",1]
["Bellucci_15_config_standardLOW8512FHDWindows 11 Pro",null,"Bellucci","LOW",8,512,"FHD","Windows 11 Pro","15_config_standard","SI",1]
["Bellucci_15_config_standardLOW16512FHDDistribuzione Linux",null,"Bellucci","LOW",16,512,"FHD","Distribuzione Linux","15_config_standard","NO",0]
["Bellucci_15_config_standardLOW16512FHDWindows 11 Pro Education",null,"Bellucci","LOW",16,512,"FHD","Windows 11 Pro Education","15_config_standard","SI",1]
["Bellucci_15_config_standardLOW16512FHDWindows 11 Pro",null,"Bellucci","LOW",16,512,"FHD","Windows 11 Pro","15_config_standard","SI",1]
["Bellucci_15_config_standardMID8256HDDistribuzione Linux",null,"Bellucci","MID",8,256,"HD","Distribuzione Linux","15_config_standard","NO",0]
["Bellucci_15_config_standardMID8256HDWindows 11 Pro Education",null,"Bellucci","MID",8,256,"HD","Windows 11 Pro Education","15_config_standard","NO",0]
["Bellucci_15_config_standardMID8256HDWindows 11 Pro",null,"Bellucci","MID",8,256,"HD","Windows 11 Pro","15_config_standard","NO",0]
["Bellucci_15_config_standardMID16256HDDistribuzione Linux",null,"Bellucci","MID",16,256,"HD","Distribuzione Linux","15_config_standard","NO",0]
["Bellucci_15_config_standardMID16256HDWindows 11 Pro Education",null,"Bellucci","MID",16,256,"HD","Windows 11 Pro Education","15_config_standard","NO",0]
["Bellucci_15_config_standardMID16256HDWindows 11 Pro",null,"Bellucci","MID",16,256,"HD","Windows 11 Pro","15_config_standard","NO",0]
["Bellucci_15_config_standardMID8512HDDistribuzione Linux",null,"Bellucci","MID",8,512,"HD","Distribuzione Linux","15_config_standard","NO",0]
["Bellucci_15_config_standardMID8512HDWindows 11 Pro Education",null,"Bellucci","MID",8,512,"HD","Windows 11 Pro Education","15_config_standard","SI",1]
["Bellucci_15_config_standardMID8512HDWindows 11 Pro",null,"Bellucci","MID",8,512,"HD","Windows 11 Pro","15_config_standard","SI",1]
["Bellucci_15_config_standardMID16512HDDistribuzione Linux",null,"Bellucci","MID",16,512,"HD","Distribuzione Linux","15_config_standard","NO",0]
["Bellucci_15_config_standardMID16512HDWindows 11 Pro Education",null,"Bellucci","MID",16,512,"HD","Windows 11 Pro Education","15_config_standard","SI",1]
["Bellucci_15_config_standardMID16512HDWindows 11 Pro",null,"Bellucci","MID",16,512,"HD","Windows 11 Pro","15_config_standard","SI",1]
["Bellucci_15_config_standardMID8256FHDDistribuzione Linux",null,"Bellucci","MID",8,256,"FHD","Distribuzione Linux","15_config_standard","NO",0]
["Bellucci_15_config_standardMID8256FHDWindows 11 Pro Education",null,"Bellucci","MID",8,256,"FHD","Windows 11 Pro Education","15_config_standard","NO",0]
["Bellucci_15_config_standardMID8256FHDWindows 11 Pro",null,"Bellucci","MID",8,256,"FHD","Windows 11 Pro","15_config_standard","NO",0]
["Bellucci_15_config_standardMID16256FHDDistribuzione Linux",null,"Bellucci","MID",16,256,"FHD","Distribuzione Linux","15_config_standard","NO",0]
["Bellucci_15_config_standardMID16256FHDWindows 11 Pro Education",null,"Bellucci","MID",16,256,"FHD","Windows 11 Pro Education","15_config_standard","NO",0]
["Bellucci_15_config_standardMID16256FHDWindows 11 Pro",null,"Bellucci","MID",16,256,"FHD","Windows 11 Pro","15_config_standard","NO",0]
["Bellucci_15_config_standardMID8512FHDDistribuzione Linux",null,"Bellucci","MID",8,512,"FHD","Distribuzione Linux","15_config_standard","NO",0]
["Bellucci_15_config_standardMID8512FHDWindows 11 Pro Education",null,"Bellucci","MID",8,512,"FHD","Windows 11 Pro Education","15_config_standard","SI",1]
["Bellucci_15_config_standardMID8512FHDWindows 11 Pro",null,"Bellucci","MID",8,512,"FHD","Windows 11 Pro","15_config_standard","SI",1]
["Bellucci_15_config_standardMID16512FHDDistribuzione Linux",null,"Bellucci","MID",16,512,"FHD","Distribuzione Linux","15_config_standard","NO",0]
["Bellucci_15_config_standardMID16512FHDWindows 11 Pro Education",null,"Bellucci","MID",16,512,"FHD","Windows 11 Pro Education","15_config_standard","SI",1]
["Bellucci_15_config_standardMID16512FHDWindows 11 Pro",null,"Bellucci","MID",16,512,"FHD","Windows 11 Pro","15_config_standard","SI",1]
["Bellucci_15_config_standardHIGH8256HDDistribuzione Linux",null,"Bellucci","HIGH",8,256,"HD","Distribuzione Linux","15_config_standard","NO",0]
["Bellucci_15_config_standardHIGH8256HDWindows 11 Pro Education",null,"Bellucci","HIGH",8,256,"HD","Windows 11 Pro Education","15_config_standard","NO",0]
["Bellucci_15_config_standardHIGH8256HDWindows 11 Pro",null,"Bellucci","HIGH",8,256,"HD","Windows 11 Pro","15_config_standard","NO",0]
["Bellucci_15_config_standardHIGH16256HDDistribuzione Linux",null,"Bellucci","HIGH",16,256,"HD","Distribuzione Linux","15_config_standard","NO",0]
["Bellucci_15_config_standardHIGH16256HDWindows 11 Pro Education",null,"Bellucci","HIGH",16,256,"HD","Windows 11 Pro Education","15_config_standard","NO",0]
["Bellucci_15_config_standardHIGH16256HDWindows 11 Pro",null,"Bellucci","HIGH",16,256,"HD","Windows 11 Pro","15_config_standard","NO",0]
["Bellucci_15_config_standardHIGH8512HDDistribuzione Linux",null,"Bellucci","HIGH",8,512,"HD","Distribuzione Linux","15_config_standard","NO",0]
["Bellucci_15_config_standardHIGH8512HDWindows 11 Pro Education",null,"Bellucci","HIGH",8,512,"HD","Windows 11 Pro Education","15_config_standard","NO",0]
["Bellucci_15_config_standardHIGH8512HDWindows 11 Pro",null,"Bellucci","HIGH",8,512,"HD","Windows 11 Pro","15_config_standard","SI",1]
["Bellucci_15_config_standardHIGH16512HDDistribuzione Linux",null,"Bellucci","HIGH",16,512,"HD","Distribuzione Linux","15_config_standard","NO",0]
["Bellucci_15_config_standardHIGH16512HDWindows 11 Pro Education",null,"Bellucci","HIGH",16,512,"HD","Windows 11 Pro Education","15_config_standard","NO",0]
["Bellucci_15_config_standardHIGH16512HDWindows 11 Pro",null,"Bellucci","HIGH",16,512,"HD","Windows 11 Pro","15_config_standard","SI",1]
["Bellucci_15_config_standardHIGH8256FHDDistribuzione Linux",null,"Bellucci","HIGH",8,256,"FHD","Distribuzione Linux","15_config_standard","NO",0]
["Bellucci_15_config_standardHIGH8256FHDWindows 11 Pro Education",null,"Bellucci","HIGH",8,256,"FHD","Windows 11 Pro Education","15_config_standard","NO",0]
["Bellucci_15_config_standardHIGH8256FHDWindows 11 Pro",null,"Bellucci","HIGH",8,256,"FHD","Windows 11 Pro","15_config_standard","NO",0]
["Bellucci_15_config_standardHIGH16256FHDDistribuzione Linux",null,"Bellucci","HIGH",16,256,"FHD","Distribuzione Linux","15_config_standard","NO",0]
["Bellucci_15_config_standardHIGH16256FHDWindows 11 Pro Education",null,"Bellucci","HIGH",16,256,"FHD","Windows 11 Pro Education","15_config_standard","NO",0]
["Bellucci_15_config_standardHIGH16256FHDWindows 11 Pro",null,"Bellucci","HIGH",16,256,"FHD","Windows 11 Pro","15_config_standard","NO",0]
["Bellucci_15_config_standardHIGH8512FHDDistribuzione Linux",null,"Bellucci","HIGH",8,512,"FHD","Distribuzione Linux","15_config_standard","NO",0]
["Bellucci_15_config_standardHIGH8512FHDWindows 11 Pro Education",null,"Bellucci","HIGH",8,512,"FHD","Windows 11 Pro Education","15_config_standard","NO",0]
["Bellucci_15_config_standardHIGH8512FHDWindows 11 Pro",null,"Bellucci","HIGH",8,512,"FHD","Windows 11 Pro","15_config_standard","SI",1]
["Bellucci_15_config_standardHIGH16512FHDDistribuzione Linux",null,"Bellucci","HIGH",16,512,"FHD","Distribuzione Linux","15_config_standard","NO",0]
["Bellucci_15_config_standardHIGH16512FHDWindows 11 Pro Education",null,"Bellucci","HIGH",16,512,"FHD","Windows 11 Pro Education","15_config_standard","NO",0]
["Bellucci_15_config_standardHIGH16512FHDWindows 11 Pro",null,"Bellucci","HIGH",16,512,"FHD","Windows 11 Pro","15_config_standard","SI",1]
["Bellucci_15_config_TCOLOW8256HDDistribuzione Linux",null,"Bellucci","LOW",8,256,"HD","Distribuzione Linux","15_config_TCO","SI",1]
["Bellucci_15_config_TCOLOW8256HDWindows 11 Pro Education",null,"Bellucci","LOW",8,256,"HD","Windows 11 Pro Education","15_config_TCO","SI",1]
["Bellucci_15_config_TCOLOW8256HDWindows 11 Pro",null,"Bellucci","LOW",8,256,"HD","Windows 11 Pro","15_config_TCO","NO",0]
["Bellucci_15_config_TCOLOW16256HDDistribuzione Linux",null,"Bellucci","LOW",16,256,"HD","Distribuzione Linux","15_config_TCO","SI",1]
["Bellucci_15_config_TCOLOW16256HDWindows 11 Pro Education",null,"Bellucci","LOW",16,256,"HD","Windows 11 Pro Education","15_config_TCO","SI",1]
["Bellucci_15_config_TCOLOW16256HDWindows 11 Pro",null,"Bellucci","LOW",16,256,"HD","Windows 11 Pro","15_config_TCO","NO",0]
["Bellucci_15_config_TCOLOW8512HDDistribuzione Linux",null,"Bellucci","LOW",8,512,"HD","Distribuzione Linux","15_config_TCO","NO",0]
["Bellucci_15_config_TCOLOW8512HDWindows 11 Pro Education",null,"Bellucci","LOW",8,512,"HD","Windows 11 Pro Education","15_config_TCO","SI",1]
["Bellucci_15_config_TCOLOW8512HDWindows 11 Pro",null,"Bellucci","LOW",8,512,"HD","Windows 11 Pro","15_config_TCO","SI",1]
[{"$f":"C85&\"_\"&I85&D85&E85&F85&G85&H85","v":"Bellucci_15_config_TCOLOW16512HDDistribuzione Linux"},null,"Bellucci","LOW",16,512,"HD","Distribuzione Linux","15_config_TCO","NO",{"$f":"+IF(J85=\"NO\",0,1)","v":0}]
["Bellucci_15_config_TCOLOW16512HDWindows 11 Pro Education",null,"Bellucci","LOW",16,512,"HD","Windows 11 Pro Education","15_config_TCO","SI",1]
["Bellucci_15_config_TCOLOW16512HDWindows 11 Pro",null,"Bellucci","LOW",16,512,"HD","Windows 11 Pro","15_config_TCO","SI",1]
["Bellucci_15_config_TCOLOW8256FHDDistribuzione Linux",null,"Bellucci","LOW",8,256,"FHD","Distribuzione Linux","15_config_TCO","SI",1]
["Bellucci_15_config_TCOLOW8256FHDWindows 11 Pro Education",null,"Bellucci","LOW",8,256,"FHD","Windows 11 Pro Education","15_config_TCO","SI",1]
["Bellucci_15_config_TCOLOW8256FHDWindows 11 Pro",null,"Bellucci","LOW",8,256,"FHD","Windows 11 Pro","15_config_TCO","NO",0]
["Bellucci_15_config_TCOLOW16256FHDDistribuzione Linux",null,"Bellucci","LOW",16,256,"FHD","Distribuzione Linux","15_config_TCO","SI",1]
["Bellucci_15_config_TCOLOW16256FHDWindows 11 Pro Education",null,"Bellucci","LOW",16,256,"FHD","Windows 11 Pro Education","15_config_TCO","SI",1]
["Bellucci_15_config_TCOLOW16256FHDWindows 11 Pro",null,"Bellucci","LOW",16,256,"FHD","Windows 11 Pro","15_config_TCO","NO",0]
["Bellucci_15_config_TCOLOW8512FHDDistribuzione Linux",null,"Bellucci","LOW",8,512,"FHD","Distribuzione Linux","15_config_TCO","NO",0]
["Bellucci_15_config_TCOLOW8512FHDWindows 11 Pro Education",null,"Bellucci","LOW",8,512,"FHD","Windows 11 Pro Education","15_config_TCO","SI",1]
["Bellucci_15_config_TCOLOW8512FHDWindows 11 Pro",null,"Bellucci","LOW",8,512,"FHD","Windows 11 Pro","15_config_TCO","SI",1]
["Bellucci_15_config_TCOLOW16512FHDDistribuzione Linux",null,"Bellucci","LOW",16,512,"FHD","Distribuzione Linux","15_config_TCO","NO",0]
["Bellucci_15_config_TCOLOW16512FHDWindows 11 Pro Education",null,"Bellucci","LOW",16,512,"FHD","Windows 11 Pro Education","15_config_TCO","SI",1]
["Bellucci_15_config_TCOLOW16512FHDWindows 11 Pro",null,"Bellucci","LOW",16,512,"FHD","Windows 11 Pro","15_config_TCO","SI",1]
["Bellucci_15_config_TCOMID8256HDDistribuzione Linux",null,"Bellucci","MID",8,256,"HD","Distribuzione Linux","15_config_TCO","NO",0]
["Bellucci_15_config_TCOMID8256HDWindows 11 Pro Education",null,"Bellucci","MID",8,256,"HD","Windows 11 Pro Education","15_config_TCO","NO",0]
["Bellucci_15_config_TCOMID8256HDWindows 11 Pro",null,"Bellucci","MID",8,256,"HD","Windows 11 Pro","15_config_TCO","NO",0]
["Bellucci_15_config_TCOMID16256HDDistribuzione Linux",null,"Bellucci","MID",16,256,"HD","Distribuzione Linux","15_config_TCO","NO",0]
["Bellucci_15_config_TCOMID16256HDWindows 11 Pro Education",null,"Bellucci","MID",16,256,"HD","Windows 11 Pro Education","15_config_TCO","NO",0]
["Bellucci_15_config_TCOMID16256HDWindows 11 Pro",null,"Bellucci","MID",16,256,"HD","Windows 11 Pro","15_config_TCO","NO",0]
["Bellucci_15_config_TCOMID8512HDDistribuzione Linux",null,"Bellucci","MID",8,512,"HD","Distribuzione Linux","15_config_TCO","NO",0]
["Bellucci_15_config_TCOMID8512HDWindows 11 Pro Education",null,"Bellucci","MID",8,512,"HD","Windows 11 Pro Education","15_config_TCO","SI",1]
["Bellucci_15_config_TCOMID8512HDWindows 11 Pro",null,"Bellucci","MID",8,512,"HD","Windows 11 Pro","15_config_TCO","SI",1]
["Bellucci_15_config_TCOMID16512HDDistribuzione Linux",null,"Bellucci","MID",16,512,"HD","Distribuzione Linux","15_config_TCO","NO",0]
["Bellucci_15_config_TCOMID16512HDWindows 11 Pro Education",null,"Bellucci","MID",16,512,"HD","Windows 11 Pro Education","15_config_TCO","SI",1]
["Bellucci_15_config_TCOMID16512HDWindows 11 Pro",null,"Bellucci","MID",16,512,"HD","Windows 11 Pro","15_config_TCO","SI",1]
["Bellucci_15_config_TCOMID8256FHDDistribuzione Linux",null,"Bellucci","MID",8,256,"FHD","Distribuzione Linux","15_config_TCO","NO",0]
["Bellucci_15_config_TCOMID8256FHDWindows 11 Pro Education",null,"Bellucci","MID",8,256,"FHD","Windows 11 Pro Education","15_config_TCO","NO",0]
["Bellucci_15_config_TCOMID8256FHDWindows 11 Pro",null,"Bellucci","MID",8,256,"FHD","Windows 11 Pro","15_config_TCO","NO",0]
["Bellucci_15_config_TCOMID16256FHDDistribuzione Linux",null,"Bellucci","MID",16,256,"FHD","Distribuzione Linux","15_config_TCO","NO",0]
["Bellucci_15_config_TCOMID16256FHDWindows 11 Pro Education",null,"Bellucci","MID",16,256,"FHD","Windows 11 Pro Education","15_config_TCO","NO",0]
["Bellucci_15_config_TCOMID16256FHDWindows 11 Pro",null,"Bellucci","MID",16,256,"FHD","Windows 11 Pro","15_config_TCO","NO",0]
["Bellucci_15_config_TCOMID8512FHDDistribuzione Linux",null,"Bellucci","MID",8,512,"FHD","Distribuzione Linux","15_config_TCO","NO",0]
["Bellucci_15_config_TCOMID8512FHDWindows 11 Pro Education",null,"Bellucci","MID",8,512,"FHD","Windows 11 Pro Education","15_config_TCO","SI",1]
["Bellucci_15_config_TCOMID8512FHDWindows 11 Pro",null,"Bellucci","MID",8,512,"FHD","Windows 11 Pro","15_config_TCO","SI",1]
["Bellucci_15_config_TCOMID16512FHDDistribuzione Linux",null,"Bellucci","MID",16,512,"FHD","Distribuzione Linux","15_config_TCO","NO",0]
["Bellucci_15_config_TCOMID16512FHDWindows 11 Pro Education",null,"Bellucci","MID",16,512,"FHD","Windows 11 Pro Education","15_config_TCO","SI",1]
["Bellucci_15_config_TCOMID16512FHDWindows 11 Pro",null,"Bellucci","MID",16,512,"FHD","Windows 11 Pro","15_config_TCO","SI",1]
["Bellucci_15_config_TCOHIGH8256HDDistribuzione Linux",null,"Bellucci","HIGH",8,256,"HD","Distribuzione Linux","15_config_TCO","NO",0]
["Bellucci_15_config_TCOHIGH8256HDWindows 11 Pro Education",null,"Bellucci","HIGH",8,256,"HD","Windows 11 Pro Education","15_config_TCO","NO",0]
["Bellucci_15_config_TCOHIGH8256HDWindows 11 Pro",null,"Bellucci","HIGH",8,256,"HD","Windows 11 Pro","15_config_TCO","NO",0]
["Bellucci_15_config_TCOHIGH16256HDDistribuzione Linux",null,"Bellucci","HIGH",16,256,"HD","Distribuzione Linux","15_config_TCO","NO",0]
["Bellucci_15_config_TCOHIGH16256HDWindows 11 Pro Education",null,"Bellucci","HIGH",16,256,"HD","Windows 11 Pro Education","15_config_TCO","NO",0]
["Bellucci_15_config_TCOHIGH16256HDWindows 11 Pro",null,"Bellucci","HIGH",16,256,"HD","Windows 11 Pro","15_config_TCO","NO",0]
["Bellucci_15_config_TCOHIGH8512HDDistribuzione Linux",null,"Bellucci","HIGH",8,512,"HD","Distribuzione Linux","15_config_TCO","NO",0]
["Bellucci_15_config_TCOHIGH8512HDWindows 11 Pro Education",null,"Bellucci","HIGH",8,512,"HD","Windows 11 Pro Education","15_config_TCO","NO",0]
["Bellucci_15_config_TCOHIGH8512HDWindows 11 Pro",null,"Bellucci","HIGH",8,512,"HD","Windows 11 Pro","15_config_TCO","SI",1]
["Bellucci_15_config_TCOHIGH16512HDDistribuzione Linux",null,"Bellucci","HIGH",16,512,"HD","Distribuzione Linux","15_config_TCO","NO",0]
["Bellucci_15_config_TCOHIGH16512HDWindows 11 Pro Education",null,"Bellucci","HIGH",16,512,"HD","Windows 11 Pro Education","15_config_TCO","NO",0]
["Bellucci_15_config_TCOHIGH16512HDWindows 11 Pro",null,"Bellucci","HIGH",16,512,"HD","Windows 11 Pro","15_config_TCO","SI",1]
["Bellucci_15_config_TCOHIGH8256FHDDistribuzione Linux",null,"Bellucci","HIGH",8,256,"FHD","Distribuzione Linux","15_config_TCO","NO",0]
["Bellucci_15_config_TCOHIGH8256FHDWindows 11 Pro Education",null,"Bellucci","HIGH",8,256,"FHD","Windows 11 Pro Education","15_config_TCO","NO",0]
["Bellucci_15_config_TCOHIGH8256FHDWindows 11 Pro",null,"Bellucci","HIGH",8,256,"FHD","Windows 11 Pro","15_config_TCO","NO",0]
["Bellucci_15_config_TCOHIGH16256FHDDistribuzione Linux",null,"Bellucci","HIGH",16,256,"FHD","Distribuzione Linux","15_config_TCO","NO",0]
["Bellucci_15_config_TCOHIGH16256FHDWindows 11 Pro Education",null,"Bellucci","HIGH",16,256,"FHD","Windows 11 Pro Education","15_config_TCO","NO",0]
["Bellucci_15_config_TCOHIGH16256FHDWindows 11 Pro",null,"Bellucci","HIGH",16,256,"FHD","Windows 11 Pro","15_config_TCO","NO",0]
["Bellucci_15_config_TCOHIGH8512FHDDistribuzione Linux",null,"Bellucci","HIGH",8,512,"FHD","Distribuzione Linux","15_config_TCO","NO",0]
["Bellucci_15_config_TCOHIGH8512FHDWindows 11 Pro Education",null,"Bellucci","HIGH",8,512,"FHD","Windows 11 Pro Education","15_config_TCO","NO",0]
["Bellucci_15_config_TCOHIGH8512FHDWindows 11 Pro",null,"Bellucci","HIGH",8,512,"FHD","Windows 11 Pro","15_config_TCO","SI",1]
["Bellucci_15_config_TCOHIGH16512FHDDistribuzione Linux",null,"Bellucci","HIGH",16,512,"FHD","Distribuzione Linux","15_config_TCO","NO",0]
["Bellucci_15_config_TCOHIGH16512FHDWindows 11 Pro Education",null,"Bellucci","HIGH",16,512,"FHD","Windows 11 Pro Education","15_config_TCO","NO",0]
["Bellucci_15_config_TCOHIGH16512FHDWindows 11 Pro",null,"Bellucci","HIGH",16,512,"FHD","Windows 11 Pro","15_config_TCO","SI",1]
["Bellucci_14_config_standardLOW8256HDDistribuzione Linux",null,"Bellucci","LOW",8,256,"HD","Distribuzione Linux","14_config_standard","SI",1]
[{"$f":"C149&\"_\"&I149&D149&E149&F149&G149&H149","v":"Bellucci_14_config_standardLOW8256HDWindows 11 Pro Education"},null,"Bellucci","LOW",8,256,"HD","Windows 11 Pro Education","14_config_standard","SI",{"$f":"+IF(J149=\"NO\",0,1)","v":1}]
["Bellucci_14_config_standardLOW8256HDWindows 11 Pro",null,"Bellucci","LOW",8,256,"HD","Windows 11 Pro","14_config_standard","SI",1]
["Bellucci_14_config_standardLOW16256HDDistribuzione Linux",null,"Bellucci","LOW",16,256,"HD","Distribuzione Linux","14_config_standard","SI",1]
["Bellucci_14_config_standardLOW16256HDWindows 11 Pro Education",null,"Bellucci","LOW",16,256,"HD","Windows 11 Pro Education","14_config_standard","SI",1]
["Bellucci_14_config_standardLOW16256HDWindows 11 Pro",null,"Bellucci","LOW",16,256,"HD","Windows 11 Pro","14_config_standard","SI",1]
["Bellucci_14_config_standardLOW8512HDDistribuzione Linux",null,"Bellucci","LOW",8,512,"HD","Distribuzione Linux","14_config_standard","SI",1]
["Bellucci_14_config_standardLOW8512HDWindows 11 Pro Education",null,"Bellucci","LOW",8,512,"HD","Windows 11 Pro Education","14_config_standard","SI",1]
["Bellucci_14_config_standardLOW8512HDWindows 11 Pro",null,"Bellucci","LOW",8,512,"HD","Windows 11 Pro","14_config_standard","SI",1]
["Bellucci_14_config_standardLOW16512HDDistribuzione Linux",null,"Bellucci","LOW",16,512,"HD","Distribuzione Linux","14_config_standard","SI",1]
["Bellucci_14_config_standardLOW16512HDWindows 11 Pro Education",null,"Bellucci","LOW",16,512,"HD","Windows 11 Pro Education","14_config_standard","SI",1]
["Bellucci_14_config_standardLOW16512HDWindows 11 Pro",null,"Bellucci","LOW",16,512,"HD","Windows 11 Pro","14_config_standard","SI",1]
["Bellucci_14_config_standardLOW8256FHDDistribuzione Linux",null,"Bellucci","LOW",8,256,"FHD","Distribuzione Linux","14_config_standard","SI",1]
["Bellucci_14_config_standardLOW8256FHDWindows 11 Pro Education",null,"Bellucci","LOW",8,256,"FHD","Windows 11 Pro Education","14_config_standard","SI",1]
["Bellucci_14_config_standardLOW8256FHDWindows 11 Pro",null,"Bellucci","LOW",8,256,"FHD","Windows 11 Pro","14_config_standard","SI",1]
["Bellucci_14_config_standardLOW16256FHDDistribuzione Linux",null,"Bellucci","LOW",16,256,"FHD","Distribuzione Linux","14_config_standard","SI",1]
["Bellucci_14_config_standardLOW16256FHDWindows 11 Pro Education",null,"Bellucci","LOW",16,256,"FHD","Windows 11 Pro Education","14_config_standard","SI",1]
["Bellucci_14_config_standardLOW16256FHDWindows 11 Pro",null,"Bellucci","LOW",16,256,"FHD","Windows 11 Pro","14_config_standard","SI",1]
["Bellucci_14_config_standardLOW8512FHDDistribuzione Linux",null,"Bellucci","LOW",8,512,"FHD","Distribuzione Linux","14_config_standard","SI",1]
["Bellucci_14_config_standardLOW8512FHDWindows 11 Pro Education",null,"Bellucci","LOW",8,512,"FHD","Windows 11 Pro Education","14_config_standard","SI",1]
["Bellucci_14_config_standardLOW8512FHDWindows 11 Pro",null,"Bellucci","LOW",8,512,"FHD","Windows 11 Pro","14_config_standard","SI",1]
["Bellucci_14_config_standardLOW16512FHDDistribuzione Linux",null,"Bellucci","LOW",16,512,"FHD","Distribuzione Linux","14_config_standard","SI",1]
["Bellucci_14_config_standardLOW16512FHDWindows 11 Pro Education",null,"Bellucci","LOW",16,512,"FHD","Windows 11 Pro Education","14_config_standard","SI",1]
["Bellucci_14_config_standardLOW16512FHDWindows 11 Pro",null,"Bellucci","LOW",16,512,"FHD","Windows 11 Pro","14_config_standard","SI",1]
["Bellucci_14_config_standardMID8256HDDistribuzione Linux",null,"Bellucci","MID",8,256,"HD","Distribuzione Linux","14_config_standard","SI",1]
["Bellucci_14_config_standardMID8256HDWindows 11 Pro Education",null,"Bellucci","MID",8,256,"HD","Windows 11 Pro Education","14_config_standard","SI",1]
["Bellucci_14_config_standardMID8256HDWindows 11 Pro",null,"Bellucci","MID",8,256,"HD","Windows 11 Pro","14_config_standard","SI",1]
["Bellucci_14_config_standardMID16256HDDistribuzione Linux",null,"Bellucci","MID",16,256,"HD","Distribuzione Linux","14_config_standard","SI",1]
["Bellucci_14_config_standardMID16256HDWindows 11 Pro Education",null,"Bellucci","MID",16,256,"HD","Windows 11 Pro Education","14_config_standard","SI",1]
["Bellucci_14_config_standardMID16256HDWindows 11 Pro",null,"Bellucci","MID",16,256,"HD","Windows 11 Pro","14_config_standard","SI",1]
["Bellucci_14_config_standardMID8512HDDistribuzione Linux",null,"Bellucci","MID",8,512,"HD","Distribuzione Linux","14_config_standard","SI",1]
["Bellucci_14_config_standardMID8512HDWindows 11 Pro Education",null,"Bellucci","MID",8,512,"HD","Windows 11 Pro Education","14_config_standard","SI",1]
["Bellucci_14_config_standardMID8512HDWindows 11 Pro",null,"Bellucci","MID",8,512,"HD","Windows 11 Pro","14_config_standard","SI",1]
["Bellucci_14_config_standardMID16512HDDistribuzione Linux",null,"Bellucci","MID",16,512,"HD","Distribuzione Linux","14_config_standard","SI",1]
["Bellucci_14_config_standardMID16512HDWindows 11 Pro Education",null,"Bellucci","MID",16,512,"HD","Windows 11 Pro Education","14_config_standard","SI",1]
["Bellucci_14_config_standardMID16512HDWindows 11 Pro",null,"Bellucci","MID",16,512,"HD","Windows 11 Pro","14_config_standard","SI",1]
["Bellucci_14_config_standardMID8256FHDDistribuzione Linux",null,"Bellucci","MID",8,256,"FHD","Distribuzione Linux","14_config_standard","SI",1]
["Bellucci_14_config_standardMID8256FHDWindows 11 Pro Education",null,"Bellucci","MID",8,256,"FHD","Windows 11 Pro Education","14_config_standard","SI",1]
["Bellucci_14_config_standardMID8256FHDWindows 11 Pro",null,"Bellucci","MID",8,256,"FHD","Windows 11 Pro","14_config_standard","SI",1]
["Bellucci_14_config_standardMID16256FHDDistribuzione Linux",null,"Bellucci","MID",16,256,"FHD","Distribuzione Linux","14_config_standard","SI",1]
["Bellucci_14_config_standardMID16256FHDWindows 11 Pro Education",null,"Bellucci","MID",16,256,"FHD","Windows 11 Pro Education","14_config_standard","SI",1]
["Bellucci_14_config_standardMID16256FHDWindows 11 Pro",null,"Bellucci","MID",16,256,"FHD","Windows 11 Pro","14_config_standard","SI",1]
["Bellucci_14_config_standardMID8512FHDDistribuzione Linux",null,"Bellucci","MID",8,512,"FHD","Distribuzione Linux","14_config_standard","SI",1]
["Bellucci_14_config_standardMID8512FHDWindows 11 Pro Education",null,"Bellucci","MID",8,512,"FHD","Windows 11 Pro Education","14_config_standard","SI",1]
["Bellucci_14_config_standardMID8512FHDWindows 11 Pro",null,"Bellucci","MID",8,512,"FHD","Windows 11 Pro","14_config_standard","SI",1]
["Bellucci_14_config_standardMID16512FHDDistribuzione Linux",null,"Bellucci","MID",16,512,"FHD","Distribuzione Linux","14_config_standard","SI",1]
["Bellucci_14_config_standardMID16512FHDWindows 11 Pro Education",null,"Bellucci","MID",16,512,"FHD","Windows 11 Pro Education","14_config_standard","SI",1]
["Bellucci_14_config_standardMID16512FHDWindows 11 Pro",null,"Bellucci","MID",16,512,"FHD","Windows 11 Pro","14_config_standard","SI",1]
["Bellucci_14_config_standardHIGH8256HDDistribuzione Linux",null,"Bellucci","HIGH",8,256,"HD","Distribuzione Linux","14_config_standard","SI",1]
["Bellucci_14_config_standardHIGH8256HDWindows 11 Pro Education",null,"Bellucci","HIGH",8,256,"HD","Windows 11 Pro Education","14_config_standard","NO",0]
["Bellucci_14_config_standardHIGH8256HDWindows 11 Pro",null,"Bellucci","HIGH",8,256,"HD","Windows 11 Pro","14_config_standard","SI",1]
["Bellucci_14_config_standardHIGH16256HDDistribuzione Linux",null,"Bellucci","HIGH",16,256,"HD","Distribuzione Linux","14_config_standard","SI",1]
["Bellucci_14_config_standardHIGH16256HDWindows 11 Pro Education",null,"Bellucci","HIGH",16,256,"HD","Windows 11 Pro Education","14_config_standard","NO",0]
["Bellucci_14_config_standardHIGH16256HDWindows 11 Pro",null,"Bellucci","HIGH",16,256,"HD","Windows 11 Pro","14_config_standard","SI",1]
["Bellucci_14_config_standardHIGH8512HDDistribuzione Linux",null,"Bellucci","HIGH",8,512,"HD","Distribuzione Linux","14_config_standard","SI",1]
["Bellucci_14_config_standardHIGH8512HDWindows 11 Pro Education",null,"Bellucci","HIGH",8,512,"HD","Windows 11 Pro Education","14_config_standard","NO",0]
["Bellucci_14_config_standardHIGH8512HDWindows 11 Pro",null,"Bellucci","HIGH",8,512,"HD","Windows 11 Pro","14_config_standard","SI",1]
["Bellucci_14_config_standardHIGH16512HDDistribuzione Linux",null,"Bellucci","HIGH",16,512,"HD","Distribuzione Linux","14_config_standard","SI",1]
["Bellucci_14_config_standardHIGH16512HDWindows 11 Pro Education",null,"Bellucci","HIGH",16,512,"HD","Windows 11 Pro Education","14_config_standard","NO",0]
["Bellucci_14_config_standardHIGH16512HDWindows 11 Pro",null,"Bellucci","HIGH",16,512,"HD","Windows 11 Pro","14_config_standard","SI",1]
["Bellucci_14_config_standardHIGH8256FHDDistribuzione Linux",null,"Bellucci","HIGH",8,256,"FHD","Distribuzione Linux","14_config_standard","SI",1]
["Bellucci_14_config_standardHIGH8256FHDWindows 11 Pro Education",null,"Bellucci","HIGH",8,256,"FHD","Windows 11 Pro Education","14_config_standard","NO",0]
["Bellucci_14_config_standardHIGH8256FHDWindows 11 Pro",null,"Bellucci","HIGH",8,256,"FHD","Windows 11 Pro","14_config_standard","SI",1]
["Bellucci_14_config_standardHIGH16256FHDDistribuzione Linux",null,"Bellucci","HIGH",16,256,"FHD","Distribuzione Linux","14_config_standard","SI",1]
["Bellucci_14_config_standardHIGH16256FHDWindows 11 Pro Education",null,"Bellucci","HIGH",16,256,"FHD","Windows 11 Pro Education","14_config_standard","NO",0]
[{"$f":"C213&\"_\"&I213&D213&E213&F213&G213&H213","v":"Bellucci_14_config_standardHIGH16256FHDWindows 11 Pro"},null,"Bellucci","HIGH",16,256,"FHD","Windows 11 Pro","14_config_standard","SI",{"$f":"+IF(J213=\"NO\",0,1)","v":1}]
["Bellucci_14_config_standardHIGH8512FHDDistribuzione Linux",null,"Bellucci","HIGH",8,512,"FHD","Distribuzione Linux","14_config_standard","SI",1]
["Bellucci_14_config_standardHIGH8512FHDWindows 11 Pro Education",null,"Bellucci","HIGH",8,512,"FHD","Windows 11 Pro Education","14_config_standard","NO",0]
["Bellucci_14_config_standardHIGH8512FHDWindows 11 Pro",null,"Bellucci","HIGH",8,512,"FHD","Windows 11 Pro","14_config_standard","SI",1]
["Bellucci_14_config_standardHIGH16512FHDDistribuzione Linux",null,"Bellucci","HIGH",16,512,"FHD","Distribuzione Linux","14_config_standard","SI",1]
["Bellucci_14_config_standardHIGH16512FHDWindows 11 Pro Education",null,"Bellucci","HIGH",16,512,"FHD","Windows 11 Pro Education","14_config_standard","NO",0]
["Bellucci_14_config_standardHIGH16512FHDWindows 11 Pro",null,"Bellucci","HIGH",16,512,"FHD","Windows 11 Pro","14_config_standard","SI",1]
["Bellucci_14_config_TCOLOW8256HDDistribuzione Linux",null,"Bellucci","LOW",8,256,"HD","Distribuzione Linux","14_config_TCO","SI",1]
["Bellucci_14_config_TCOLOW8256HDWindows 11 Pro Education",null,"Bellucci","LOW",8,256,"HD","Windows 11 Pro Education","14_config_TCO","NO",0]
["Bellucci_14_config_TCOLOW8256HDWindows 11 Pro",null,"Bellucci","LOW",8,256,"HD","Windows 11 Pro","14_config_TCO","SI",1]
["Bellucci_14_config_TCOLOW16256HDDistribuzione Linux",null,"Bellucci","LOW",16,256,"HD","Distribuzione Linux","14_config_TCO","SI",1]
["Bellucci_14_config_TCOLOW16256HDWindows 11 Pro Education",null,"Bellucci","LOW",16,256,"HD","Windows 11 Pro Education","14_config_TCO","SI",1]
["Bellucci_14_config_TCOLOW16256HDWindows 11 Pro",null,"Bellucci","LOW",16,256,"HD","Windows 11 Pro","14_config_TCO","SI",1]
["Bellucci_14_config_TCOLOW8512HDDistribuzione Linux",null,"Bellucci","LOW",8,512,"HD","Distribuzione Linux","14_config_TCO","SI",1]
["Bellucci_14_config_TCOLOW8512HDWindows 11 Pro Education",null,"Bellucci","LOW",8,512,"HD","Windows 11 Pro Education","14_config_TCO","SI",1]
["Bellucci_14_config_TCOLOW8512HDWindows 11 Pro",null,"Bellucci","LOW",8,512,"HD","Windows 11 Pro","14_config_TCO","SI",1]
["Bellucci_14_config_TCOLOW16512HDDistribuzione Linux",null,"Bellucci","LOW",16,512,"HD","Distribuzione Linux","14_config_TCO","SI",1]
["Bellucci_14_config_TCOLOW16512HDWindows 11 Pro Education",null,"Bellucci","LOW",16,512,"HD","Windows 11 Pro Education","14_config_TCO","SI",1]
["Bellucci_14_config_TCOLOW16512HDWindows 11 Pro",null,"Bellucci","LOW",16,512,"HD","Windows 11 Pro","14_config_TCO","SI",1]
["Bellucci_14_config_TCOLOW8256FHDDistribuzione Linux",null,"Bellucci","LOW",8,256,"FHD","Distribuzione Linux","14_config_TCO","SI",1]
["Bellucci_14_config_TCOLOW8256FHDWindows 11 Pro Education",null,"Bellucci","LOW",8,256,"FHD","Windows 11 Pro Education","14_config_TCO","SI",1]
["Bellucci_14_config_TCOLOW8256FHDWindows 11 Pro",null,"Bellucci","LOW",8,256,"FHD","Windows 11 Pro","14_config_TCO","SI",1]
["Bellucci_14_config_TCOLOW16256FHDDistribuzione Linux",null,"Bellucci","LOW",16,256,"FHD","Distribuzione Linux","14_config_TCO","SI",1]
["Bellucci_14_config_TCOLOW16256FHDWindows 11 Pro Education",null,"Bellucci","LOW",16,256,"FHD","Windows 11 Pro Education","14_config_TCO","SI",1]
["Bellucci_14_config_TCOLOW16256FHDWindows 11 Pro",null,"Bellucci","LOW",16,256,"FHD","Windows 11 Pro","14_config_TCO","SI",1]
["Bellucci_14_config_TCOLOW8512FHDDistribuzione Linux",null,"Bellucci","LOW",8,512,"FHD","Distribuzione Linux","14_config_TCO","SI",1]
["Bellucci_14_config_TCOLOW8512FHDWindows 11 Pro Education",null,"Bellucci","LOW",8,512,"FHD","Windows 11 Pro Education","14_config_TCO","SI",1]
["Bellucci_14_config_TCOLOW8512FHDWindows 11 Pro",null,"Bellucci","LOW",8,512,"FHD","Windows 11 Pro","14_config_TCO","SI",1]
["Bellucci_14_config_TCOLOW16512FHDDistribuzione Linux",null,"Bellucci","LOW",16,512,"FHD","Distribuzione Linux","14_config_TCO","SI",1]
["Bellucci_14_config_TCOLOW16512FHDWindows 11 Pro Education",null,"Bellucci","LOW",16,512,"FHD","Windows 11 Pro Education","14_config_TCO","SI",1]
["Bellucci_14_config_TCOLOW16512FHDWindows 11 Pro",null,"Bellucci","LOW",16,512,"FHD","Windows 11 Pro","14_config_TCO","SI",1]
["Bellucci_14_config_TCOMID8256HDDistribuzione Linux",null,"Bellucci","MID",8,256,"HD","Distribuzione Linux","14_config_TCO","SI",1]
["Bellucci_14_config_TCOMID8256HDWindows 11 Pro Education",null,"Bellucci","MID",8,256,"HD","Windows 11 Pro Education","14_config_TCO","SI",1]
["Bellucci_14_config_TCOMID8256HDWindows 11 Pro",null,"Bellucci","MID",8,256,"HD","Windows 11 Pro","14_config_TCO","SI",1]
["Bellucci_14_config_TCOMID16256HDDistribuzione Linux",null,"Bellucci","MID",16,256,"HD","Distribuzione Linux","14_config_TCO","SI",1]
["Bellucci_14_config_TCOMID16256HDWindows 11 Pro Education",null,"Bellucci","MID",16,256,"HD","Windows 11 Pro Education","14_config_TCO","SI",1]
["Bellucci_14_config_TCOMID16256HDWindows 11 Pro",null,"Bellucci","MID",16,256,"HD","Windows 11 Pro","14_config_TCO","SI",1]
["Bellucci_14_config_TCOMID8512HDDistribuzione Linux",null,"Bellucci","MID",8,512,"HD","Distribuzione Linux","14_config_TCO","SI",1]
["Bellucci_14_config_TCOMID8512HDWindows 11 Pro Education",null,"Bellucci","MID",8,512,"HD","Windows 11 Pro Education","14_config_TCO","SI",1]
["Bellucci_14_config_TCOMID8512HDWindows 11 Pro",null,"Bellucci","MID",8,512,"HD","Windows 11 Pro","14_config_TCO","SI",1]
["Bellucci_14_config_TCOMID16512HDDistribuzione Linux",null,"Bellucci","MID",16,512,"HD","Distribuzione Linux","14_config_TCO","SI",1]
["Bellucci_14_config_TCOMID16512HDWindows 11 Pro Education",null,"Bellucci","MID",16,512,"HD","Windows 11 Pro Education","14_config_TCO","SI",1]
["Bellucci_14_config_TCOMID16512HDWindows 11 Pro",null,"Bellucci","MID",16,512,"HD","Windows 11 Pro","14_config_TCO","SI",1]
["Bellucci_14_config_TCOMID8256FHDDistribuzione Linux",null,"Bellucci","MID",8,256,"FHD","Distribuzione Linux","14_config_TCO","SI",1]
["Bellucci_14_config_TCOMID8256FHDWindows 11 Pro Education",null,"Bellucci","MID",8,256,"FHD","Windows 11 Pro Education","14_config_TCO","SI",1]
["Bellucci_14_config_TCOMID8256FHDWindows 11 Pro",null,"Bellucci","MID",8,256,"FHD","Windows 11 Pro","14_config_TCO","SI",1]
["Bellucci_14_config_TCOMID16256FHDDistribuzione Linux",null,"Bellucci","MID",16,256,"FHD","Distribuzione Linux","14_config_TCO","SI",1]
["Bellucci_14_config_TCOMID16256FHDWindows 11 Pro Education",null,"Bellucci","MID",16,256,"FHD","Windows 11 Pro Education","14_config_TCO","SI",1]
["Bellucci_14_config_TCOMID16256FHDWindows 11 Pro",null,"Bellucci","MID",16,256,"FHD","Windows 11 Pro","14_config_TCO","SI",1]
["Bellucci_14_config_TCOMID8512FHDDistribuzione Linux",null,"Bellucci","MID",8,512,"FHD","Distribuzione Linux","14_config_TCO","SI",1]
["Bellucci_14_config_TCOMID8512FHDWindows 11 Pro Education",null,"Bellucci","MID",8,512,"FHD","Windows 11 Pro Education","14_config_TCO","SI",1]
["Bellucci_14_config_TCOMID8512FHDWindows 11 Pro",null,"Bellucci","MID",8,512,"FHD","Windows 11 Pro","14_config_TCO","SI",1]
["Bellucci_14_config_TCOMID16512FHDDistribuzione Linux",null,"Bellucci","MID",16,512,"FHD","Distribuzione Linux","14_config_TCO","SI",1]
["Bellucci_14_config_TCOMID16512FHDWindows 11 Pro Education",null,"Bellucci","MID",16,512,"FHD","Windows 11 Pro Education","14_config_TCO","SI",1]
["Bellucci_14_config_TCOMID16512FHDWindows 11 Pro",null,"Bellucci","MID",16,512,"FHD","Windows 11 Pro","14_config_TCO","SI",1]
["Bellucci_14_config_TCOHIGH8256HDDistribuzione Linux",null,"Bellucci","HIGH",8,256,"HD","Distribuzione Linux","14_config_TCO","SI",1]
["Bellucci_14_config_TCOHIGH8256HDWindows 11 Pro Education",null,"Bellucci","HIGH",8,256,"HD","Windows 11 Pro Education","14_config_TCO","NO",0]
["Bellucci_14_config_TCOHIGH8256HDWindows 11 Pro",null,"Bellucci","HIGH",8,256,"HD","Windows 11 Pro","14_config_TCO","SI",1]
["Bellucci_14_config_TCOHIGH16256HDDistribuzione Linux",null,"Bellucci","HIGH",16,256,"HD","Distribuzione Linux","14_config_TCO","SI",1]
["Bellucci_14_config_TCOHIGH16256HDWindows 11 Pro Education",null,"Bellucci","HIGH",16,256,"HD","Windows 11 Pro Education","14_config_TCO","NO",0]
["Bellucci_14_config_TCOHIGH16256HDWindows 11 Pro",null,"Bellucci","HIGH",16,256,"HD","Windows 11 Pro","14_config_TCO","SI",1]
["Bellucci_14_config_TCOHIGH8512HDDistribuzione Linux",null,"Bellucci","HIGH",8,512,"HD","Distribuzione Linux","14_config_TCO","SI",1]
["Bellucci_14_config_TCOHIGH8512HDWindows 11 Pro Education",null,"Bellucci","HIGH",8,512,"HD","Windows 11 Pro Education","14_config_TCO","NO",0]
["Bellucci_14_config_TCOHIGH8512HDWindows 11 Pro",null,"Bellucci","HIGH",8,512,"HD","Windows 11 Pro","14_config_TCO","SI",1]
[{"$f":"C277&\"_\"&I277&D277&E277&F277&G277&H277","v":"Bellucci_14_config_TCOHIGH16512HDDistribuzione Linux"},null,"Bellucci","HIGH",16,512,"HD","Distribuzione Linux","14_config_TCO","SI",{"$f":"+IF(J277=\"NO\",0,1)","v":1}]
["Bellucci_14_config_TCOHIGH16512HDWindows 11 Pro Education",null,"Bellucci","HIGH",16,512,"HD","Windows 11 Pro Education","14_config_TCO","NO",0]
["Bellucci_14_config_TCOHIGH16512HDWindows 11 Pro",null,"Bellucci","HIGH",16,512,"HD","Windows 11 Pro","14_config_TCO","SI",1]
["Bellucci_14_config_TCOHIGH8256FHDDistribuzione Linux",null,"Bellucci","HIGH",8,256,"FHD","Distribuzione Linux","14_config_TCO","SI",1]
["Bellucci_14_config_TCOHIGH8256FHDWindows 11 Pro Education",null,"Bellucci","HIGH",8,256,"FHD","Windows 11 Pro Education","14_config_TCO","SI",1]
["Bellucci_14_config_TCOHIGH8256FHDWindows 11 Pro",null,"Bellucci","HIGH",8,256,"FHD","Windows 11 Pro","14_config_TCO","SI",1]
["Bellucci_14_config_TCOHIGH16256FHDDistribuzione Linux",null,"Bellucci","HIGH",16,256,"FHD","Distribuzione Linux","14_config_TCO","SI",1]
["Bellucci_14_config_TCOHIGH16256FHDWindows 11 Pro Education",null,"Bellucci","HIGH",16,256,"FHD","Windows 11 Pro Education","14_config_TCO","SI",1]
["Bellucci_14_config_TCOHIGH16256FHDWindows 11 Pro",null,"Bellucci","HIGH",16,256,"FHD","Windows 11 Pro","14_config_TCO","SI",1]
["Bellucci_14_config_TCOHIGH8512FHDDistribuzione Linux",null,"Bellucci","HIGH",8,512,"FHD","Distribuzione Linux","14_config_TCO","SI",1]
["Bellucci_14_config_TCOHIGH8512FHDWindows 11 Pro Education",null,"Bellucci","HIGH",8,512,"FHD","Windows 11 Pro Education","14_config_TCO","SI",1]
["Bellucci_14_config_TCOHIGH8512FHDWindows 11 Pro",null,"Bellucci","HIGH",8,512,"FHD","Windows 11 Pro","14_config_TCO","SI",1]
["Bellucci_14_config_TCOHIGH16512FHDDistribuzione Linux",null,"Bellucci","HIGH",16,512,"FHD","Distribuzione Linux","14_config_TCO","SI",1]
["Bellucci_14_config_TCOHIGH16512FHDWindows 11 Pro Education",null,"Bellucci","HIGH",16,512,"FHD","Windows 11 Pro Education","14_config_TCO","SI",1]
["Bellucci_14_config_TCOHIGH16512FHDWindows 11 Pro",null,"Bellucci","HIGH",16,512,"FHD","Windows 11 Pro","14_config_TCO","SI",1]
["Bellucci_13_config_standardLOW8256HDDistribuzione Linux",null,"Bellucci","LOW",8,256,"HD","Distribuzione Linux","13_config_standard","NO",0]
["Bellucci_13_config_standardLOW8256HDWindows 11 Pro Education",null,"Bellucci","LOW",8,256,"HD","Windows 11 Pro Education","13_config_standard","NO",0]
["Bellucci_13_config_standardLOW8256HDWindows 11 Pro",null,"Bellucci","LOW",8,256,"HD","Windows 11 Pro","13_config_standard","NO",0]
["Bellucci_13_config_standardLOW16256HDDistribuzione Linux",null,"Bellucci","LOW",16,256,"HD","Distribuzione Linux","13_config_standard","NO",0]
["Bellucci_13_config_standardLOW16256HDWindows 11 Pro Education",null,"Bellucci","LOW",16,256,"HD","Windows 11 Pro Education","13_config_standard","NO",0]
["Bellucci_13_config_standardLOW16256HDWindows 11 Pro",null,"Bellucci","LOW",16,256,"HD","Windows 11 Pro","13_config_standard","NO",0]
["Bellucci_13_config_standardLOW8512HDDistribuzione Linux",null,"Bellucci","LOW",8,512,"HD","Distribuzione Linux","13_config_standard","NO",0]
["Bellucci_13_config_standardLOW8512HDWindows 11 Pro Education",null,"Bellucci","LOW",8,512,"HD","Windows 11 Pro Education","13_config_standard","NO",0]
["Bellucci_13_config_standardLOW8512HDWindows 11 Pro",null,"Bellucci","LOW",8,512,"HD","Windows 11 Pro","13_config_standard","NO",0]
["Bellucci_13_config_standardLOW16512HDDistribuzione Linux",null,"Bellucci","LOW",16,512,"HD","Distribuzione Linux","13_config_standard","NO",0]
["Bellucci_13_config_standardLOW16512HDWindows 11 Pro Education",null,"Bellucci","LOW",16,512,"HD","Windows 11 Pro Education","13_config_standard","NO",0]
["Bellucci_13_config_standardLOW16512HDWindows 11 Pro",null,"Bellucci","LOW",16,512,"HD","Windows 11 Pro","13_config_standard","NO",0]
["Bellucci_13_config_standardLOW8256FHDDistribuzione Linux",null,"Bellucci","LOW",8,256,"FHD","Distribuzione Linux","13_config_standard","SI",1]
["Bellucci_13_config_standardLOW8256FHDWindows 11 Pro Education",null,"Bellucci","LOW",8,256,"FHD","Windows 11 Pro Education","13_config_standard","SI",1]
["Bellucci_13_config_standardLOW8256FHDWindows 11 Pro",null,"Bellucci","LOW",8,256,"FHD","Windows 11 Pro","13_config_standard","SI",1]
["Bellucci_13_config_standardLOW16256FHDDistribuzione Linux",null,"Bellucci","LOW",16,256,"FHD","Distribuzione Linux","13_config_standard","SI",1]
["Bellucci_13_config_standardLOW16256FHDWindows 11 Pro Education",null,"Bellucci","LOW",16,256,"FHD","Windows 11 Pro Education","13_config_standard","SI",1]
["Bellucci_13_config_standardLOW16256FHDWindows 11 Pro",null,"Bellucci","LOW",16,256,"FHD","Windows 11 Pro","13_config_standard","SI",1]
["Bellucci_13_config_standardLOW8512FHDDistribuzione Linux",null,"Bellucci","LOW",8,512,"FHD","Distribuzione Linux","13_config_standard","SI",1]
["Bellucci_13_config_standardLOW8512FHDWindows 11 Pro Education",null,"Bellucci","LOW",8,512,"FHD","Windows 11 Pro Education","13_config_standard","SI",1]
["Bellucci_13_config_standardLOW8512FHDWindows 11 Pro",null,"Bellucci","LOW",8,512,"FHD","Windows 11 Pro","13_config_standard","SI",1]
["Bellucci_13_config_standardLOW16512FHDDistribuzione Linux",null,"Bellucci","LOW",16,512,"FHD","Distribuzione Linux","13_config_standard","SI",1]
["Bellucci_13_config_standardLOW16512FHDWindows 11 Pro Education",null,"Bellucci","LOW",16,512,"FHD","Windows 11 Pro Education","13_config_standard","SI",1]
["Bellucci_13_config_standardLOW16512FHDWindows 11 Pro",null,"Bellucci","LOW",16,512,"FHD","Windows 11 Pro","13_config_standard","SI",1]
["Bellucci_13_config_standardMID8256HDDistribuzione Linux",null,"Bellucci","MID",8,256,"HD","Distribuzione Linux","13_config_standard","NO",0]
["Bellucci_13_config_standardMID8256HDWindows 11 Pro Education",null,"Bellucci","MID",8,256,"HD","Windows 11 Pro Education","13_config_standard","NO",0]
["Bellucci_13_config_standardMID8256HDWindows 11 Pro",null,"Bellucci","MID",8,256,"HD","Windows 11 Pro","13_config_standard","NO",0]
["Bellucci_13_config_standardMID16256HDDistribuzione Linux",null,"Bellucci","MID",16,256,"HD","Distribuzione Linux","13_config_standard","NO",0]
["Bellucci_13_config_standardMID16256HDWindows 11 Pro Education",null,"Bellucci","MID",16,256,"HD","Windows 11 Pro Education","13_config_standard","NO",0]
["Bellucci_13_config_standardMID16256HDWindows 11 Pro",null,"Bellucci","MID",16,256,"HD","Windows 11 Pro","13_config_standard","NO",0]
["Bellucci_13_config_standardMID8512HDDistribuzione Linux",null,"Bellucci","MID",8,512,"HD","Distribuzione Linux","13_config_standard","NO",0]
["Bellucci_13_config_standardMID8512HDWindows 11 Pro Education",null,"Bellucci","MID",8,512,"HD","Windows 11 Pro Education","13_config_standard","NO",0]
["Bellucci_13_config_standardMID8512HDWindows 11 Pro",null,"Bellucci","MID",8,512,"HD","Windows 11 Pro","13_config_standard","NO",0]
["Bellucci_13_config_standardMID16512HDDistribuzione Linux",null,"Bellucci","MID",16,512,"HD","Distribuzione Linux","13_config_standard","NO",0]
["Bellucci_13_config_standardMID16512HDWindows 11 Pro Education",null,"Bellucci","MID",16,512,"HD","Windows 11 Pro Education","13_config_standard","NO",0]
["Bellucci_13_config_standardMID16512HDWindows 11 Pro",null,"Bellucci","MID",16,512,"HD","Windows 11 Pro","13_config_standard","NO",0]
["Bellucci_13_config_standardMID8256FHDDistribuzione Linux",null,"Bellucci","MID",8,256,"FHD","Distribuzione Linux","13_config_standard","SI",1]
["Bellucci_13_config_standardMID8256FHDWindows 11 Pro Education",null,"Bellucci","MID",8,256,"FHD","Windows 11 Pro Education","13_config_standard","SI",1]
["Bellucci_13_config_standardMID8256FHDWindows 11 Pro",null,"Bellucci","MID",8,256,"FHD","Windows 11 Pro","13_config_standard","SI",1]
["Bellucci_13_config_standardMID16256FHDDistribuzione Linux",null,"Bellucci","MID",16,256,"FHD","Distribuzione Linux","13_config_standard","SI",1]
["Bellucci_13_config_standardMID16256FHDWindows 11 Pro Education",null,"Bellucci","MID",16,256,"FHD","Windows 11 Pro Education","13_config_standard","SI",1]
["Bellucci_13_config_standardMID16256FHDWindows 11 Pro",null,"Bellucci","MID",16,256,"FHD","Windows 11 Pro","13_config_standard","SI",1]
["Bellucci_13_config_standardMID8512FHDDistribuzione Linux",null,"Bellucci","MID",8,512,"FHD","Distribuzione Linux","13_config_standard","SI",1]
["Bellucci_13_config_standardMID8512FHDWindows 11 Pro Education",null,"Bellucci","MID",8,512,"FHD","Windows 11 Pro Education","13_config_standard","SI",1]
["Bellucci_13_config_standardMID8512FHDWindows 11 Pro",null,"Bellucci","MID",8,512,"FHD","Windows 11 Pro","13_config_standard","SI",1]
["Bellucci_13_config_standardMID16512FHDDistribuzione Linux",null,"Bellucci","MID",16,512,"FHD","Distribuzione Linux","13_config_standard","SI",1]
["Bellucci_13_config_standardMID16512FHDWindows 11 Pro Education",null,"Bellucci","MID",16,512,"FHD","Windows 11 Pro Education","13_config_standard","SI",1]
["Bellucci_13_config_standardMID16512FHDWindows 11 Pro",null,"Bellucci","MID",16,512,"FHD","Windows 11 Pro","13_config_standard","SI",1]
["Bellucci_13_config_standardHIGH8256HDDistribuzione Linux",null,"Bellucci","HIGH",8,256,"HD","Distribuzione Linux","13_config_standard","NO",0]
[{"$f":"C341&\"_\"&I341&D341&E341&F341&G341&H341","v":"Bellucci_13_config_standardHIGH8256HDWindows 11 Pro Education"},null,"Bellucci","HIGH",8,256,"HD","Windows 11 Pro Education","13_config_standard","NO",{"$f":"+IF(J341=\"NO\",0,1)","v":0}]
["Bellucci_13_config_standardHIGH8256HDWindows 11 Pro",null,"Bellucci","HIGH",8,256,"HD","Windows 11 Pro","13_config_standard","NO",0]
["Bellucci_13_config_standardHIGH16256HDDistribuzione Linux",null,"Bellucci","HIGH",16,256,"HD","Distribuzione Linux","13_config_standard","NO",0]
["Bellucci_13_config_standardHIGH16256HDWindows 11 Pro Education",null,"Bellucci","HIGH",16,256,"HD","Windows 11 Pro Education","13_config_standard","NO",0]
["Bellucci_13_config_standardHIGH16256HDWindows 11 Pro",null,"Bellucci","HIGH",16,256,"HD","Windows 11 Pro","13_config_standard","NO",0]
["Bellucci_13_config_standardHIGH8512HDDistribuzione Linux",null,"Bellucci","HIGH",8,512,"HD","Distribuzione Linux","13_config_standard","NO",0]
["Bellucci_13_config_standardHIGH8512HDWindows 11 Pro Education",null,"Bellucci","HIGH",8,512,"HD","Windows 11 Pro Education","13_config_standard","NO",0]
["Bellucci_13_config_standardHIGH8512HDWindows 11 Pro",null,"Bellucci","HIGH",8,512,"HD","Windows 11 Pro","13_config_standard","NO",0]
["Bellucci_13_config_standardHIGH16512HDDistribuzione Linux",null,"Bellucci","HIGH",16,512,"HD","Distribuzione Linux","13_config_standard","NO",0]
["Bellucci_13_config_standardHIGH16512HDWindows 11 Pro Education",null,"Bellucci","HIGH",16,512,"HD","Windows 11 Pro Education","13_config_standard","NO",0]
["Bellucci_13_config_standardHIGH16512HDWindows 11 Pro",null,"Bellucci","HIGH",16,512,"HD","Windows 11 Pro","13_config_standard","NO",0]
["Bellucci_13_config_standardHIGH8256FHDDistribuzione Linux",null,"Bellucci","HIGH",8,256,"FHD","Distribuzione Linux","13_config_standard","SI",1]
["Bellucci_13_config_standardHIGH8256FHDWindows 11 Pro Education",null,"Bellucci","HIGH",8,256,"FHD","Windows 11 Pro Education","13_config_standard","SI",1]
["Bellucci_13_config_standardHIGH8256FHDWindows 11 Pro",null,"Bellucci","HIGH",8,256,"FHD","Windows 11 Pro","13_config_standard","SI",1]
["Bellucci_13_config_standardHIGH16256FHDDistribuzione Linux",null,"Bellucci","HIGH",16,256,"FHD","Distribuzione Linux","13_config_standard","SI",1]
["Bellucci_13_config_standardHIGH16256FHDWindows 11 Pro Education",null,"Bellucci","HIGH",16,256,"FHD","Windows 11 Pro Education","13_config_standard","SI",1]
["Bellucci_13_config_standardHIGH16256FHDWindows 11 Pro",null,"Bellucci","HIGH",16,256,"FHD","Windows 11 Pro","13_config_standard","SI",1]
["Bellucci_13_config_standardHIGH8512FHDDistribuzione Linux",null,"Bellucci","HIGH",8,512,"FHD","Distribuzione Linux","13_config_standard","SI",1]
["Bellucci_13_config_standardHIGH8512FHDWindows 11 Pro Education",null,"Bellucci","HIGH",8,512,"FHD","Windows 11 Pro Education","13_config_standard","SI",1]
["Bellucci_13_config_standardHIGH8512FHDWindows 11 Pro",null,"Bellucci","HIGH",8,512,"FHD","Windows 11 Pro","13_config_standard","SI",1]
["Bellucci_13_config_standardHIGH16512FHDDistribuzione Linux",null,"Bellucci","HIGH",16,512,"FHD","Distribuzione Linux","13_config_standard","SI",1]
["Bellucci_13_config_standardHIGH16512FHDWindows 11 Pro Education",null,"Bellucci","HIGH",16,512,"FHD","Windows 11 Pro Education","13_config_standard","SI",1]
["Bellucci_13_config_standardHIGH16512FHDWindows 11 Pro",null,"Bellucci","HIGH",16,512,"FHD","Windows 11 Pro","13_config_standard","SI",1]
["Bellucci_13_config_TCOLOW8256HDDistribuzione Linux",null,"Bellucci","LOW",8,256,"HD","Distribuzione Linux","13_config_TCO","NO",0]
["Bellucci_13_config_TCOLOW8256HDWindows 11 Pro Education",null,"Bellucci","LOW",8,256,"HD","Windows 11 Pro Education","13_config_TCO","NO",0]
["Bellucci_13_config_TCOLOW8256HDWindows 11 Pro",null,"Bellucci","LOW",8,256,"HD","Windows 11 Pro","13_config_TCO","NO",0]
["Bellucci_13_config_TCOLOW16256HDDistribuzione Linux",null,"Bellucci","LOW",16,256,"HD","Distribuzione Linux","13_config_TCO","NO",0]
["Bellucci_13_config_TCOLOW16256HDWindows 11 Pro Education",null,"Bellucci","LOW",16,256,"HD","Windows 11 Pro Education","13_config_TCO","NO",0]
["Bellucci_13_config_TCOLOW16256HDWindows 11 Pro",null,"Bellucci","LOW",16,256,"HD","Windows 11 Pro","13_config_TCO","NO",0]
["Bellucci_13_config_TCOLOW8512HDDistribuzione Linux",null,"Bellucci","LOW",8,512,"HD","Distribuzione Linux","13_config_TCO","NO",0]
["Bellucci_13_config_TCOLOW8512HDWindows 11 Pro Education",null,"Bellucci","LOW",8,512,"HD","Windows 11 Pro Education","13_config_TCO","NO",0]
["Bellucci_13_config_TCOLOW8512HDWindows 11 Pro",null,"Bellucci","LOW",8,512,"HD","Windows 11 Pro","13_config_TCO","NO",0]
["Bellucci_13_config_TCOLOW16512HDDistribuzione Linux",null,"Bellucci","LOW",16,512,"HD","Distribuzione Linux","13_config_TCO","NO",0]
["Bellucci_13_config_TCOLOW16512HDWindows 11 Pro Education",null,"Bellucci","LOW",16,512,"HD","Windows 11 Pro Education","13_config_TCO","NO",0]
["Bellucci_13_config_TCOLOW16512HDWindows 11 Pro",null,"Bellucci","LOW",16,512,"HD","Windows 11 Pro","13_config_TCO","NO",0]
["Bellucci_13_config_TCOLOW8256FHDDistribuzione Linux",null,"Bellucci","LOW",8,256,"FHD","Distribuzione Linux","13_config_TCO","SI",1]
["Bellucci_13_config_TCOLOW8256FHDWindows 11 Pro Education",null,"Bellucci","LOW",8,256,"FHD","Windows 11 Pro Education","13_config_TCO","SI",1]
["Bellucci_13_config_TCOLOW8256FHDWindows 11 Pro",null,"Bellucci","LOW",8,256,"FHD","Windows 11 Pro","13_config_TCO","SI",1]
["Bellucci_13_config_TCOLOW16256FHDDistribuzione Linux",null,"Bellucci","LOW",16,256,"FHD","Distribuzione Linux","13_config_TCO","SI",1]
["Bellucci_13_config_TCOLOW16256FHDWindows 11 Pro Education",null,"Bellucci","LOW",16,256,"FHD","Windows 11 Pro Education","13_config_TCO","SI",1]
["Bellucci_13_config_TCOLOW16256FHDWindows 11 Pro",null,"Bellucci","LOW",16,256,"FHD","Windows 11 Pro","13_config_TCO","SI",1]
["Bellucci_13_config_TCOLOW8512FHDDistribuzione Linux",null,"Bellucci","LOW",8,512,"FHD","Distribuzione Linux","13_config_TCO","SI",1]
["Bellucci_13_config_TCOLOW8512FHDWindows 11 Pro Education",null,"Bellucci","LOW",8,512,"FHD","Windows 11 Pro Education","13_config_TCO","SI",1]
["Bellucci_13_config_TCOLOW8512FHDWindows 11 Pro",null,"Bellucci","LOW",8,512,"FHD","Windows 11 Pro","13_config_TCO","SI",1]
["Bellucci_13_config_TCOLOW16512FHDDistribuzione Linux",null,"Bellucci","LOW",16,512,"FHD","Distribuzione Linux","13_config_TCO","SI",1]
["Bellucci_13_config_TCOLOW16512FHDWindows 11 Pro Education",null,"Bellucci","LOW",16,512,"FHD","Windows 11 Pro Education","13_config_TCO","SI",1]
["Bellucci_13_config_TCOLOW16512FHDWindows 11 Pro",null,"Bellucci","LOW",16,512,"FHD","Windows 11 Pro","13_config_TCO","SI",1]
["Bellucci_13_config_TCOMID8256HDDistribuzione Linux",null,"Bellucci","MID",8,256,"HD","Distribuzione Linux","13_config_TCO","NO",0]
["Bellucci_13_config_TCOMID8256HDWindows 11 Pro Education",null,"Bellucci","MID",8,256,"HD","Windows 11 Pro Education","13_config_TCO","NO",0]
["Bellucci_13_config_TCOMID8256HDWindows 11 Pro",null,"Bellucci","MID",8,256,"HD","Windows 11 Pro","13_config_TCO","NO",0]
["Bellucci_13_config_TCOMID16256HDDistribuzione Linux",null,"Bellucci","MID",16,256,"HD","Distribuzione Linux","13_config_TCO","NO",0]
["Bellucci_13_config_TCOMID16256HDWindows 11 Pro Education",null,"Bellucci","MID",16,256,"HD","Windows 11 Pro Education","13_config_TCO","NO",0]
["Bellucci_13_config_TCOMID16256HDWindows 11 Pro",null,"Bellucci","MID",16,256,"HD","Windows 11 Pro","13_config_TCO","NO",0]
["Bellucci_13_config_TCOMID8512HDDistribuzione Linux",null,"Bellucci","MID",8,512,"HD","Distribuzione Linux","13_config_TCO","NO",0]
["Bellucci_13_config_TCOMID8512HDWindows 11 Pro Education",null,"Bellucci","MID",8,512,"HD","Windows 11 Pro Education","13_config_TCO","NO",0]
["Bellucci_13_config_TCOMID8512HDWindows 11 Pro",null,"Bellucci","MID",8,512,"HD","Windows 11 Pro","13_config_TCO","NO",0]
["Bellucci_13_config_TCOMID16512HDDistribuzione Linux",null,"Bellucci","MID",16,512,"HD","Distribuzione Linux","13_config_TCO","NO",0]
["Bellucci_13_config_TCOMID16512HDWindows 11 Pro Education",null,"Bellucci","MID",16,512,"HD","Windows 11 Pro Education","13_config_TCO","NO",0]
["Bellucci_13_config_TCOMID16512HDWindows 11 Pro",null,"Bellucci","MID",16,512,"HD","Windows 11 Pro","13_config_TCO","NO",0]
["Bellucci_13_config_TCOMID8256FHDDistribuzione Linux",null,"Bellucci","MID",8,256,"FHD","Distribuzione Linux","13_config_TCO","SI",1]
["Bellucci_13_config_TCOMID8256FHDWindows 11 Pro Education",null,"Bellucci","MID",8,256,"FHD","Windows 11 Pro Education","13_config_TCO","SI",1]
["Bellucci_13_config_TCOMID8256FHDWindows 11 Pro",null,"Bellucci","MID",8,256,"FHD","Windows 11 Pro","13_config_TCO","SI",1]
["Bellucci_13_config_TCOMID16256FHDDistribuzione Linux",null,"Bellucci","MID",16,256,"FHD","Distribuzione Linux","13_config_TCO","SI",1]
["Bellucci_13_config_TCOMID16256FHDWindows 11 Pro Education",null,"Bellucci","MID",16,256,"FHD","Windows 11 Pro Education","13_config_TCO","SI",1]
[{"$f":"C405&\"_\"&I405&D405&E405&F405&G405&H405","v":"Bellucci_13_config_TCOMID16256FHDWindows 11 Pro"},null,"Bellucci","MID",16,256,"FHD","Windows 11 Pro","13_config_TCO","SI",{"$f":"+IF(J405=\"NO\",0,1)","v":1}]
["Bellucci_13_config_TCOMID8512FHDDistribuzione Linux",null,"Bellucci","MID",8,512,"FHD","Distribuzione Linux","13_config_TCO","SI",1]
["Bellucci_13_config_TCOMID8512FHDWindows 11 Pro Education",null,"Bellucci","MID",8,512,"FHD","Windows 11 Pro Education","13_config_TCO","SI",1]
["Bellucci_13_config_TCOMID8512FHDWindows 11 Pro",null,"Bellucci","MID",8,512,"FHD","Windows 11 Pro","13_config_TCO","SI",1]
["Bellucci_13_config_TCOMID16512FHDDistribuzione Linux",null,"Bellucci","MID",16,512,"FHD","Distribuzione Linux","13_config_TCO","SI",1]
["Bellucci_13_config_TCOMID16512FHDWindows 11 Pro Education",null,"Bellucci","MID",16,512,"FHD","Windows 11 Pro Education","13_config_TCO","SI",1]
["Bellucci_13_config_TCOMID16512FHDWindows 11 Pro",null,"Bellucci","MID",16,512,"FHD","Windows 11 Pro","13_config_TCO","SI",1]
["Bellucci_13_config_TCOHIGH8256HDDistribuzione Linux",null,"Bellucci","HIGH",8,256,"HD","Distribuzione Linux","13_config_TCO","NO",0]
["Bellucci_13_config_TCOHIGH8256HDWindows 11 Pro Education",null,"Bellucci","HIGH",8,256,"HD","Windows 11 Pro Education","13_config_TCO","NO",0]
["Bellucci_13_config_TCOHIGH8256HDWindows 11 Pro",null,"Bellucci","HIGH",8,256,"HD","Windows 11 Pro","13_config_TCO","NO",0]
["Bellucci_13_config_TCOHIGH16256HDDistribuzione Linux",null,"Bellucci","HIGH",16,256,"HD","Distribuzione Linux","13_config_TCO","NO",0]
["Bellucci_13_config_TCOHIGH16256HDWindows 11 Pro Education",null,"Bellucci","HIGH",16,256,"HD","Windows 11 Pro Education","13_config_TCO","NO",0]
["Bellucci_13_config_TCOHIGH16256HDWindows 11 Pro",null,"Bellucci","HIGH",16,256,"HD","Windows 11 Pro","13_config_TCO","NO",0]
["Bellucci_13_config_TCOHIGH8512HDDistribuzione Linux",null,"Bellucci","HIGH",8,512,"HD","Distribuzione Linux","13_config_TCO","NO",0]
["Bellucci_13_config_TCOHIGH8512HDWindows 11 Pro Education",null,"Bellucci","HIGH",8,512,"HD","Windows 11 Pro Education","13_config_TCO","NO",0]
["Bellucci_13_config_TCOHIGH8512HDWindows 11 Pro",null,"Bellucci","HIGH",8,512,"HD","Windows 11 Pro","13_config_TCO","NO",0]
["Bellucci_13_config_TCOHIGH16512HDDistribuzione Linux",null,"Bellucci","HIGH",16,512,"HD","Distribuzione Linux","13_config_TCO","NO",0]
["Bellucci_13_config_TCOHIGH16512HDWindows 11 Pro Education",null,"Bellucci","HIGH",16,512,"HD","Windows 11 Pro Education","13_config_TCO","NO",0]
["Bellucci_13_config_TCOHIGH16512HDWindows 11 Pro",null,"Bellucci","HIGH",16,512,"HD","Windows 11 Pro","13_config_TCO","NO",0]
["Bellucci_13_config_TCOHIGH8256FHDDistribuzione Linux",null,"Bellucci","HIGH",8,256,"FHD","Distribuzione Linux","13_config_TCO","SI",1]
["Bellucci_13_config_TCOHIGH8256FHDWindows 11 Pro Education",null,"Bellucci","HIGH",8,256,"FHD","Windows 11 Pro Education","13_config_TCO","SI",1]
["Bellucci_13_config_TCOHIGH8256FHDWindows 11 Pro",null,"Bellucci","HIGH",8,256,"FHD","Windows 11 Pro","13_config_TCO","SI",1]
["Bellucci_13_config_TCOHIGH16256FHDDistribuzione Linux",null,"Bellucci","HIGH",16,256,"FHD","Distribuzione Linux","13_config_TCO","SI",1]
["Bellucci_13_config_TCOHIGH16256FHDWindows 11 Pro Education",null,"Bellucci","HIGH",16,256,"FHD","Windows 11 Pro Education","13_config_TCO","SI",1]
["Bellucci_13_config_TCOHIGH16256FHDWindows 11 Pro",null,"Bellucci","HIGH",16,256,"FHD","Windows 11 Pro","13_config_TCO","SI",1]
["Bellucci_13_config_TCOHIGH8512FHDDistribuzione Linux",null,"Bellucci","HIGH",8,512,"FHD","Distribuzione Linux","13_config_TCO","SI",1]
["Bellucci_13_config_TCOHIGH8512FHDWindows 11 Pro Education",null,"Bellucci","HIGH",8,512,"FHD","Windows 11 Pro Education","13_config_TCO","SI",1]
["Bellucci_13_config_TCOHIGH8512FHDWindows 11 Pro",null,"Bellucci","HIGH",8,512,"FHD","Windows 11 Pro","13_config_TCO","SI",1]
["Bellucci_13_config_TCOHIGH16512FHDDistribuzione Linux",null,"Bellucci","HIGH",16,512,"FHD","Distribuzione Linux","13_config_TCO","SI",1]
["Bellucci_13_config_TCOHIGH16512FHDWindows 11 Pro Education",null,"Bellucci","HIGH",16,512,"FHD","Windows 11 Pro Education","13_config_TCO","SI",1]
["Bellucci_13_config_TCOHIGH16512FHDWindows 11 Pro",null,"Bellucci","HIGH",16,512,"FHD","Windows 11 Pro","13_config_TCO","SI",1]
["Infordata_15_config_standardLOW8256HDDistribuzione Linux",null,"Infordata","LOW",8,256,"HD","Distribuzione Linux","15_config_standard","NO",{"$f":"+IF(J436=\"NO\",0,1)","v":0}]
["Infordata_15_config_standardLOW8256HDWindows 11 Pro Education",null,"Infordata","LOW",8,256,"HD","Windows 11 Pro Education","15_config_standard","NO",0]
["Infordata_15_config_standardLOW8256HDWindows 11 Pro",null,"Infordata","LOW",8,256,"HD","Windows 11 Pro","15_config_standard","NO",0]
["Infordata_15_config_standardLOW16256HDDistribuzione Linux",null,"Infordata","LOW",16,256,"HD","Distribuzione Linux","15_config_standard","NO",0]
["Infordata_15_config_standardLOW16256HDWindows 11 Pro Education",null,"Infordata","LOW",16,256,"HD","Windows 11 Pro Education","15_config_standard","NO",0]
["Infordata_15_config_standardLOW16256HDWindows 11 Pro",null,"Infordata","LOW",16,256,"HD","Windows 11 Pro","15_config_standard","NO",0]
["Infordata_15_config_standardLOW8512HDDistribuzione Linux",null,"Infordata","LOW",8,512,"HD","Distribuzione Linux","15_config_standard","NO",0]
["Infordata_15_config_standardLOW8512HDWindows 11 Pro Education",null,"Infordata","LOW",8,512,"HD","Windows 11 Pro Education","15_config_standard","NO",0]
["Infordata_15_config_standardLOW8512HDWindows 11 Pro",null,"Infordata","LOW",8,512,"HD","Windows 11 Pro","15_config_standard","NO",0]
["Infordata_15_config_standardLOW16512HDDistribuzione Linux",null,"Infordata","LOW",16,512,"HD","Distribuzione Linux","15_config_standard","NO",0]
["Infordata_15_config_standardLOW16512HDWindows 11 Pro Education",null,"Infordata","LOW",16,512,"HD","Windows 11 Pro Education","15_config_standard","NO",0]
["Infordata_15_config_standardLOW16512HDWindows 11 Pro",null,"Infordata","LOW",16,512,"HD","Windows 11 Pro","15_config_standard","NO",0]
["Infordata_15_config_standardLOW8256FHDDistribuzione Linux",null,"Infordata","LOW",8,256,"FHD","Distribuzione Linux","15_config_standard","NO",0]
["Infordata_15_config_standardLOW8256FHDWindows 11 Pro Education",null,"Infordata","LOW",8,256,"FHD","Windows 11 Pro Education","15_config_standard","NO",0]
["Infordata_15_config_standardLOW8256FHDWindows 11 Pro",null,"Infordata","LOW",8,256,"FHD","Windows 11 Pro","15_config_standard","NO",0]
["Infordata_15_config_standardLOW16256FHDDistribuzione Linux",null,"Infordata","LOW",16,256,"FHD","Distribuzione Linux","15_config_standard","NO",0]
["Infordata_15_config_standardLOW16256FHDWindows 11 Pro Education",null,"Infordata","LOW",16,256,"FHD","Windows 11 Pro Education","15_config_standard","NO",0]
["Infordata_15_config_standardLOW16256FHDWindows 11 Pro",null,"Infordata","LOW",16,256,"FHD","Windows 11 Pro","15_config_standard","NO",{"$f":"+IF(J453=\"NO\",0,1)","v":0}]
["Infordata_15_config_standardLOW8512FHDDistribuzione Linux",null,"Infordata","LOW",8,512,"FHD","Distribuzione Linux","15_config_standard","NO",0]
["Infordata_15_config_standardLOW8512FHDWindows 11 Pro Education",null,"Infordata","LOW",8,512,"FHD","Windows 11 Pro Education","15_config_standard","NO",0]
["Infordata_15_config_standardLOW8512FHDWindows 11 Pro",null,"Infordata","LOW",8,512,"FHD","Windows 11 Pro","15_config_standard","NO",0]
["Infordata_15_config_standardLOW16512FHDDistribuzione Linux",null,"Infordata","LOW",16,512,"FHD","Distribuzione Linux","15_config_standard","NO",0]
["Infordata_15_config_standardLOW16512FHDWindows 11 Pro Education",null,"Infordata","LOW",16,512,"FHD","Windows 11 Pro Education","15_config_standard","NO",0]
["Infordata_15_config_standardLOW16512FHDWindows 11 Pro",null,"Infordata","LOW",16,512,"FHD","Windows 11 Pro","15_config_standard","NO",0]
["Infordata_15_config_standardMID8256HDDistribuzione Linux",null,"Infordata","MID",8,256,"HD","Distribuzione Linux","15_config_standard","NO",0]
["Infordata_15_config_standardMID8256HDWindows 11 Pro Education",null,"Infordata","MID",8,256,"HD","Windows 11 Pro Education","15_config_standard","NO",0]
["Infordata_15_config_standardMID8256HDWindows 11 Pro",null,"Infordata","MID",8,256,"HD","Windows 11 Pro","15_config_standard","NO",0]
["Infordata_15_config_standardMID16256HDDistribuzione Linux",null,"Infordata","MID",16,256,"HD","Distribuzione Linux","15_config_standard","NO",0]
["Infordata_15_config_standardMID16256HDWindows 11 Pro Education",null,"Infordata","MID",16,256,"HD","Windows 11 Pro Education","15_config_standard","NO",0]
["Infordata_15_config_standardMID16256HDWindows 11 Pro",null,"Infordata","MID",16,256,"HD","Windows 11 Pro","15_config_standard","NO",0]
["Infordata_15_config_standardMID8512HDDistribuzione Linux",null,"Infordata","MID",8,512,"HD","Distribuzione Linux","15_config_standard","NO",0]
["Infordata_15_config_standardMID8512HDWindows 11 Pro Education",null,"Infordata","MID",8,512,"HD","Windows 11 Pro Education","15_config_standard","NO",0]
["Infordata_15_config_standardMID8512HDWindows 11 Pro",null,"Infordata","MID",8,512,"HD","Windows 11 Pro","15_config_standard","NO",0]
[{"$f":"C469&\"_\"&I469&D469&E469&F469&G469&H469","v":"Infordata_15_config_standardMID16512HDDistribuzione Linux"},null,"Infordata","MID",16,512,"HD","Distribuzione Linux","15_config_standard","NO",0]
["Infordata_15_config_standardMID16512HDWindows 11 Pro Education",null,"Infordata","MID",16,512,"HD","Windows 11 Pro Education","15_config_standard","NO",0]
["Infordata_15_config_standardMID16512HDWindows 11 Pro",null,"Infordata","MID",16,512,"HD","Windows 11 Pro","15_config_standard","NO",0]
["Infordata_15_config_standardMID8256FHDDistribuzione Linux",null,"Infordata","MID",8,256,"FHD","Distribuzione Linux","15_config_standard","NO",0]
["Infordata_15_config_standardMID8256FHDWindows 11 Pro Education",null,"Infordata","MID",8,256,"FHD","Windows 11 Pro Education","15_config_standard","NO",0]
["Infordata_15_config_standardMID8256FHDWindows 11 Pro",null,"Infordata","MID",8,256,"FHD","Windows 11 Pro","15_config_standard","NO",0]
["Infordata_15_config_standardMID16256FHDDistribuzione Linux",null,"Infordata","MID",16,256,"FHD","Distribuzione Linux","15_config_standard","NO",0]
["Infordata_15_config_standardMID16256FHDWindows 11 Pro Education",null,"Infordata","MID",16,256,"FHD","Windows 11 Pro Education","15_config_standard","NO",0]
["Infordata_15_config_standardMID16256FHDWindows 11 Pro",null,"Infordata","MID",16,256,"FHD","Windows 11 Pro","15_config_standard","NO",0]
["Infordata_15_config_standardMID8512FHDDistribuzione Linux",null,"Infordata","MID",8,512,"FHD","Distribuzione Linux","15_config_standard","NO",0]
["Infordata_15_config_standardMID8512FHDWindows 11 Pro Education",null,"Infordata","MID",8,512,"FHD","Windows 11 Pro Education","15_config_standard","NO",0]
["Infordata_15_config_standardMID8512FHDWindows 11 Pro",null,"Infordata","MID",8,512,"FHD","Windows 11 Pro","15_config_standard","NO",0]
["Infordata_15_config_standardMID16512FHDDistribuzione Linux",null,"Infordata","MID",16,512,"FHD","Distribuzione Linux","15_config_standard","NO",0]
["Infordata_15_config_standardMID16512FHDWindows 11 Pro Education",null,"Infordata","MID",16,512,"FHD","Windows 11 Pro Education","15_config_standard","NO",0]
["Infordata_15_config_standardMID16512FHDWindows 11 Pro",null,"Infordata","MID",16,512,"FHD","Windows 11 Pro","15_config_standard","NO",0]
["Infordata_15_config_standardHIGH8256HDDistribuzione Linux",null,"Infordata","HIGH",8,256,"HD","Distribuzione Linux","15_config_standard","NO",0]
["Infordata_15_config_standardHIGH8256HDWindows 11 Pro Education",null,"Infordata","HIGH",8,256,"HD","Windows 11 Pro Education","15_config_standard","NO",0]
["Infordata_15_config_standardHIGH8256HDWindows 11 Pro",null,"Infordata","HIGH",8,256,"HD","Windows 11 Pro","15_config_standard","NO",0]
["Infordata_15_config_standardHIGH16256HDDistribuzione Linux",null,"Infordata","HIGH",16,256,"HD","Distribuzione Linux","15_config_standard","NO",0]
["Infordata_15_config_standardHIGH16256HDWindows 11 Pro Education",null,"Infordata","HIGH",16,256,"HD","Windows 11 Pro Education","15_config_standard","NO",0]
["Infordata_15_config_standardHIGH16256HDWindows 11 Pro",null,"Infordata","HIGH",16,256,"HD","Windows 11 Pro","15_config_standard","NO",0]
["Infordata_15_config_standardHIGH8512HDDistribuzione Linux",null,"Infordata","HIGH",8,512,"HD","Distribuzione Linux","15_config_standard","NO",0]
["Infordata_15_config_standardHIGH8512HDWindows 11 Pro Education",null,"Infordata","HIGH",8,512,"HD","Windows 11 Pro Education","15_config_standard","NO",0]
["Infordata_15_config_standardHIGH8512HDWindows 11 Pro",null,"Infordata","HIGH",8,512,"HD","Windows 11 Pro","15_config_standard","NO",0]
["Infordata_15_config_standardHIGH16512HDDistribuzione Linux",null,"Infordata","HIGH",16,512,"HD","Distribuzione Linux","15_config_standard","NO",0]
["Infordata_15_config_standardHIGH16512HDWindows 11 Pro Education",null,"Infordata","HIGH",16,512,"HD","Windows 11 Pro Education","15_config_standard","NO",0]
["Infordata_15_config_standardHIGH16512HDWindows 11 Pro",null,"Infordata","HIGH",16,512,"HD","Windows 11 Pro","15_config_standard","NO",0]
["Infordata_15_config_standardHIGH8256FHDDistribuzione Linux",null,"Infordata","HIGH",8,256,"FHD","Distribuzione Linux","15_config_standard","NO",0]
["Infordata_15_config_standardHIGH8256FHDWindows 11 Pro Education",null,"Infordata","HIGH",8,256,"FHD","Windows 11 Pro Education","15_config_standard","NO",0]
["Infordata_15_config_standardHIGH8256FHDWindows 11 Pro",null,"Infordata","HIGH",8,256,"FHD","Windows 11 Pro","15_config_standard","NO",0]
["Infordata_15_config_standardHIGH16256FHDDistribuzione Linux",null,"Infordata","HIGH",16,256,"FHD","Distribuzione Linux","15_config_standard","NO",0]
["Infordata_15_config_standardHIGH16256FHDWindows 11 Pro Education",null,"Infordata","HIGH",16,256,"FHD","Windows 11 Pro Education","15_config_standard","NO",0]
["Infordata_15_config_standardHIGH16256FHDWindows 11 Pro",null,"Infordata","HIGH",16,256,"FHD","Windows 11 Pro","15_config_standard","NO",0]
["Infordata_15_config_standardHIGH8512FHDDistribuzione Linux",null,"Infordata","HIGH",8,512,"FHD","Distribuzione Linux","15_config_standard","NO",0]
["Infordata_15_config_standardHIGH8512FHDWindows 11 Pro Education",null,"Infordata","HIGH",8,512,"FHD","Windows 11 Pro Education","15_config_standard","NO",0]
["Infordata_15_config_standardHIGH8512FHDWindows 11 Pro",null,"Infordata","HIGH",8,512,"FHD","Windows 11 Pro","15_config_standard","NO",0]
["Infordata_15_config_standardHIGH16512FHDDistribuzione Linux",null,"Infordata","HIGH",16,512,"FHD","Distribuzione Linux","15_config_standard","NO",0]
["Infordata_15_config_standardHIGH16512FHDWindows 11 Pro Education",null,"Infordata","HIGH",16,512,"FHD","Windows 11 Pro Education","15_config_standard","NO",0]
["Infordata_15_config_standardHIGH16512FHDWindows 11 Pro",null,"Infordata","HIGH",16,512,"FHD","Windows 11 Pro","15_config_standard","NO",0]
["Infordata_15_config_TCOLOW8256HDDistribuzione Linux",null,"Infordata","LOW",8,256,"HD","Distribuzione Linux","15_config_TCO","SI",1]
["Infordata_15_config_TCOLOW8256HDWindows 11 Pro Education",null,"Infordata","LOW",8,256,"HD","Windows 11 Pro Education","15_config_TCO","SI",1]
["Infordata_15_config_TCOLOW8256HDWindows 11 Pro",null,"Infordata","LOW",8,256,"HD","Windows 11 Pro","15_config_TCO","SI",1]
["Infordata_15_config_TCOLOW16256HDDistribuzione Linux",null,"Infordata","LOW",16,256,"HD","Distribuzione Linux","15_config_TCO","SI",1]
["Infordata_15_config_TCOLOW16256HDWindows 11 Pro Education",null,"Infordata","LOW",16,256,"HD","Windows 11 Pro Education","15_config_TCO","SI",1]
["Infordata_15_config_TCOLOW16256HDWindows 11 Pro",null,"Infordata","LOW",16,256,"HD","Windows 11 Pro","15_config_TCO","SI",1]
["Infordata_15_config_TCOLOW8512HDDistribuzione Linux",null,"Infordata","LOW",8,512,"HD","Distribuzione Linux","15_config_TCO","SI",1]
["Infordata_15_config_TCOLOW8512HDWindows 11 Pro Education",null,"Infordata","LOW",8,512,"HD","Windows 11 Pro Education","15_config_TCO","SI",1]
["Infordata_15_config_TCOLOW8512HDWindows 11 Pro",null,"Infordata","LOW",8,512,"HD","Windows 11 Pro","15_config_TCO","SI",1]
["Infordata_15_config_TCOLOW16512HDDistribuzione Linux",null,"Infordata","LOW",16,512,"HD","Distribuzione Linux","15_config_TCO","SI",{"$f":"+IF(J517=\"NO\",0,1)","v":1}]
["Infordata_15_config_TCOLOW16512HDWindows 11 Pro Education",null,"Infordata","LOW",16,512,"HD","Windows 11 Pro Education","15_config_TCO","SI",1]
["Infordata_15_config_TCOLOW16512HDWindows 11 Pro",null,"Infordata","LOW",16,512,"HD","Windows 11 Pro","15_config_TCO","SI",1]
["Infordata_15_config_TCOLOW8256FHDDistribuzione Linux",null,"Infordata","LOW",8,256,"FHD","Distribuzione Linux","15_config_TCO","SI",1]
["Infordata_15_config_TCOLOW8256FHDWindows 11 Pro Education",null,"Infordata","LOW",8,256,"FHD","Windows 11 Pro Education","15_config_TCO","SI",1]
["Infordata_15_config_TCOLOW8256FHDWindows 11 Pro",null,"Infordata","LOW",8,256,"FHD","Windows 11 Pro","15_config_TCO","SI",1]
["Infordata_15_config_TCOLOW16256FHDDistribuzione Linux",null,"Infordata","LOW",16,256,"FHD","Distribuzione Linux","15_config_TCO","SI",1]
["Infordata_15_config_TCOLOW16256FHDWindows 11 Pro Education",null,"Infordata","LOW",16,256,"FHD","Windows 11 Pro Education","15_config_TCO","SI",1]
["Infordata_15_config_TCOLOW16256FHDWindows 11 Pro",null,"Infordata","LOW",16,256,"FHD","Windows 11 Pro","15_config_TCO","SI",1]
["Infordata_15_config_TCOLOW8512FHDDistribuzione Linux",null,"Infordata","LOW",8,512,"FHD","Distribuzione Linux","15_config_TCO","SI",1]
["Infordata_15_config_TCOLOW8512FHDWindows 11 Pro Education",null,"Infordata","LOW",8,512,"FHD","Windows 11 Pro Education","15_config_TCO","SI",1]
["Infordata_15_config_TCOLOW8512FHDWindows 11 Pro",null,"Infordata","LOW",8,512,"FHD","Windows 11 Pro","15_config_TCO","SI",1]
["Infordata_15_config_TCOLOW16512FHDDistribuzione Linux",null,"Infordata","LOW",16,512,"FHD","Distribuzione Linux","15_config_TCO","SI",1]
["Infordata_15_config_TCOLOW16512FHDWindows 11 Pro Education",null,"Infordata","LOW",16,512,"FHD","Windows 11 Pro Education","15_config_TCO","SI",1]
["Infordata_15_config_TCOLOW16512FHDWindows 11 Pro",null,"Infordata","LOW",16,512,"FHD","Windows 11 Pro","15_config_TCO","SI",1]
["Infordata_15_config_TCOMID8256HDDistribuzione Linux",null,"Infordata","MID",8,256,"HD","Distribuzione Linux","15_config_TCO","SI",1]
[{"$f":"C533&\"_\"&I533&D533&E533&F533&G533&H533","v":"Infordata_15_config_TCOMID8256HDWindows 11 Pro Education"},null,"Infordata","MID",8,256,"HD","Windows 11 Pro Education","15_config_TCO","SI",1]
["Infordata_15_config_TCOMID8256HDWindows 11 Pro",null,"Infordata","MID",8,256,"HD","Windows 11 Pro","15_config_TCO","SI",1]
["Infordata_15_config_TCOMID16256HDDistribuzione Linux",null,"Infordata","MID",16,256,"HD","Distribuzione Linux","15_config_TCO","SI",1]
["Infordata_15_config_TCOMID16256HDWindows 11 Pro Education",null,"Infordata","MID",16,256,"HD","Windows 11 Pro Education","15_config_TCO","SI",1]
["Infordata_15_config_TCOMID16256HDWindows 11 Pro",null,"Infordata","MID",16,256,"HD","Windows 11 Pro","15_config_TCO","SI",1]
["Infordata_15_config_TCOMID8512HDDistribuzione Linux",null,"Infordata","MID",8,512,"HD","Distribuzione Linux","15_config_TCO","SI",1]
["Infordata_15_config_TCOMID8512HDWindows 11 Pro Education",null,"Infordata","MID",8,512,"HD","Windows 11 Pro Education","15_config_TCO","SI",1]
["Infordata_15_config_TCOMID8512HDWindows 11 Pro",null,"Infordata","MID",8,512,"HD","Windows 11 Pro","15_config_TCO","SI",1]
["Infordata_15_config_TCOMID16512HDDistribuzione Linux",null,"Infordata","MID",16,512,"HD","Distribuzione Linux","15_config_TCO","SI",1]
["Infordata_15_config_TCOMID16512HDWindows 11 Pro Education",null,"Infordata","MID",16,512,"HD","Windows 11 Pro Education","15_config_TCO","SI",1]
["Infordata_15_config_TCOMID16512HDWindows 11 Pro",null,"Infordata","MID",16,512,"HD","Windows 11 Pro","15_config_TCO","SI",1]
["Infordata_15_config_TCOMID8256FHDDistribuzione Linux",null,"Infordata","MID",8,256,"FHD","Distribuzione Linux","15_config_TCO","SI",1]
["Infordata_15_config_TCOMID8256FHDWindows 11 Pro Education",null,"Infordata","MID",8,256,"FHD","Windows 11 Pro Education","15_config_TCO","SI",1]
["Infordata_15_config_TCOMID8256FHDWindows 11 Pro",null,"Infordata","MID",8,256,"FHD","Windows 11 Pro","15_config_TCO","SI",1]
["Infordata_15_config_TCOMID16256FHDDistribuzione Linux",null,"Infordata","MID",16,256,"FHD","Distribuzione Linux","15_config_TCO","SI",1]
["Infordata_15_config_TCOMID16256FHDWindows 11 Pro Education",null,"Infordata","MID",16,256,"FHD","Windows 11 Pro Education","15_config_TCO","SI",1]
["Infordata_15_config_TCOMID16256FHDWindows 11 Pro",null,"Infordata","MID",16,256,"FHD","Windows 11 Pro","15_config_TCO","SI",1]
["Infordata_15_config_TCOMID8512FHDDistribuzione Linux",null,"Infordata","MID",8,512,"FHD","Distribuzione Linux","15_config_TCO","SI",1]
["Infordata_15_config_TCOMID8512FHDWindows 11 Pro Education",null,"Infordata","MID",8,512,"FHD","Windows 11 Pro Education","15_config_TCO","SI",1]
["Infordata_15_config_TCOMID8512FHDWindows 11 Pro",null,"Infordata","MID",8,512,"FHD","Windows 11 Pro","15_config_TCO","SI",1]
["Infordata_15_config_TCOMID16512FHDDistribuzione Linux",null,"Infordata","MID",16,512,"FHD","Distribuzione Linux","15_config_TCO","SI",1]
["Infordata_15_config_TCOMID16512FHDWindows 11 Pro Education",null,"Infordata","MID",16,512,"FHD","Windows 11 Pro Education","15_config_TCO","SI",1]
["Infordata_15_config_TCOMID16512FHDWindows 11 Pro",null,"Infordata","MID",16,512,"FHD","Windows 11 Pro","15_config_TCO","SI",1]
["Infordata_15_config_TCOHIGH8256HDDistribuzione Linux",null,"Infordata","HIGH",8,256,"HD","Distribuzione Linux","15_config_TCO","SI",1]
["Infordata_15_config_TCOHIGH8256HDWindows 11 Pro Education",null,"Infordata","HIGH",8,256,"HD","Windows 11 Pro Education","15_config_TCO","NO",0]
["Infordata_15_config_TCOHIGH8256HDWindows 11 Pro",null,"Infordata","HIGH",8,256,"HD","Windows 11 Pro","15_config_TCO","SI",1]
["Infordata_15_config_TCOHIGH16256HDDistribuzione Linux",null,"Infordata","HIGH",16,256,"HD","Distribuzione Linux","15_config_TCO","SI",1]
["Infordata_15_config_TCOHIGH16256HDWindows 11 Pro Education",null,"Infordata","HIGH",16,256,"HD","Windows 11 Pro Education","15_config_TCO","NO",0]
["Infordata_15_config_TCOHIGH16256HDWindows 11 Pro",null,"Infordata","HIGH",16,256,"HD","Windows 11 Pro","15_config_TCO","SI",1]
["Infordata_15_config_TCOHIGH8512HDDistribuzione Linux",null,"Infordata","HIGH",8,512,"HD","Distribuzione Linux","15_config_TCO","SI",1]
["Infordata_15_config_TCOHIGH8512HDWindows 11 Pro Education",null,"Infordata","HIGH",8,512,"HD","Windows 11 Pro Education","15_config_TCO","NO",0]
["Infordata_15_config_TCOHIGH8512HDWindows 11 Pro",null,"Infordata","HIGH",8,512,"HD","Windows 11 Pro","15_config_TCO","SI",1]
["Infordata_15_config_TCOHIGH16512HDDistribuzione Linux",null,"Infordata","HIGH",16,512,"HD","Distribuzione Linux","15_config_TCO","SI",1]
["Infordata_15_config_TCOHIGH16512HDWindows 11 Pro Education",null,"Infordata","HIGH",16,512,"HD","Windows 11 Pro Education","15_config_TCO","NO",0]
["Infordata_15_config_TCOHIGH16512HDWindows 11 Pro",null,"Infordata","HIGH",16,512,"HD","Windows 11 Pro","15_config_TCO","SI",1]
["Infordata_15_config_TCOHIGH8256FHDDistribuzione Linux",null,"Infordata","HIGH",8,256,"FHD","Distribuzione Linux","15_config_TCO","SI",1]
["Infordata_15_config_TCOHIGH8256FHDWindows 11 Pro Education",null,"Infordata","HIGH",8,256,"FHD","Windows 11 Pro Education","15_config_TCO","NO",0]
["Infordata_15_config_TCOHIGH8256FHDWindows 11 Pro",null,"Infordata","HIGH",8,256,"FHD","Windows 11 Pro","15_config_TCO","SI",1]
["Infordata_15_config_TCOHIGH16256FHDDistribuzione Linux",null,"Infordata","HIGH",16,256,"FHD","Distribuzione Linux","15_config_TCO","SI",1]
["Infordata_15_config_TCOHIGH16256FHDWindows 11 Pro Education",null,"Infordata","HIGH",16,256,"FHD","Windows 11 Pro Education","15_config_TCO","NO",0]
["Infordata_15_config_TCOHIGH16256FHDWindows 11 Pro",null,"Infordata","HIGH",16,256,"FHD","Windows 11 Pro","15_config_TCO","SI",1]
["Infordata_15_config_TCOHIGH8512FHDDistribuzione Linux",null,"Infordata","HIGH",8,512,"FHD","Distribuzione Linux","15_config_TCO","SI",1]
["Infordata_15_config_TCOHIGH8512FHDWindows 11 Pro Education",null,"Infordata","HIGH",8,512,"FHD","Windows 11 Pro Education","15_config_TCO","NO",0]
["Infordata_15_config_TCOHIGH8512FHDWindows 11 Pro",null,"Infordata","HIGH",8,512,"FHD","Windows 11 Pro","15_config_TCO","SI",1]
["Infordata_15_config_TCOHIGH16512FHDDistribuzione Linux",null,"Infordata","HIGH",16,512,"FHD","Distribuzione Linux","15_config_TCO","SI",1]
["Infordata_15_config_TCOHIGH16512FHDWindows 11 Pro Education",null,"Infordata","HIGH",16,512,"FHD","Windows 11 Pro Education","15_config_TCO","NO",0]
["Infordata_15_config_TCOHIGH16512FHDWindows 11 Pro",null,"Infordata","HIGH",16,512,"FHD","Windows 11 Pro","15_config_TCO","SI",1]
["Infordata_14_config_standardLOW8256HDDistribuzione Linux",null,"Infordata","LOW",8,256,"HD","Distribuzione Linux","14_config_standard","NO",0]
["Infordata_14_config_standardLOW8256HDWindows 11 Pro Education",null,"Infordata","LOW",8,256,"HD","Windows 11 Pro Education","14_config_standard","NO",{"$f":"+IF(J581=\"NO\",0,1)","v":0}]
["Infordata_14_config_standardLOW8256HDWindows 11 Pro",null,"Infordata","LOW",8,256,"HD","Windows 11 Pro","14_config_standard","NO",0]
["Infordata_14_config_standardLOW16256HDDistribuzione Linux",null,"Infordata","LOW",16,256,"HD","Distribuzione Linux","14_config_standard","NO",0]
["Infordata_14_config_standardLOW16256HDWindows 11 Pro Education",null,"Infordata","LOW",16,256,"HD","Windows 11 Pro Education","14_config_standard","NO",0]
["Infordata_14_config_standardLOW16256HDWindows 11 Pro",null,"Infordata","LOW",16,256,"HD","Windows 11 Pro","14_config_standard","NO",0]
["Infordata_14_config_standardLOW8512HDDistribuzione Linux",null,"Infordata","LOW",8,512,"HD","Distribuzione Linux","14_config_standard","NO",0]
["Infordata_14_config_standardLOW8512HDWindows 11 Pro Education",null,"Infordata","LOW",8,512,"HD","Windows 11 Pro Education","14_config_standard","NO",0]
["Infordata_14_config_standardLOW8512HDWindows 11 Pro",null,"Infordata","LOW",8,512,"HD","Windows 11 Pro","14_config_standard","NO",0]
["Infordata_14_config_standardLOW16512HDDistribuzione Linux",null,"Infordata","LOW",16,512,"HD","Distribuzione Linux","14_config_standard","NO",0]
["Infordata_14_config_standardLOW16512HDWindows 11 Pro Education",null,"Infordata","LOW",16,512,"HD","Windows 11 Pro Education","14_config_standard","NO",0]
["Infordata_14_config_standardLOW16512HDWindows 11 Pro",null,"Infordata","LOW",16,512,"HD","Windows 11 Pro","14_config_standard","NO",0]
["Infordata_14_config_standardLOW8256FHDDistribuzione Linux",null,"Infordata","LOW",8,256,"FHD","Distribuzione Linux","14_config_standard","NO",0]
["Infordata_14_config_standardLOW8256FHDWindows 11 Pro Education",null,"Infordata","LOW",8,256,"FHD","Windows 11 Pro Education","14_config_standard","NO",0]
["Infordata_14_config_standardLOW8256FHDWindows 11 Pro",null,"Infordata","LOW",8,256,"FHD","Windows 11 Pro","14_config_standard","NO",0]
["Infordata_14_config_standardLOW16256FHDDistribuzione Linux",null,"Infordata","LOW",16,256,"FHD","Distribuzione Linux","14_config_standard","NO",0]
["Infordata_14_config_standardLOW16256FHDWindows 11 Pro Education",null,"Infordata","LOW",16,256,"FHD","Windows 11 Pro Education","14_config_standard","NO",0]
[{"$f":"C597&\"_\"&I597&D597&E597&F597&G597&H597","v":"Infordata_14_config_standardLOW16256FHDWindows 11 Pro"},null,"Infordata","LOW",16,256,"FHD","Windows 11 Pro","14_config_standard","NO",0]
["Infordata_14_config_standardLOW8512FHDDistribuzione Linux",null,"Infordata","LOW",8,512,"FHD","Distribuzione Linux","14_config_standard","NO",0]
["Infordata_14_config_standardLOW8512FHDWindows 11 Pro Education",null,"Infordata","LOW",8,512,"FHD","Windows 11 Pro Education","14_config_standard","NO",0]
["Infordata_14_config_standardLOW8512FHDWindows 11 Pro",null,"Infordata","LOW",8,512,"FHD","Windows 11 Pro","14_config_standard","NO",0]
["Infordata_14_config_standardLOW16512FHDDistribuzione Linux",null,"Infordata","LOW",16,512,"FHD","Distribuzione Linux","14_config_standard","NO",0]
["Infordata_14_config_standardLOW16512FHDWindows 11 Pro Education",null,"Infordata","LOW",16,512,"FHD","Windows 11 Pro Education","14_config_standard","NO",0]
["Infordata_14_config_standardLOW16512FHDWindows 11 Pro",null,"Infordata","LOW",16,512,"FHD","Windows 11 Pro","14_config_standard","NO",0]
["Infordata_14_config_standardMID8256HDDistribuzione Linux",null,"Infordata","MID",8,256,"HD","Distribuzione Linux","14_config_standard","NO",0]
["Infordata_14_config_standardMID8256HDWindows 11 Pro Education",null,"Infordata","MID",8,256,"HD","Windows 11 Pro Education","14_config_standard","NO",0]
["Infordata_14_config_standardMID8256HDWindows 11 Pro",null,"Infordata","MID",8,256,"HD","Windows 11 Pro","14_config_standard","NO",0]
["Infordata_14_config_standardMID16256HDDistribuzione Linux",null,"Infordata","MID",16,256,"HD","Distribuzione Linux","14_config_standard","NO",0]
["Infordata_14_config_standardMID16256HDWindows 11 Pro Education",null,"Infordata","MID",16,256,"HD","Windows 11 Pro Education","14_config_standard","NO",0]
["Infordata_14_config_standardMID16256HDWindows 11 Pro",null,"Infordata","MID",16,256,"HD","Windows 11 Pro","14_config_standard","NO",0]
["Infordata_14_config_standardMID8512HDDistribuzione Linux",null,"Infordata","MID",8,512,"HD","Distribuzione Linux","14_config_standard","NO",0]
["Infordata_14_config_standardMID8512HDWindows 11 Pro Education",null,"Infordata","MID",8,512,"HD","Windows 11 Pro Education","14_config_standard","NO",0]
["Infordata_14_config_standardMID8512HDWindows 11 Pro",null,"Infordata","MID",8,512,"HD","Windows 11 Pro","14_config_standard","NO",0]
["Infordata_14_config_standardMID16512HDDistribuzione Linux",null,"Infordata","MID",16,512,"HD","Distribuzione Linux","14_config_standard","NO",0]
["Infordata_14_config_standardMID16512HDWindows 11 Pro Education",null,"Infordata","MID",16,512,"HD","Windows 11 Pro Education","14_config_standard","NO",0]
["Infordata_14_config_standardMID16512HDWindows 11 Pro",null,"Infordata","MID",16,512,"HD","Windows 11 Pro","14_config_standard","NO",0]
["Infordata_14_config_standardMID8256FHDDistribuzione Linux",null,"Infordata","MID",8,256,"FHD","Distribuzione Linux","14_config_standard","NO",0]
["Infordata_14_config_standardMID8256FHDWindows 11 Pro Education",null,"Infordata","MID",8,256,"FHD","Windows 11 Pro Education","14_config_standard","NO",0]
["Infordata_14_config_standardMID8256FHDWindows 11 Pro",null,"Infordata","MID",8,256,"FHD","Windows 11 Pro","14_config_standard","NO",0]
["Infordata_14_config_standardMID16256FHDDistribuzione Linux",null,"Infordata","MID",16,256,"FHD","Distribuzione Linux","14_config_standard","NO",0]
["Infordata_14_config_standardMID16256FHDWindows 11 Pro Education",null,"Infordata","MID",16,256,"FHD","Windows 11 Pro Education","14_config_standard","NO",0]
["Infordata_14_config_standardMID16256FHDWindows 11 Pro",null,"Infordata","MID",16,256,"FHD","Windows 11 Pro","14_config_standard","NO",0]
["Infordata_14_config_standardMID8512FHDDistribuzione Linux",null,"Infordata","MID",8,512,"FHD","Distribuzione Linux","14_config_standard","NO",0]
["Infordata_14_config_standardMID8512FHDWindows 11 Pro Education",null,"Infordata","MID",8,512,"FHD","Windows 11 Pro Education","14_config_standard","NO",0]
["Infordata_14_config_standardMID8512FHDWindows 11 Pro",null,"Infordata","MID",8,512,"FHD","Windows 11 Pro","14_config_standard","NO",0]
["Infordata_14_config_standardMID16512FHDDistribuzione Linux",null,"Infordata","MID",16,512,"FHD","Distribuzione Linux","14_config_standard","NO",0]
["Infordata_14_config_standardMID16512FHDWindows 11 Pro Education",null,"Infordata","MID",16,512,"FHD","Windows 11 Pro Education","14_config_standard","NO",0]
["Infordata_14_config_standardMID16512FHDWindows 11 Pro",null,"Infordata","MID",16,512,"FHD","Windows 11 Pro","14_config_standard","NO",0]
["Infordata_14_config_standardHIGH8256HDDistribuzione Linux",null,"Infordata","HIGH",8,256,"HD","Distribuzione Linux","14_config_standard","NO",0]
["Infordata_14_config_standardHIGH8256HDWindows 11 Pro Education",null,"Infordata","HIGH",8,256,"HD","Windows 11 Pro Education","14_config_standard","NO",0]
["Infordata_14_config_standardHIGH8256HDWindows 11 Pro",null,"Infordata","HIGH",8,256,"HD","Windows 11 Pro","14_config_standard","NO",0]
["Infordata_14_config_standardHIGH16256HDDistribuzione Linux",null,"Infordata","HIGH",16,256,"HD","Distribuzione Linux","14_config_standard","NO",0]
["Infordata_14_config_standardHIGH16256HDWindows 11 Pro Education",null,"Infordata","HIGH",16,256,"HD","Windows 11 Pro Education","14_config_standard","NO",0]
["Infordata_14_config_standardHIGH16256HDWindows 11 Pro",null,"Infordata","HIGH",16,256,"HD","Windows 11 Pro","14_config_standard","NO",0]
["Infordata_14_config_standardHIGH8512HDDistribuzione Linux",null,"Infordata","HIGH",8,512,"HD","Distribuzione Linux","14_config_standard","NO",0]
["Infordata_14_config_standardHIGH8512HDWindows 11 Pro Education",null,"Infordata","HIGH",8,512,"HD","Windows 11 Pro Education","14_config_standard","NO",0]
["Infordata_14_config_standardHIGH8512HDWindows 11 Pro",null,"Infordata","HIGH",8,512,"HD","Windows 11 Pro","14_config_standard","NO",0]
["Infordata_14_config_standardHIGH16512HDDistribuzione Linux",null,"Infordata","HIGH",16,512,"HD","Distribuzione Linux","14_config_standard","NO",0]
["Infordata_14_config_standardHIGH16512HDWindows 11 Pro Education",null,"Infordata","HIGH",16,512,"HD","Windows 11 Pro Education","14_config_standard","NO",0]
["Infordata_14_config_standardHIGH16512HDWindows 11 Pro",null,"Infordata","HIGH",16,512,"HD","Windows 11 Pro","14_config_standard","NO",0]
["Infordata_14_config_standardHIGH8256FHDDistribuzione Linux",null,"Infordata","HIGH",8,256,"FHD","Distribuzione Linux","14_config_standard","NO",0]
["Infordata_14_config_standardHIGH8256FHDWindows 11 Pro Education",null,"Infordata","HIGH",8,256,"FHD","Windows 11 Pro Education","14_config_standard","NO",0]
["Infordata_14_config_standardHIGH8256FHDWindows 11 Pro",null,"Infordata","HIGH",8,256,"FHD","Windows 11 Pro","14_config_standard","NO",0]
["Infordata_14_config_standardHIGH16256FHDDistribuzione Linux",null,"Infordata","HIGH",16,256,"FHD","Distribuzione Linux","14_config_standard","NO",0]
["Infordata_14_config_standardHIGH16256FHDWindows 11 Pro Education",null,"Infordata","HIGH",16,256,"FHD","Windows 11 Pro Education","14_config_standard","NO",0]
["Infordata_14_config_standardHIGH16256FHDWindows 11 Pro",null,"Infordata","HIGH",16,256,"FHD","Windows 11 Pro","14_config_standard","NO",{"$f":"+IF(J645=\"NO\",0,1)","v":0}]
["Infordata_14_config_standardHIGH8512FHDDistribuzione Linux",null,"Infordata","HIGH",8,512,"FHD","Distribuzione Linux","14_config_standard","NO",0]
["Infordata_14_config_standardHIGH8512FHDWindows 11 Pro Education",null,"Infordata","HIGH",8,512,"FHD","Windows 11 Pro Education","14_config_standard","NO",0]
["Infordata_14_config_standardHIGH8512FHDWindows 11 Pro",null,"Infordata","HIGH",8,512,"FHD","Windows 11 Pro","14_config_standard","NO",0]
["Infordata_14_config_standardHIGH16512FHDDistribuzione Linux",null,"Infordata","HIGH",16,512,"FHD","Distribuzione Linux","14_config_standard","NO",0]
["Infordata_14_config_standardHIGH16512FHDWindows 11 Pro Education",null,"Infordata","HIGH",16,512,"FHD","Windows 11 Pro Education","14_config_standard","NO",0]
["Infordata_14_config_standardHIGH16512FHDWindows 11 Pro",null,"Infordata","HIGH",16,512,"FHD","Windows 11 Pro","14_config_standard","NO",0]
["Infordata_14_config_TCOLOW8256HDDistribuzione Linux",null,"Infordata","LOW",8,256,"HD","Distribuzione Linux","14_config_TCO","SI",1]
["Infordata_14_config_TCOLOW8256HDWindows 11 Pro Education",null,"Infordata","LOW",8,256,"HD","Windows 11 Pro Education","14_config_TCO","SI",1]
["Infordata_14_config_TCOLOW8256HDWindows 11 Pro",null,"Infordata","LOW",8,256,"HD","Windows 11 Pro","14_config_TCO","SI",1]
["Infordata_14_config_TCOLOW16256HDDistribuzione Linux",null,"Infordata","LOW",16,256,"HD","Distribuzione Linux","14_config_TCO","SI",1]
["Infordata_14_config_TCOLOW16256HDWindows 11 Pro Education",null,"Infordata","LOW",16,256,"HD","Windows 11 Pro Education","14_config_TCO","SI",1]
["Infordata_14_config_TCOLOW16256HDWindows 11 Pro",null,"Infordata","LOW",16,256,"HD","Windows 11 Pro","14_config_TCO","SI",1]
["Infordata_14_config_TCOLOW8512HDDistribuzione Linux",null,"Infordata","LOW",8,512,"HD","Distribuzione Linux","14_config_TCO","SI",1]
["Infordata_14_config_TCOLOW8512HDWindows 11 Pro Education",null,"Infordata","LOW",8,512,"HD","Windows 11 Pro Education","14_config_TCO","SI",1]
["Infordata_14_config_TCOLOW8512HDWindows 11 Pro",null,"Infordata","LOW",8,512,"HD","Windows 11 Pro","14_config_TCO","SI",1]
[{"$f":"C661&\"_\"&I661&D661&E661&F661&G661&H661","v":"Infordata_14_config_TCOLOW16512HDDistribuzione Linux"},null,"Infordata","LOW",16,512,"HD","Distribuzione Linux","14_config_TCO","SI",1]
["Infordata_14_config_TCOLOW16512HDWindows 11 Pro Education",null,"Infordata","LOW",16,512,"HD","Windows 11 Pro Education","14_config_TCO","SI",1]
["Infordata_14_config_TCOLOW16512HDWindows 11 Pro",null,"Infordata","LOW",16,512,"HD","Windows 11 Pro","14_config_TCO","SI",1]
["Infordata_14_config_TCOLOW8256FHDDistribuzione Linux",null,"Infordata","LOW",8,256,"FHD","Distribuzione Linux","14_config_TCO","SI",1]
["Infordata_14_config_TCOLOW8256FHDWindows 11 Pro Education",null,"Infordata","LOW",8,256,"FHD","Windows 11 Pro Education","14_config_TCO","SI",1]
["Infordata_14_config_TCOLOW8256FHDWindows 11 Pro",null,"Infordata","LOW",8,256,"FHD","Windows 11 Pro","14_config_TCO","SI",1]
["Infordata_14_config_TCOLOW16256FHDDistribuzione Linux",null,"Infordata","LOW",16,256,"FHD","Distribuzione Linux","14_config_TCO","SI",1]
["Infordata_14_config_TCOLOW16256FHDWindows 11 Pro Education",null,"Infordata","LOW",16,256,"FHD","Windows 11 Pro Education","14_config_TCO","SI",1]
["Infordata_14_config_TCOLOW16256FHDWindows 11 Pro",null,"Infordata","LOW",16,256,"FHD","Windows 11 Pro","14_config_TCO","SI",1]
["Infordata_14_config_TCOLOW8512FHDDistribuzione Linux",null,"Infordata","LOW",8,512,"FHD","Distribuzione Linux","14_config_TCO","SI",1]
["Infordata_14_config_TCOLOW8512FHDWindows 11 Pro Education",null,"Infordata","LOW",8,512,"FHD","Windows 11 Pro Education","14_config_TCO","SI",1]
["Infordata_14_config_TCOLOW8512FHDWindows 11 Pro",null,"Infordata","LOW",8,512,"FHD","Windows 11 Pro","14_config_TCO","SI",1]
["Infordata_14_config_TCOLOW16512FHDDistribuzione Linux",null,"Infordata","LOW",16,512,"FHD","Distribuzione Linux","14_config_TCO","SI",1]
["Infordata_14_config_TCOLOW16512FHDWindows 11 Pro Education",null,"Infordata","LOW",16,512,"FHD","Windows 11 Pro Education","14_config_TCO","SI",1]
["Infordata_14_config_TCOLOW16512FHDWindows 11 Pro",null,"Infordata","LOW",16,512,"FHD","Windows 11 Pro","14_config_TCO","SI",1]
["Infordata_14_config_TCOMID8256HDDistribuzione Linux",null,"Infordata","MID",8,256,"HD","Distribuzione Linux","14_config_TCO","SI",1]
["Infordata_14_config_TCOMID8256HDWindows 11 Pro Education",null,"Infordata","MID",8,256,"HD","Windows 11 Pro Education","14_config_TCO","SI",1]
["Infordata_14_config_TCOMID8256HDWindows 11 Pro",null,"Infordata","MID",8,256,"HD","Windows 11 Pro","14_config_TCO","SI",1]
["Infordata_14_config_TCOMID16256HDDistribuzione Linux",null,"Infordata","MID",16,256,"HD","Distribuzione Linux","14_config_TCO","SI",1]
["Infordata_14_config_TCOMID16256HDWindows 11 Pro Education",null,"Infordata","MID",16,256,"HD","Windows 11 Pro Education","14_config_TCO","SI",1]
["Infordata_14_config_TCOMID16256HDWindows 11 Pro",null,"Infordata","MID",16,256,"HD","Windows 11 Pro","14_config_TCO","SI",1]
["Infordata_14_config_TCOMID8512HDDistribuzione Linux",null,"Infordata","MID",8,512,"HD","Distribuzione Linux","14_config_TCO","SI",1]
["Infordata_14_config_TCOMID8512HDWindows 11 Pro Education",null,"Infordata","MID",8,512,"HD","Windows 11 Pro Education","14_config_TCO","SI",1]
["Infordata_14_config_TCOMID8512HDWindows 11 Pro",null,"Infordata","MID",8,512,"HD","Windows 11 Pro","14_config_TCO","SI",1]
["Infordata_14_config_TCOMID16512HDDistribuzione Linux",null,"Infordata","MID",16,512,"HD","Distribuzione Linux","14_config_TCO","SI",1]
["Infordata_14_config_TCOMID16512HDWindows 11 Pro Education",null,"Infordata","MID",16,512,"HD","Windows 11 Pro Education","14_config_TCO","SI",1]
["Infordata_14_config_TCOMID16512HDWindows 11 Pro",null,"Infordata","MID",16,512,"HD","Windows 11 Pro","14_config_TCO","SI",1]
["Infordata_14_config_TCOMID8256FHDDistribuzione Linux",null,"Infordata","MID",8,256,"FHD","Distribuzione Linux","14_config_TCO","SI",1]
["Infordata_14_config_TCOMID8256FHDWindows 11 Pro Education",null,"Infordata","MID",8,256,"FHD","Windows 11 Pro Education","14_config_TCO","SI",1]
["Infordata_14_config_TCOMID8256FHDWindows 11 Pro",null,"Infordata","MID",8,256,"FHD","Windows 11 Pro","14_config_TCO","SI",1]
["Infordata_14_config_TCOMID16256FHDDistribuzione Linux",null,"Infordata","MID",16,256,"FHD","Distribuzione Linux","14_config_TCO","SI",1]
["Infordata_14_config_TCOMID16256FHDWindows 11 Pro Education",null,"Infordata","MID",16,256,"FHD","Windows 11 Pro Education","14_config_TCO","SI",1]
["Infordata_14_config_TCOMID16256FHDWindows 11 Pro",null,"Infordata","MID",16,256,"FHD","Windows 11 Pro","14_config_TCO","SI",1]
["Infordata_14_config_TCOMID8512FHDDistribuzione Linux",null,"Infordata","MID",8,512,"FHD","Distribuzione Linux","14_config_TCO","SI",1]
["Infordata_14_config_TCOMID8512FHDWindows 11 Pro Education",null,"Infordata","MID",8,512,"FHD","Windows 11 Pro Education","14_config_TCO","SI",1]
["Infordata_14_config_TCOMID8512FHDWindows 11 Pro",null,"Infordata","MID",8,512,"FHD","Windows 11 Pro","14_config_TCO","SI",1]
["Infordata_14_config_TCOMID16512FHDDistribuzione Linux",null,"Infordata","MID",16,512,"FHD","Distribuzione Linux","14_config_TCO","SI",1]
["Infordata_14_config_TCOMID16512FHDWindows 11 Pro Education",null,"Infordata","MID",16,512,"FHD","Windows 11 Pro Education","14_config_TCO","SI",1]
["Infordata_14_config_TCOMID16512FHDWindows 11 Pro",null,"Infordata","MID",16,512,"FHD","Windows 11 Pro","14_config_TCO","SI",1]
["Infordata_14_config_TCOHIGH8256HDDistribuzione Linux",null,"Infordata","HIGH",8,256,"HD","Distribuzione Linux","14_config_TCO","SI",1]
["Infordata_14_config_TCOHIGH8256HDWindows 11 Pro Education",null,"Infordata","HIGH",8,256,"HD","Windows 11 Pro Education","14_config_TCO","NO",0]
["Infordata_14_config_TCOHIGH8256HDWindows 11 Pro",null,"Infordata","HIGH",8,256,"HD","Windows 11 Pro","14_config_TCO","SI",1]
["Infordata_14_config_TCOHIGH16256HDDistribuzione Linux",null,"Infordata","HIGH",16,256,"HD","Distribuzione Linux","14_config_TCO","SI",1]
["Infordata_14_config_TCOHIGH16256HDWindows 11 Pro Education",null,"Infordata","HIGH",16,256,"HD","Windows 11 Pro Education","14_config_TCO","NO",0]
["Infordata_14_config_TCOHIGH16256HDWindows 11 Pro",null,"Infordata","HIGH",16,256,"HD","Windows 11 Pro","14_config_TCO","SI",1]
["Infordata_14_config_TCOHIGH8512HDDistribuzione Linux",null,"Infordata","HIGH",8,512,"HD","Distribuzione Linux","14_config_TCO","SI",1]
["Infordata_14_config_TCOHIGH8512HDWindows 11 Pro Education",null,"Infordata","HIGH",8,512,"HD","Windows 11 Pro Education","14_config_TCO","NO",0]
["Infordata_14_config_TCOHIGH8512HDWindows 11 Pro",null,"Infordata","HIGH",8,512,"HD","Windows 11 Pro","14_config_TCO","SI",1]
["Infordata_14_config_TCOHIGH16512HDDistribuzione Linux",null,"Infordata","HIGH",16,512,"HD","Distribuzione Linux","14_config_TCO","SI",{"$f":"+IF(J709=\"NO\",0,1)","v":1}]
["Infordata_14_config_TCOHIGH16512HDWindows 11 Pro Education",null,"Infordata","HIGH",16,512,"HD","Windows 11 Pro Education","14_config_TCO","NO",0]
["Infordata_14_config_TCOHIGH16512HDWindows 11 Pro",null,"Infordata","HIGH",16,512,"HD","Windows 11 Pro","14_config_TCO","SI",1]
["Infordata_14_config_TCOHIGH8256FHDDistribuzione Linux",null,"Infordata","HIGH",8,256,"FHD","Distribuzione Linux","14_config_TCO","SI",1]
["Infordata_14_config_TCOHIGH8256FHDWindows 11 Pro Education",null,"Infordata","HIGH",8,256,"FHD","Windows 11 Pro Education","14_config_TCO","NO",0]
["Infordata_14_config_TCOHIGH8256FHDWindows 11 Pro",null,"Infordata","HIGH",8,256,"FHD","Windows 11 Pro","14_config_TCO","SI",1]
["Infordata_14_config_TCOHIGH16256FHDDistribuzione Linux",null,"Infordata","HIGH",16,256,"FHD","Distribuzione Linux","14_config_TCO","SI",1]
["Infordata_14_config_TCOHIGH16256FHDWindows 11 Pro Education",null,"Infordata","HIGH",16,256,"FHD","Windows 11 Pro Education","14_config_TCO","NO",0]
["Infordata_14_config_TCOHIGH16256FHDWindows 11 Pro",null,"Infordata","HIGH",16,256,"FHD","Windows 11 Pro","14_config_TCO","SI",1]
["Infordata_14_config_TCOHIGH8512FHDDistribuzione Linux",null,"Infordata","HIGH",8,512,"FHD","Distribuzione Linux","14_config_TCO","SI",1]
["Infordata_14_config_TCOHIGH8512FHDWindows 11 Pro Education",null,"Infordata","HIGH",8,512,"FHD","Windows 11 Pro Education","14_config_TCO","NO",0]
["Infordata_14_config_TCOHIGH8512FHDWindows 11 Pro",null,"Infordata","HIGH",8,512,"FHD","Windows 11 Pro","14_config_TCO","SI",1]
["Infordata_14_config_TCOHIGH16512FHDDistribuzione Linux",null,"Infordata","HIGH",16,512,"FHD","Distribuzione Linux","14_config_TCO","SI",1]
["Infordata_14_config_TCOHIGH16512FHDWindows 11 Pro Education",null,"Infordata","HIGH",16,512,"FHD","Windows 11 Pro Education","14_config_TCO","NO",0]
["Infordata_14_config_TCOHIGH16512FHDWindows 11 Pro",null,"Infordata","HIGH",16,512,"FHD","Windows 11 Pro","14_config_TCO","SI",1]
["Infordata_13_config_standardLOW8256HDDistribuzione Linux",null,"Infordata","LOW",8,256,"HD","Distribuzione Linux","13_config_standard","NO",0]
[{"$f":"C725&\"_\"&I725&D725&E725&F725&G725&H725","v":"Infordata_13_config_standardLOW8256HDWindows 11 Pro Education"},null,"Infordata","LOW",8,256,"HD","Windows 11 Pro Education","13_config_standard","NO",0]
["Infordata_13_config_standardLOW8256HDWindows 11 Pro",null,"Infordata","LOW",8,256,"HD","Windows 11 Pro","13_config_standard","NO",0]
["Infordata_13_config_standardLOW16256HDDistribuzione Linux",null,"Infordata","LOW",16,256,"HD","Distribuzione Linux","13_config_standard","NO",0]
["Infordata_13_config_standardLOW16256HDWindows 11 Pro Education",null,"Infordata","LOW",16,256,"HD","Windows 11 Pro Education","13_config_standard","NO",0]
["Infordata_13_config_standardLOW16256HDWindows 11 Pro",null,"Infordata","LOW",16,256,"HD","Windows 11 Pro","13_config_standard","NO",0]
["Infordata_13_config_standardLOW8512HDDistribuzione Linux",null,"Infordata","LOW",8,512,"HD","Distribuzione Linux","13_config_standard","NO",0]
["Infordata_13_config_standardLOW8512HDWindows 11 Pro Education",null,"Infordata","LOW",8,512,"HD","Windows 11 Pro Education","13_config_standard","NO",0]
["Infordata_13_config_standardLOW8512HDWindows 11 Pro",null,"Infordata","LOW",8,512,"HD","Windows 11 Pro","13_config_standard","NO",0]
["Infordata_13_config_standardLOW16512HDDistribuzione Linux",null,"Infordata","LOW",16,512,"HD","Distribuzione Linux","13_config_standard","NO",0]
["Infordata_13_config_standardLOW16512HDWindows 11 Pro Education",null,"Infordata","LOW",16,512,"HD","Windows 11 Pro Education","13_config_standard","NO",0]
["Infordata_13_config_standardLOW16512HDWindows 11 Pro",null,"Infordata","LOW",16,512,"HD","Windows 11 Pro","13_config_standard","NO",0]
["Infordata_13_config_standardLOW8256FHDDistribuzione Linux",null,"Infordata","LOW",8,256,"FHD","Distribuzione Linux","13_config_standard","NO",0]
["Infordata_13_config_standardLOW8256FHDWindows 11 Pro Education",null,"Infordata","LOW",8,256,"FHD","Windows 11 Pro Education","13_config_standard","NO",0]
["Infordata_13_config_standardLOW8256FHDWindows 11 Pro",null,"Infordata","LOW",8,256,"FHD","Windows 11 Pro","13_config_standard","NO",0]
["Infordata_13_config_standardLOW16256FHDDistribuzione Linux",null,"Infordata","LOW",16,256,"FHD","Distribuzione Linux","13_config_standard","NO",0]
["Infordata_13_config_standardLOW16256FHDWindows 11 Pro Education",null,"Infordata","LOW",16,256,"FHD","Windows 11 Pro Education","13_config_standard","NO",0]
["Infordata_13_config_standardLOW16256FHDWindows 11 Pro",null,"Infordata","LOW",16,256,"FHD","Windows 11 Pro","13_config_standard","NO",0]
["Infordata_13_config_standardLOW8512FHDDistribuzione Linux",null,"Infordata","LOW",8,512,"FHD","Distribuzione Linux","13_config_standard","NO",0]
["Infordata_13_config_standardLOW8512FHDWindows 11 Pro Education",null,"Infordata","LOW",8,512,"FHD","Windows 11 Pro Education","13_config_standard","NO",0]
["Infordata_13_config_standardLOW8512FHDWindows 11 Pro",null,"Infordata","LOW",8,512,"FHD","Windows 11 Pro","13_config_standard","NO",0]
["Infordata_13_config_standardLOW16512FHDDistribuzione Linux",null,"Infordata","LOW",16,512,"FHD","Distribuzione Linux","13_config_standard","NO",0]
["Infordata_13_config_standardLOW16512FHDWindows 11 Pro Education",null,"Infordata","LOW",16,512,"FHD","Windows 11 Pro Education","13_config_standard","NO",0]
["Infordata_13_config_standardLOW16512FHDWindows 11 Pro",null,"Infordata","LOW",16,512,"FHD","Windows 11 Pro","13_config_standard","NO",0]
["Infordata_13_config_standardMID8256HDDistribuzione Linux",null,"Infordata","MID",8,256,"HD","Distribuzione Linux","13_config_standard","NO",0]
["Infordata_13_config_standardMID8256HDWindows 11 Pro Education",null,"Infordata","MID",8,256,"HD","Windows 11 Pro Education","13_config_standard","NO",0]
["Infordata_13_config_standardMID8256HDWindows 11 Pro",null,"Infordata","MID",8,256,"HD","Windows 11 Pro","13_config_standard","NO",0]
["Infordata_13_config_standardMID16256HDDistribuzione Linux",null,"Infordata","MID",16,256,"HD","Distribuzione Linux","13_config_standard","NO",0]
["Infordata_13_config_standardMID16256HDWindows 11 Pro Education",null,"Infordata","MID",16,256,"HD","Windows 11 Pro Education","13_config_standard","NO",0]
["Infordata_13_config_standardMID16256HDWindows 11 Pro",null,"Infordata","MID",16,256,"HD","Windows 11 Pro","13_config_standard","NO",0]
["Infordata_13_config_standardMID8512HDDistribuzione Linux",null,"Infordata","MID",8,512,"HD","Distribuzione Linux","13_config_standard","NO",0]
["Infordata_13_config_standardMID8512HDWindows 11 Pro Education",null,"Infordata","MID",8,512,"HD","Windows 11 Pro Education","13_config_standard","NO",0]
["Infordata_13_config_standardMID8512HDWindows 11 Pro",null,"Infordata","MID",8,512,"HD","Windows 11 Pro","13_config_standard","NO",0]
["Infordata_13_config_standardMID16512HDDistribuzione Linux",null,"Infordata","MID",16,512,"HD","Distribuzione Linux","13_config_standard","NO",0]
["Infordata_13_config_standardMID16512HDWindows 11 Pro Education",null,"Infordata","MID",16,512,"HD","Windows 11 Pro Education","13_config_standard","NO",0]
["Infordata_13_config_standardMID16512HDWindows 11 Pro",null,"Infordata","MID",16,512,"HD","Windows 11 Pro","13_config_standard","NO",0]
["Infordata_13_config_standardMID8256FHDDistribuzione Linux",null,"Infordata","MID",8,256,"FHD","Distribuzione Linux","13_config_standard","NO",0]
["Infordata_13_config_standardMID8256FHDWindows 11 Pro Education",null,"Infordata","MID",8,256,"FHD","Windows 11 Pro Education","13_config_standard","NO",0]
["Infordata_13_config_standardMID8256FHDWindows 11 Pro",null,"Infordata","MID",8,256,"FHD","Windows 11 Pro","13_config_standard","NO",0]
["Infordata_13_config_standardMID16256FHDDistribuzione Linux",null,"Infordata","MID",16,256,"FHD","Distribuzione Linux","13_config_standard","NO",0]
["Infordata_13_config_standardMID16256FHDWindows 11 Pro Education",null,"Infordata","MID",16,256,"FHD","Windows 11 Pro Education","13_config_standard","NO",0]
["Infordata_13_config_standardMID16256FHDWindows 11 Pro",null,"Infordata","MID",16,256,"FHD","Windows 11 Pro","13_config_standard","NO",0]
["Infordata_13_config_standardMID8512FHDDistribuzione Linux",null,"Infordata","MID",8,512,"FHD","Distribuzione Linux","13_config_standard","NO",0]
["Infordata_13_config_standardMID8512FHDWindows 11 Pro Education",null,"Infordata","MID",8,512,"FHD","Windows 11 Pro Education","13_config_standard","NO",0]
["Infordata_13_config_standardMID8512FHDWindows 11 Pro",null,"Infordata","MID",8,512,"FHD","Windows 11 Pro","13_config_standard","NO",0]
["Infordata_13_config_standardMID16512FHDDistribuzione Linux",null,"Infordata","MID",16,512,"FHD","Distribuzione Linux","13_config_standard","NO",0]
["Infordata_13_config_standardMID16512FHDWindows 11 Pro Education",null,"Infordata","MID",16,512,"FHD","Windows 11 Pro Education","13_config_standard","NO",0]
["Infordata_13_config_standardMID16512FHDWindows 11 Pro",null,"Infordata","MID",16,512,"FHD","Windows 11 Pro","13_config_standard","NO",0]
["Infordata_13_config_standardHIGH8256HDDistribuzione Linux",null,"Infordata","HIGH",8,256,"HD","Distribuzione Linux","13_config_standard","NO",0]
["Infordata_13_config_standardHIGH8256HDWindows 11 Pro Education",null,"Infordata","HIGH",8,256,"HD","Windows 11 Pro Education","13_config_standard","NO",{"$f":"+IF(J773=\"NO\",0,1)","v":0}]
["Infordata_13_config_standardHIGH8256HDWindows 11 Pro",null,"Infordata","HIGH",8,256,"HD","Windows 11 Pro","13_config_standard","NO",0]
["Infordata_13_config_standardHIGH16256HDDistribuzione Linux",null,"Infordata","HIGH",16,256,"HD","Distribuzione Linux","13_config_standard","NO",0]
["Infordata_13_config_standardHIGH16256HDWindows 11 Pro Education",null,"Infordata","HIGH",16,256,"HD","Windows 11 Pro Education","13_config_standard","NO",0]
["Infordata_13_config_standardHIGH16256HDWindows 11 Pro",null,"Infordata","HIGH",16,256,"HD","Windows 11 Pro","13_config_standard","NO",0]
["Infordata_13_config_standardHIGH8512HDDistribuzione Linux",null,"Infordata","HIGH",8,512,"HD","Distribuzione Linux","13_config_standard","NO",0]
["Infordata_13_config_standardHIGH8512HDWindows 11 Pro Education",null,"Infordata","HIGH",8,512,"HD","Windows 11 Pro Education","13_config_standard","NO",0]
["Infordata_13_config_standardHIGH8512HDWindows 11 Pro",null,"Infordata","HIGH",8,512,"HD","Windows 11 Pro","13_config_standard","NO",0]
["Infordata_13_config_standardHIGH16512HDDistribuzione Linux",null,"Infordata","HIGH",16,512,"HD","Distribuzione Linux","13_config_standard","NO",0]
["Infordata_13_config_standardHIGH16512HDWindows 11 Pro Education",null,"Infordata","HIGH",16,512,"HD","Windows 11 Pro Education","13_config_standard","NO",0]
["Infordata_13_config_standardHIGH16512HDWindows 11 Pro",null,"Infordata","HIGH",16,512,"HD","Windows 11 Pro","13_config_standard","NO",0]
["Infordata_13_config_standardHIGH8256FHDDistribuzione Linux",null,"Infordata","HIGH",8,256,"FHD","Distribuzione Linux","13_config_standard","NO",0]
["Infordata_13_config_standardHIGH8256FHDWindows 11 Pro Education",null,"Infordata","HIGH",8,256,"FHD","Windows 11 Pro Education","13_config_standard","NO",0]
["Infordata_13_config_standardHIGH8256FHDWindows 11 Pro",null,"Infordata","HIGH",8,256,"FHD","Windows 11 Pro","13_config_standard","NO",0]
["Infordata_13_config_standardHIGH16256FHDDistribuzione Linux",null,"Infordata","HIGH",16,256,"FHD","Distribuzione Linux","13_config_standard","NO",0]
["Infordata_13_config_standardHIGH16256FHDWindows 11 Pro Education",null,"Infordata","HIGH",16,256,"FHD","Windows 11 Pro Education","13_config_standard","NO",0]
[{"$f":"C789&\"_\"&I789&D789&E789&F789&G789&H789","v":"Infordata_13_config_standardHIGH16256FHDWindows 11 Pro"},null,"Infordata","HIGH",16,256,"FHD","Windows 11 Pro","13_config_standard","NO",0]
["Infordata_13_config_standardHIGH8512FHDDistribuzione Linux",null,"Infordata","HIGH",8,512,"FHD","Distribuzione Linux","13_config_standard","NO",0]
["Infordata_13_config_standardHIGH8512FHDWindows 11 Pro Education",null,"Infordata","HIGH",8,512,"FHD","Windows 11 Pro Education","13_config_standard","NO",0]
["Infordata_13_config_standardHIGH8512FHDWindows 11 Pro",null,"Infordata","HIGH",8,512,"FHD","Windows 11 Pro","13_config_standard","NO",0]
["Infordata_13_config_standardHIGH16512FHDDistribuzione Linux",null,"Infordata","HIGH",16,512,"FHD","Distribuzione Linux","13_config_standard","NO",0]
["Infordata_13_config_standardHIGH16512FHDWindows 11 Pro Education",null,"Infordata","HIGH",16,512,"FHD","Windows 11 Pro Education","13_config_standard","NO",0]
["Infordata_13_config_standardHIGH16512FHDWindows 11 Pro",null,"Infordata","HIGH",16,512,"FHD","Windows 11 Pro","13_config_standard","NO",0]
["Infordata_13_config_TCOLOW8256HDDistribuzione Linux",null,"Infordata","LOW",8,256,"HD","Distribuzione Linux","13_config_TCO","NO",0]
["Infordata_13_config_TCOLOW8256HDWindows 11 Pro Education",null,"Infordata","LOW",8,256,"HD","Windows 11 Pro Education","13_config_TCO","NO",0]
["Infordata_13_config_TCOLOW8256HDWindows 11 Pro",null,"Infordata","LOW",8,256,"HD","Windows 11 Pro","13_config_TCO","NO",0]
["Infordata_13_config_TCOLOW16256HDDistribuzione Linux",null,"Infordata","LOW",16,256,"HD","Distribuzione Linux","13_config_TCO","NO",0]
["Infordata_13_config_TCOLOW16256HDWindows 11 Pro Education",null,"Infordata","LOW",16,256,"HD","Windows 11 Pro Education","13_config_TCO","NO",0]
["Infordata_13_config_TCOLOW16256HDWindows 11 Pro",null,"Infordata","LOW",16,256,"HD","Windows 11 Pro","13_config_TCO","NO",0]
["Infordata_13_config_TCOLOW8512HDDistribuzione Linux",null,"Infordata","LOW",8,512,"HD","Distribuzione Linux","13_config_TCO","NO",0]
["Infordata_13_config_TCOLOW8512HDWindows 11 Pro Education",null,"Infordata","LOW",8,512,"HD","Windows 11 Pro Education","13_config_TCO","NO",0]
["Infordata_13_config_TCOLOW8512HDWindows 11 Pro",null,"Infordata","LOW",8,512,"HD","Windows 11 Pro","13_config_TCO","NO",0]
["Infordata_13_config_TCOLOW16512HDDistribuzione Linux",null,"Infordata","LOW",16,512,"HD","Distribuzione Linux","13_config_TCO","NO",0]
["Infordata_13_config_TCOLOW16512HDWindows 11 Pro Education",null,"Infordata","LOW",16,512,"HD","Windows 11 Pro Education","13_config_TCO","NO",0]
["Infordata_13_config_TCOLOW16512HDWindows 11 Pro",null,"Infordata","LOW",16,512,"HD","Windows 11 Pro","13_config_TCO","NO",0]
["Infordata_13_config_TCOLOW8256FHDDistribuzione Linux",null,"Infordata","LOW",8,256,"FHD","Distribuzione Linux","13_config_TCO","SI",1]
["Infordata_13_config_TCOLOW8256FHDWindows 11 Pro Education",null,"Infordata","LOW",8,256,"FHD","Windows 11 Pro Education","13_config_TCO","SI",1]
["Infordata_13_config_TCOLOW8256FHDWindows 11 Pro",null,"Infordata","LOW",8,256,"FHD","Windows 11 Pro","13_config_TCO","SI",1]
["Infordata_13_config_TCOLOW16256FHDDistribuzione Linux",null,"Infordata","LOW",16,256,"FHD","Distribuzione Linux","13_config_TCO","SI",1]
["Infordata_13_config_TCOLOW16256FHDWindows 11 Pro Education",null,"Infordata","LOW",16,256,"FHD","Windows 11 Pro Education","13_config_TCO","SI",1]
["Infordata_13_config_TCOLOW16256FHDWindows 11 Pro",null,"Infordata","LOW",16,256,"FHD","Windows 11 Pro","13_config_TCO","SI",1]
["Infordata_13_config_TCOLOW8512FHDDistribuzione Linux",null,"Infordata","LOW",8,512,"FHD","Distribuzione Linux","13_config_TCO","SI",1]
["Infordata_13_config_TCOLOW8512FHDWindows 11 Pro Education",null,"Infordata","LOW",8,512,"FHD","Windows 11 Pro Education","13_config_TCO","SI",1]
["Infordata_13_config_TCOLOW8512FHDWindows 11 Pro",null,"Infordata","LOW",8,512,"FHD","Windows 11 Pro","13_config_TCO","SI",1]
["Infordata_13_config_TCOLOW16512FHDDistribuzione Linux",null,"Infordata","LOW",16,512,"FHD","Distribuzione Linux","13_config_TCO","SI",1]
["Infordata_13_config_TCOLOW16512FHDWindows 11 Pro Education",null,"Infordata","LOW",16,512,"FHD","Windows 11 Pro Education","13_config_TCO","SI",1]
["Infordata_13_config_TCOLOW16512FHDWindows 11 Pro",null,"Infordata","LOW",16,512,"FHD","Windows 11 Pro","13_config_TCO","SI",1]
["Infordata_13_config_TCOMID8256HDDistribuzione Linux",null,"Infordata","MID",8,256,"HD","Distribuzione Linux","13_config_TCO","NO",0]
["Infordata_13_config_TCOMID8256HDWindows 11 Pro Education",null,"Infordata","MID",8,256,"HD","Windows 11 Pro Education","13_config_TCO","NO",0]
["Infordata_13_config_TCOMID8256HDWindows 11 Pro",null,"Infordata","MID",8,256,"HD","Windows 11 Pro","13_config_TCO","NO",0]
["Infordata_13_config_TCOMID16256HDDistribuzione Linux",null,"Infordata","MID",16,256,"HD","Distribuzione Linux","13_config_TCO","NO",0]
["Infordata_13_config_TCOMID16256HDWindows 11 Pro Education",null,"Infordata","MID",16,256,"HD","Windows 11 Pro Education","13_config_TCO","NO",0]
["Infordata_13_config_TCOMID16256HDWindows 11 Pro",null,"Infordata","MID",16,256,"HD","Windows 11 Pro","13_config_TCO","NO",0]
["Infordata_13_config_TCOMID8512HDDistribuzione Linux",null,"Infordata","MID",8,512,"HD","Distribuzione Linux","13_config_TCO","NO",0]
["Infordata_13_config_TCOMID8512HDWindows 11 Pro Education",null,"Infordata","MID",8,512,"HD","Windows 11 Pro Education","13_config_TCO","NO",0]
["Infordata_13_config_TCOMID8512HDWindows 11 Pro",null,"Infordata","MID",8,512,"HD","Windows 11 Pro","13_config_TCO","NO",0]
["Infordata_13_config_TCOMID16512HDDistribuzione Linux",null,"Infordata","MID",16,512,"HD","Distribuzione Linux","13_config_TCO","NO",0]
["Infordata_13_config_TCOMID16512HDWindows 11 Pro Education",null,"Infordata","MID",16,512,"HD","Windows 11 Pro Education","13_config_TCO","NO",0]
["Infordata_13_config_TCOMID16512HDWindows 11 Pro",null,"Infordata","MID",16,512,"HD","Windows 11 Pro","13_config_TCO","NO",0]
["Infordata_13_config_TCOMID8256FHDDistribuzione Linux",null,"Infordata","MID",8,256,"FHD","Distribuzione Linux","13_config_TCO","SI",1]
["Infordata_13_config_TCOMID8256FHDWindows 11 Pro Education",null,"Infordata","MID",8,256,"FHD","Windows 11 Pro Education","13_config_TCO","SI",1]
["Infordata_13_config_TCOMID8256FHDWindows 11 Pro",null,"Infordata","MID",8,256,"FHD","Windows 11 Pro","13_config_TCO","SI",1]
["Infordata_13_config_TCOMID16256FHDDistribuzione Linux",null,"Infordata","MID",16,256,"FHD","Distribuzione Linux","13_config_TCO","SI",1]
["Infordata_13_config_TCOMID16256FHDWindows 11 Pro Education",null,"Infordata","MID",16,256,"FHD","Windows 11 Pro Education","13_config_TCO","SI",1]
["Infordata_13_config_TCOMID16256FHDWindows 11 Pro",null,"Infordata","MID",16,256,"FHD","Windows 11 Pro","13_config_TCO","SI",{"$f":"+IF(J837=\"NO\",0,1)","v":1}]
["Infordata_13_config_TCOMID8512FHDDistribuzione Linux",null,"Infordata","MID",8,512,"FHD","Distribuzione Linux","13_config_TCO","SI",1]
["Infordata_13_config_TCOMID8512FHDWindows 11 Pro Education",null,"Infordata","MID",8,512,"FHD","Windows 11 Pro Education","13_config_TCO","SI",1]
["Infordata_13_config_TCOMID8512FHDWindows 11 Pro",null,"Infordata","MID",8,512,"FHD","Windows 11 Pro","13_config_TCO","SI",1]
["Infordata_13_config_TCOMID16512FHDDistribuzione Linux",null,"Infordata","MID",16,512,"FHD","Distribuzione Linux","13_config_TCO","SI",1]
["Infordata_13_config_TCOMID16512FHDWindows 11 Pro Education",null,"Infordata","MID",16,512,"FHD","Windows 11 Pro Education","13_config_TCO","SI",1]
["Infordata_13_config_TCOMID16512FHDWindows 11 Pro",null,"Infordata","MID",16,512,"FHD","Windows 11 Pro","13_config_TCO","SI",1]
["Infordata_13_config_TCOHIGH8256HDDistribuzione Linux",null,"Infordata","HIGH",8,256,"HD","Distribuzione Linux","13_config_TCO","NO",0]
["Infordata_13_config_TCOHIGH8256HDWindows 11 Pro Education",null,"Infordata","HIGH",8,256,"HD","Windows 11 Pro Education","13_config_TCO","NO",0]
["Infordata_13_config_TCOHIGH8256HDWindows 11 Pro",null,"Infordata","HIGH",8,256,"HD","Windows 11 Pro","13_config_TCO","NO",0]
["Infordata_13_config_TCOHIGH16256HDDistribuzione Linux",null,"Infordata","HIGH",16,256,"HD","Distribuzione Linux","13_config_TCO","NO",0]
["Infordata_13_config_TCOHIGH16256HDWindows 11 Pro Education",null,"Infordata","HIGH",16,256,"HD","Windows 11 Pro Education","13_config_TCO","NO",0]
["Infordata_13_config_TCOHIGH16256HDWindows 11 Pro",null,"Infordata","HIGH",16,256,"HD","Windows 11 Pro","13_config_TCO","NO",0]
["Infordata_13_config_TCOHIGH8512HDDistribuzione Linux",null,"Infordata","HIGH",8,512,"HD","Distribuzione Linux","13_config_TCO","NO",0]
["Infordata_13_config_TCOHIGH8512HDWindows 11 Pro Education",null,"Infordata","HIGH",8,512,"HD","Windows 11 Pro Education","13_config_TCO","NO",0]
["Infordata_13_config_TCOHIGH8512HDWindows 11 Pro",null,"Infordata","HIGH",8,512,"HD","Windows 11 Pro","13_config_TCO","NO",0]
[{"$f":"C853&\"_\"&I853&D853&E853&F853&G853&H853","v":"Infordata_13_config_TCOHIGH16512HDDistribuzione Linux"},null,"Infordata","HIGH",16,512,"HD","Distribuzione Linux","13_config_TCO","NO",0]
["Infordata_13_config_TCOHIGH16512HDWindows 11 Pro Education",null,"Infordata","HIGH",16,512,"HD","Windows 11 Pro Education","13_config_TCO","NO",0]
["Infordata_13_config_TCOHIGH16512HDWindows 11 Pro",null,"Infordata","HIGH",16,512,"HD","Windows 11 Pro","13_config_TCO","NO",0]
["Infordata_13_config_TCOHIGH8256FHDDistribuzione Linux",null,"Infordata","HIGH",8,256,"FHD","Distribuzione Linux","13_config_TCO","SI",1]
["Infordata_13_config_TCOHIGH8256FHDWindows 11 Pro Education",null,"Infordata","HIGH",8,256,"FHD","Windows 11 Pro Education","13_config_TCO","NO",0]
["Infordata_13_config_TCOHIGH8256FHDWindows 11 Pro",null,"Infordata","HIGH",8,256,"FHD","Windows 11 Pro","13_config_TCO","SI",1]
["Infordata_13_config_TCOHIGH16256FHDDistribuzione Linux",null,"Infordata","HIGH",16,256,"FHD","Distribuzione Linux","13_config_TCO","SI",1]
["Infordata_13_config_TCOHIGH16256FHDWindows 11 Pro Education",null,"Infordata","HIGH",16,256,"FHD","Windows 11 Pro Education","13_config_TCO","NO",0]
["Infordata_13_config_TCOHIGH16256FHDWindows 11 Pro",null,"Infordata","HIGH",16,256,"FHD","Windows 11 Pro","13_config_TCO","SI",1]
["Infordata_13_config_TCOHIGH8512FHDDistribuzione Linux",null,"Infordata","HIGH",8,512,"FHD","Distribuzione Linux","13_config_TCO","SI",1]
["Infordata_13_config_TCOHIGH8512FHDWindows 11 Pro Education",null,"Infordata","HIGH",8,512,"FHD","Windows 11 Pro Education","13_config_TCO","NO",0]
["Infordata_13_config_TCOHIGH8512FHDWindows 11 Pro",null,"Infordata","HIGH",8,512,"FHD","Windows 11 Pro","13_config_TCO","SI",1]
["Infordata_13_config_TCOHIGH16512FHDDistribuzione Linux",null,"Infordata","HIGH",16,512,"FHD","Distribuzione Linux","13_config_TCO","SI",1]
["Infordata_13_config_TCOHIGH16512FHDWindows 11 Pro Education",null,"Infordata","HIGH",16,512,"FHD","Windows 11 Pro Education","13_config_TCO","NO",0]
["Infordata_13_config_TCOHIGH16512FHDWindows 11 Pro",null,"Infordata","HIGH",16,512,"FHD","Windows 11 Pro","13_config_TCO","SI",1]
["Bsistemi_15_config_standardLOW8256HDDistribuzione Linux",null,"Bsistemi","LOW",8,256,"HD","Distribuzione Linux","15_config_standard","SI",1]
["Bsistemi_15_config_standardLOW8256HDWindows 11 Pro Education",null,"Bsistemi","LOW",8,256,"HD","Windows 11 Pro Education","15_config_standard","SI",1]
["Bsistemi_15_config_standardLOW8256HDWindows 11 Pro",null,"Bsistemi","LOW",8,256,"HD","Windows 11 Pro","15_config_standard","SI",1]
["Bsistemi_15_config_standardLOW16256HDDistribuzione Linux",null,"Bsistemi","LOW",16,256,"HD","Distribuzione Linux","15_config_standard","SI",1]
["Bsistemi_15_config_standardLOW16256HDWindows 11 Pro Education",null,"Bsistemi","LOW",16,256,"HD","Windows 11 Pro Education","15_config_standard","SI",1]
["Bsistemi_15_config_standardLOW16256HDWindows 11 Pro",null,"Bsistemi","LOW",16,256,"HD","Windows 11 Pro","15_config_standard","SI",1]
["Bsistemi_15_config_standardLOW8512HDDistribuzione Linux",null,"Bsistemi","LOW",8,512,"HD","Distribuzione Linux","15_config_standard","SI",1]
["Bsistemi_15_config_standardLOW8512HDWindows 11 Pro Education",null,"Bsistemi","LOW",8,512,"HD","Windows 11 Pro Education","15_config_standard","SI",1]
["Bsistemi_15_config_standardLOW8512HDWindows 11 Pro",null,"Bsistemi","LOW",8,512,"HD","Windows 11 Pro","15_config_standard","SI",1]
["Bsistemi_15_config_standardLOW16512HDDistribuzione Linux",null,"Bsistemi","LOW",16,512,"HD","Distribuzione Linux","15_config_standard","SI",1]
["Bsistemi_15_config_standardLOW16512HDWindows 11 Pro Education",null,"Bsistemi","LOW",16,512,"HD","Windows 11 Pro Education","15_config_standard","SI",1]
["Bsistemi_15_config_standardLOW16512HDWindows 11 Pro",null,"Bsistemi","LOW",16,512,"HD","Windows 11 Pro","15_config_standard","SI",1]
["Bsistemi_15_config_standardLOW8256FHDDistribuzione Linux",null,"Bsistemi","LOW",8,256,"FHD","Distribuzione Linux","15_config_standard","SI",1]
["Bsistemi_15_config_standardLOW8256FHDWindows 11 Pro Education",null,"Bsistemi","LOW",8,256,"FHD","Windows 11 Pro Education","15_config_standard","SI",1]
["Bsistemi_15_config_standardLOW8256FHDWindows 11 Pro",null,"Bsistemi","LOW",8,256,"FHD","Windows 11 Pro","15_config_standard","SI",1]
["Bsistemi_15_config_standardLOW16256FHDDistribuzione Linux",null,"Bsistemi","LOW",16,256,"FHD","Distribuzione Linux","15_config_standard","SI",1]
["Bsistemi_15_config_standardLOW16256FHDWindows 11 Pro Education",null,"Bsistemi","LOW",16,256,"FHD","Windows 11 Pro Education","15_config_standard","SI",1]
["Bsistemi_15_config_standardLOW16256FHDWindows 11 Pro",null,"Bsistemi","LOW",16,256,"FHD","Windows 11 Pro","15_config_standard","SI",1]
["Bsistemi_15_config_standardLOW8512FHDDistribuzione Linux",null,"Bsistemi","LOW",8,512,"FHD","Distribuzione Linux","15_config_standard","SI",1]
["Bsistemi_15_config_standardLOW8512FHDWindows 11 Pro Education",null,"Bsistemi","LOW",8,512,"FHD","Windows 11 Pro Education","15_config_standard","SI",1]
["Bsistemi_15_config_standardLOW8512FHDWindows 11 Pro",null,"Bsistemi","LOW",8,512,"FHD","Windows 11 Pro","15_config_standard","SI",1]
["Bsistemi_15_config_standardLOW16512FHDDistribuzione Linux",null,"Bsistemi","LOW",16,512,"FHD","Distribuzione Linux","15_config_standard","SI",1]
["Bsistemi_15_config_standardLOW16512FHDWindows 11 Pro Education",null,"Bsistemi","LOW",16,512,"FHD","Windows 11 Pro Education","15_config_standard","SI",1]
["Bsistemi_15_config_standardLOW16512FHDWindows 11 Pro",null,"Bsistemi","LOW",16,512,"FHD","Windows 11 Pro","15_config_standard","SI",1]
["Bsistemi_15_config_standardMID8256HDDistribuzione Linux",null,"Bsistemi","MID",8,256,"HD","Distribuzione Linux","15_config_standard","SI",1]
["Bsistemi_15_config_standardMID8256HDWindows 11 Pro Education",null,"Bsistemi","MID",8,256,"HD","Windows 11 Pro Education","15_config_standard","SI",1]
["Bsistemi_15_config_standardMID8256HDWindows 11 Pro",null,"Bsistemi","MID",8,256,"HD","Windows 11 Pro","15_config_standard","SI",1]
["Bsistemi_15_config_standardMID16256HDDistribuzione Linux",null,"Bsistemi","MID",16,256,"HD","Distribuzione Linux","15_config_standard","SI",1]
["Bsistemi_15_config_standardMID16256HDWindows 11 Pro Education",null,"Bsistemi","MID",16,256,"HD","Windows 11 Pro Education","15_config_standard","SI",1]
["Bsistemi_15_config_standardMID16256HDWindows 11 Pro",null,"Bsistemi","MID",16,256,"HD","Windows 11 Pro","15_config_standard","SI",1]
["Bsistemi_15_config_standardMID8512HDDistribuzione Linux",null,"Bsistemi","MID",8,512,"HD","Distribuzione Linux","15_config_standard","SI",1]
["Bsistemi_15_config_standardMID8512HDWindows 11 Pro Education",null,"Bsistemi","MID",8,512,"HD","Windows 11 Pro Education","15_config_standard","SI",1]
["Bsistemi_15_config_standardMID8512HDWindows 11 Pro",null,"Bsistemi","MID",8,512,"HD","Windows 11 Pro","15_config_standard","SI",1]
["Bsistemi_15_config_standardMID16512HDDistribuzione Linux",null,"Bsistemi","MID",16,512,"HD","Distribuzione Linux","15_config_standard","SI",{"$f":"+IF(J901=\"NO\",0,1)","v":1}]
["Bsistemi_15_config_standardMID16512HDWindows 11 Pro Education",null,"Bsistemi","MID",16,512,"HD","Windows 11 Pro Education","15_config_standard","SI",1]
["Bsistemi_15_config_standardMID16512HDWindows 11 Pro",null,"Bsistemi","MID",16,512,"HD","Windows 11 Pro","15_config_standard","SI",1]
["Bsistemi_15_config_standardMID8256FHDDistribuzione Linux",null,"Bsistemi","MID",8,256,"FHD","Distribuzione Linux","15_config_standard","SI",1]
["Bsistemi_15_config_standardMID8256FHDWindows 11 Pro Education",null,"Bsistemi","MID",8,256,"FHD","Windows 11 Pro Education","15_config_standard","SI",1]
["Bsistemi_15_config_standardMID8256FHDWindows 11 Pro",null,"Bsistemi","MID",8,256,"FHD","Windows 11 Pro","15_config_standard","SI",1]
["Bsistemi_15_config_standardMID16256FHDDistribuzione Linux",null,"Bsistemi","MID",16,256,"FHD","Distribuzione Linux","15_config_standard","SI",1]
["Bsistemi_15_config_standardMID16256FHDWindows 11 Pro Education",null,"Bsistemi","MID",16,256,"FHD","Windows 11 Pro Education","15_config_standard","SI",1]
["Bsistemi_15_config_standardMID16256FHDWindows 11 Pro",null,"Bsistemi","MID",16,256,"FHD","Windows 11 Pro","15_config_standard","SI",1]
["Bsistemi_15_config_standardMID8512FHDDistribuzione Linux",null,"Bsistemi","MID",8,512,"FHD","Distribuzione Linux","15_config_standard","SI",1]
["Bsistemi_15_config_standardMID8512FHDWindows 11 Pro Education",null,"Bsistemi","MID",8,512,"FHD","Windows 11 Pro Education","15_config_standard","SI",1]
["Bsistemi_15_config_standardMID8512FHDWindows 11 Pro",null,"Bsistemi","MID",8,512,"FHD","Windows 11 Pro","15_config_standard","SI",1]
["Bsistemi_15_config_standardMID16512FHDDistribuzione Linux",null,"Bsistemi","MID",16,512,"FHD","Distribuzione Linux","15_config_standard","SI",1]
["Bsistemi_15_config_standardMID16512FHDWindows 11 Pro Education",null,"Bsistemi","MID",16,512,"FHD","Windows 11 Pro Education","15_config_standard","SI",1]
["Bsistemi_15_config_standardMID16512FHDWindows 11 Pro",null,"Bsistemi","MID",16,512,"FHD","Windows 11 Pro","15_config_standard","SI",1]
["Bsistemi_15_config_standardHIGH8256HDDistribuzione Linux",null,"Bsistemi","HIGH",8,256,"HD","Distribuzione Linux","15_config_standard","SI",1]
[{"$f":"C917&\"_\"&I917&D917&E917&F917&G917&H917","v":"Bsistemi_15_config_standardHIGH8256HDWindows 11 Pro Education"},null,"Bsistemi","HIGH",8,256,"HD","Windows 11 Pro Education","15_config_standard","NO",0]
["Bsistemi_15_config_standardHIGH8256HDWindows 11 Pro",null,"Bsistemi","HIGH",8,256,"HD","Windows 11 Pro","15_config_standard","SI",1]
["Bsistemi_15_config_standardHIGH16256HDDistribuzione Linux",null,"Bsistemi","HIGH",16,256,"HD","Distribuzione Linux","15_config_standard","SI",1]
["Bsistemi_15_config_standardHIGH16256HDWindows 11 Pro Education",null,"Bsistemi","HIGH",16,256,"HD","Windows 11 Pro Education","15_config_standard","NO",0]
["Bsistemi_15_config_standardHIGH16256HDWindows 11 Pro",null,"Bsistemi","HIGH",16,256,"HD","Windows 11 Pro","15_config_standard","SI",1]
["Bsistemi_15_config_standardHIGH8512HDDistribuzione Linux",null,"Bsistemi","HIGH",8,512,"HD","Distribuzione Linux","15_config_standard","SI",1]
["Bsistemi_15_config_standardHIGH8512HDWindows 11 Pro Education",null,"Bsistemi","HIGH",8,512,"HD","Windows 11 Pro Education","15_config_standard","NO",0]
["Bsistemi_15_config_standardHIGH8512HDWindows 11 Pro",null,"Bsistemi","HIGH",8,512,"HD","Windows 11 Pro","15_config_standard","SI",1]
["Bsistemi_15_config_standardHIGH16512HDDistribuzione Linux",null,"Bsistemi","HIGH",16,512,"HD","Distribuzione Linux","15_config_standard","SI",1]
["Bsistemi_15_config_standardHIGH16512HDWindows 11 Pro Education",null,"Bsistemi","HIGH",16,512,"HD","Windows 11 Pro Education","15_config_standard","NO",0]
["Bsistemi_15_config_standardHIGH16512HDWindows 11 Pro",null,"Bsistemi","HIGH",16,512,"HD","Windows 11 Pro","15_config_standard","SI",1]
["Bsistemi_15_config_standardHIGH8256FHDDistribuzione Linux",null,"Bsistemi","HIGH",8,256,"FHD","Distribuzione Linux","15_config_standard","SI",1]
["Bsistemi_15_config_standardHIGH8256FHDWindows 11 Pro Education",null,"Bsistemi","HIGH",8,256,"FHD","Windows 11 Pro Education","15_config_standard","NO",0]
["Bsistemi_15_config_standardHIGH8256FHDWindows 11 Pro",null,"Bsistemi","HIGH",8,256,"FHD","Windows 11 Pro","15_config_standard","SI",1]
["Bsistemi_15_config_standardHIGH16256FHDDistribuzione Linux",null,"Bsistemi","HIGH",16,256,"FHD","Distribuzione Linux","15_config_standard","SI",1]
["Bsistemi_15_config_standardHIGH16256FHDWindows 11 Pro Education",null,"Bsistemi","HIGH",16,256,"FHD","Windows 11 Pro Education","15_config_standard","NO",0]
["Bsistemi_15_config_standardHIGH16256FHDWindows 11 Pro",null,"Bsistemi","HIGH",16,256,"FHD","Windows 11 Pro","15_config_standard","SI",1]
["Bsistemi_15_config_standardHIGH8512FHDDistribuzione Linux",null,"Bsistemi","HIGH",8,512,"FHD","Distribuzione Linux","15_config_standard","SI",1]
["Bsistemi_15_config_standardHIGH8512FHDWindows 11 Pro Education",null,"Bsistemi","HIGH",8,512,"FHD","Windows 11 Pro Education","15_config_standard","NO",0]
["Bsistemi_15_config_standardHIGH8512FHDWindows 11 Pro",null,"Bsistemi","HIGH",8,512,"FHD","Windows 11 Pro","15_config_standard","SI",1]
["Bsistemi_15_config_standardHIGH16512FHDDistribuzione Linux",null,"Bsistemi","HIGH",16,512,"FHD","Distribuzione Linux","15_config_standard","SI",1]
["Bsistemi_15_config_standardHIGH16512FHDWindows 11 Pro Education",null,"Bsistemi","HIGH",16,512,"FHD","Windows 11 Pro Education","15_config_standard","NO",0]
["Bsistemi_15_config_standardHIGH16512FHDWindows 11 Pro",null,"Bsistemi","HIGH",16,512,"FHD","Windows 11 Pro","15_config_standard","SI",1]
["Bsistemi_15_config_TCOLOW8256HDDistribuzione Linux",null,"Bsistemi","LOW",8,256,"HD","Distribuzione Linux","15_config_TCO","SI",1]
["Bsistemi_15_config_TCOLOW8256HDWindows 11 Pro Education",null,"Bsistemi","LOW",8,256,"HD","Windows 11 Pro Education","15_config_TCO","SI",1]
["Bsistemi_15_config_TCOLOW8256HDWindows 11 Pro",null,"Bsistemi","LOW",8,256,"HD","Windows 11 Pro","15_config_TCO","SI",1]
["Bsistemi_15_config_TCOLOW16256HDDistribuzione Linux",null,"Bsistemi","LOW",16,256,"HD","Distribuzione Linux","15_config_TCO","SI",1]
["Bsistemi_15_config_TCOLOW16256HDWindows 11 Pro Education",null,"Bsistemi","LOW",16,256,"HD","Windows 11 Pro Education","15_config_TCO","SI",1]
["Bsistemi_15_config_TCOLOW16256HDWindows 11 Pro",null,"Bsistemi","LOW",16,256,"HD","Windows 11 Pro","15_config_TCO","SI",1]
["Bsistemi_15_config_TCOLOW8512HDDistribuzione Linux",null,"Bsistemi","LOW",8,512,"HD","Distribuzione Linux","15_config_TCO","SI",1]
["Bsistemi_15_config_TCOLOW8512HDWindows 11 Pro Education",null,"Bsistemi","LOW",8,512,"HD","Windows 11 Pro Education","15_config_TCO","SI",1]
["Bsistemi_15_config_TCOLOW8512HDWindows 11 Pro",null,"Bsistemi","LOW",8,512,"HD","Windows 11 Pro","15_config_TCO","SI",1]
["Bsistemi_15_config_TCOLOW16512HDDistribuzione Linux",null,"Bsistemi","LOW",16,512,"HD","Distribuzione Linux","15_config_TCO","SI",1]
["Bsistemi_15_config_TCOLOW16512HDWindows 11 Pro Education",null,"Bsistemi","LOW",16,512,"HD","Windows 11 Pro Education","15_config_TCO","SI",1]
["Bsistemi_15_config_TCOLOW16512HDWindows 11 Pro",null,"Bsistemi","LOW",16,512,"HD","Windows 11 Pro","15_config_TCO","SI",1]
["Bsistemi_15_config_TCOLOW8256FHDDistribuzione Linux",null,"Bsistemi","LOW",8,256,"FHD","Distribuzione Linux","15_config_TCO","SI",1]
["Bsistemi_15_config_TCOLOW8256FHDWindows 11 Pro Education",null,"Bsistemi","LOW",8,256,"FHD","Windows 11 Pro Education","15_config_TCO","SI",1]
["Bsistemi_15_config_TCOLOW8256FHDWindows 11 Pro",null,"Bsistemi","LOW",8,256,"FHD","Windows 11 Pro","15_config_TCO","SI",1]
["Bsistemi_15_config_TCOLOW16256FHDDistribuzione Linux",null,"Bsistemi","LOW",16,256,"FHD","Distribuzione Linux","15_config_TCO","SI",1]
["Bsistemi_15_config_TCOLOW16256FHDWindows 11 Pro Education",null,"Bsistemi","LOW",16,256,"FHD","Windows 11 Pro Education","15_config_TCO","SI",1]
["Bsistemi_15_config_TCOLOW16256FHDWindows 11 Pro",null,"Bsistemi","LOW",16,256,"FHD","Windows 11 Pro","15_config_TCO","SI",1]
["Bsistemi_15_config_TCOLOW8512FHDDistribuzione Linux",null,"Bsistemi","LOW",8,512,"FHD","Distribuzione Linux","15_config_TCO","SI",1]
["Bsistemi_15_config_TCOLOW8512FHDWindows 11 Pro Education",null,"Bsistemi","LOW",8,512,"FHD","Windows 11 Pro Education","15_config_TCO","SI",1]
["Bsistemi_15_config_TCOLOW8512FHDWindows 11 Pro",null,"Bsistemi","LOW",8,512,"FHD","Windows 11 Pro","15_config_TCO","SI",1]
["Bsistemi_15_config_TCOLOW16512FHDDistribuzione Linux",null,"Bsistemi","LOW",16,512,"FHD","Distribuzione Linux","15_config_TCO","SI",1]
["Bsistemi_15_config_TCOLOW16512FHDWindows 11 Pro Education",null,"Bsistemi","LOW",16,512,"FHD","Windows 11 Pro Education","15_config_TCO","SI",1]
["Bsistemi_15_config_TCOLOW16512FHDWindows 11 Pro",null,"Bsistemi","LOW",16,512,"FHD","Windows 11 Pro","15_config_TCO","SI",1]
["Bsistemi_15_config_TCOMID8256HDDistribuzione Linux",null,"Bsistemi","MID",8,256,"HD","Distribuzione Linux","15_config_TCO","SI",1]
["Bsistemi_15_config_TCOMID8256HDWindows 11 Pro Education",null,"Bsistemi","MID",8,256,"HD","Windows 11 Pro Education","15_config_TCO","SI",{"$f":"+IF(J965=\"NO\",0,1)","v":1}]
["Bsistemi_15_config_TCOMID8256HDWindows 11 Pro",null,"Bsistemi","MID",8,256,"HD","Windows 11 Pro","15_config_TCO","SI",1]
["Bsistemi_15_config_TCOMID16256HDDistribuzione Linux",null,"Bsistemi","MID",16,256,"HD","Distribuzione Linux","15_config_TCO","SI",1]
["Bsistemi_15_config_TCOMID16256HDWindows 11 Pro Education",null,"Bsistemi","MID",16,256,"HD","Windows 11 Pro Education","15_config_TCO","SI",1]
["Bsistemi_15_config_TCOMID16256HDWindows 11 Pro",null,"Bsistemi","MID",16,256,"HD","Windows 11 Pro","15_config_TCO","SI",1]
["Bsistemi_15_config_TCOMID8512HDDistribuzione Linux",null,"Bsistemi","MID",8,512,"HD","Distribuzione Linux","15_config_TCO","SI",1]
["Bsistemi_15_config_TCOMID8512HDWindows 11 Pro Education",null,"Bsistemi","MID",8,512,"HD","Windows 11 Pro Education","15_config_TCO","SI",1]
["Bsistemi_15_config_TCOMID8512HDWindows 11 Pro",null,"Bsistemi","MID",8,512,"HD","Windows 11 Pro","15_config_TCO","SI",1]
["Bsistemi_15_config_TCOMID16512HDDistribuzione Linux",null,"Bsistemi","MID",16,512,"HD","Distribuzione Linux","15_config_TCO","SI",1]
["Bsistemi_15_config_TCOMID16512HDWindows 11 Pro Education",null,"Bsistemi","MID",16,512,"HD","Windows 11 Pro Education","15_config_TCO","SI",1]
["Bsistemi_15_config_TCOMID16512HDWindows 11 Pro",null,"Bsistemi","MID",16,512,"HD","Windows 11 Pro","15_config_TCO","SI",1]
["Bsistemi_15_config_TCOMID8256FHDDistribuzione Linux",null,"Bsistemi","MID",8,256,"FHD","Distribuzione Linux","15_config_TCO","SI",1]
["Bsistemi_15_config_TCOMID8256FHDWindows 11 Pro Education",null,"Bsistemi","MID",8,256,"FHD","Windows 11 Pro Education","15_config_TCO","SI",1]
["Bsistemi_15_config_TCOMID8256FHDWindows 11 Pro",null,"Bsistemi","MID",8,256,"FHD","Windows 11 Pro","15_config_TCO","SI",1]
["Bsistemi_15_config_TCOMID16256FHDDistribuzione Linux",null,"Bsistemi","MID",16,256,"FHD","Distribuzione Linux","15_config_TCO","SI",1]
["Bsistemi_15_config_TCOMID16256FHDWindows 11 Pro Education",null,"Bsistemi","MID",16,256,"FHD","Windows 11 Pro Education","15_config_TCO","SI",1]
[{"$f":"C981&\"_\"&I981&D981&E981&F981&G981&H981","v":"Bsistemi_15_config_TCOMID16256FHDWindows 11 Pro"},null,"Bsistemi","MID",16,256,"FHD","Windows 11 Pro","15_config_TCO","SI",1]
["Bsistemi_15_config_TCOMID8512FHDDistribuzione Linux",null,"Bsistemi","MID",8,512,"FHD","Distribuzione Linux","15_config_TCO","SI",1]
["Bsistemi_15_config_TCOMID8512FHDWindows 11 Pro Education",null,"Bsistemi","MID",8,512,"FHD","Windows 11 Pro Education","15_config_TCO","SI",1]
["Bsistemi_15_config_TCOMID8512FHDWindows 11 Pro",null,"Bsistemi","MID",8,512,"FHD","Windows 11 Pro","15_config_TCO","SI",1]
["Bsistemi_15_config_TCOMID16512FHDDistribuzione Linux",null,"Bsistemi","MID",16,512,"FHD","Distribuzione Linux","15_config_TCO","SI",1]
["Bsistemi_15_config_TCOMID16512FHDWindows 11 Pro Education",null,"Bsistemi","MID",16,512,"FHD","Windows 11 Pro Education","15_config_TCO","SI",1]
["Bsistemi_15_config_TCOMID16512FHDWindows 11 Pro",null,"Bsistemi","MID",16,512,"FHD","Windows 11 Pro","15_config_TCO","SI",1]
["Bsistemi_15_config_TCOHIGH8256HDDistribuzione Linux",null,"Bsistemi","HIGH",8,256,"HD","Distribuzione Linux","15_config_TCO","SI",1]
["Bsistemi_15_config_TCOHIGH8256HDWindows 11 Pro Education",null,"Bsistemi","HIGH",8,256,"HD","Windows 11 Pro Education","15_config_TCO","NO",0]
["Bsistemi_15_config_TCOHIGH8256HDWindows 11 Pro",null,"Bsistemi","HIGH",8,256,"HD","Windows 11 Pro","15_config_TCO","SI",1]
["Bsistemi_15_config_TCOHIGH16256HDDistribuzione Linux",null,"Bsistemi","HIGH",16,256,"HD","Distribuzione Linux","15_config_TCO","SI",1]
["Bsistemi_15_config_TCOHIGH16256HDWindows 11 Pro Education",null,"Bsistemi","HIGH",16,256,"HD","Windows 11 Pro Education","15_config_TCO","NO",0]
["Bsistemi_15_config_TCOHIGH16256HDWindows 11 Pro",null,"Bsistemi","HIGH",16,256,"HD","Windows 11 Pro","15_config_TCO","SI",1]
["Bsistemi_15_config_TCOHIGH8512HDDistribuzione Linux",null,"Bsistemi","HIGH",8,512,"HD","Distribuzione Linux","15_config_TCO","SI",1]
["Bsistemi_15_config_TCOHIGH8512HDWindows 11 Pro Education",null,"Bsistemi","HIGH",8,512,"HD","Windows 11 Pro Education","15_config_TCO","NO",0]
["Bsistemi_15_config_TCOHIGH8512HDWindows 11 Pro",null,"Bsistemi","HIGH",8,512,"HD","Windows 11 Pro","15_config_TCO","SI",1]
["Bsistemi_15_config_TCOHIGH16512HDDistribuzione Linux",null,"Bsistemi","HIGH",16,512,"HD","Distribuzione Linux","15_config_TCO","SI",1]
["Bsistemi_15_config_TCOHIGH16512HDWindows 11 Pro Education",null,"Bsistemi","HIGH",16,512,"HD","Windows 11 Pro Education","15_config_TCO","NO",0]
["Bsistemi_15_config_TCOHIGH16512HDWindows 11 Pro",null,"Bsistemi","HIGH",16,512,"HD","Windows 11 Pro","15_config_TCO","SI",1]
["Bsistemi_15_config_TCOHIGH8256FHDDistribuzione Linux",null,"Bsistemi","HIGH",8,256,"FHD","Distribuzione Linux","15_config_TCO","SI",1]
["Bsistemi_15_config_TCOHIGH8256FHDWindows 11 Pro Education",null,"Bsistemi","HIGH",8,256,"FHD","Windows 11 Pro Education","15_config_TCO","NO",0]
["Bsistemi_15_config_TCOHIGH8256FHDWindows 11 Pro",null,"Bsistemi","HIGH",8,256,"FHD","Windows 11 Pro","15_config_TCO","SI",1]
["Bsistemi_15_config_TCOHIGH16256FHDDistribuzione Linux",null,"Bsistemi","HIGH",16,256,"FHD","Distribuzione Linux","15_config_TCO","SI",1]
["Bsistemi_15_config_TCOHIGH16256FHDWindows 11 Pro Education",null,"Bsistemi","HIGH",16,256,"FHD","Windows 11 Pro Education","15_config_TCO","NO",0]
["Bsistemi_15_config_TCOHIGH16256FHDWindows 11 Pro",null,"Bsistemi","HIGH",16,256,"FHD","Windows 11 Pro","15_config_TCO","SI",1]
["Bsistemi_15_config_TCOHIGH8512FHDDistribuzione Linux",null,"Bsistemi","HIGH",8,512,"FHD","Distribuzione Linux","15_config_TCO","SI",1]
["Bsistemi_15_config_TCOHIGH8512FHDWindows 11 Pro Education",null,"Bsistemi","HIGH",8,512,"FHD","Windows 11 Pro Education","15_config_TCO","NO",0]
["Bsistemi_15_config_TCOHIGH8512FHDWindows 11 Pro",null,"Bsistemi","HIGH",8,512,"FHD","Windows 11 Pro","15_config_TCO","SI",1]
["Bsistemi_15_config_TCOHIGH16512FHDDistribuzione Linux",null,"Bsistemi","HIGH",16,512,"FHD","Distribuzione Linux","15_config_TCO","SI",1]
["Bsistemi_15_config_TCOHIGH16512FHDWindows 11 Pro Education",null,"Bsistemi","HIGH",16,512,"FHD","Windows 11 Pro Education","15_config_TCO","NO",0]
["Bsistemi_15_config_TCOHIGH16512FHDWindows 11 Pro",null,"Bsistemi","HIGH",16,512,"FHD","Windows 11 Pro","15_config_TCO","SI",1]
["Bsistemi_14_config_standardLOW8256HDDistribuzione Linux",null,"Bsistemi","LOW",8,256,"HD","Distribuzione Linux","14_config_standard","SI",1]
["Bsistemi_14_config_standardLOW8256HDWindows 11 Pro Education",null,"Bsistemi","LOW",8,256,"HD","Windows 11 Pro Education","14_config_standard","SI",1]
["Bsistemi_14_config_standardLOW8256HDWindows 11 Pro",null,"Bsistemi","LOW",8,256,"HD","Windows 11 Pro","14_config_standard","SI",1]
["Bsistemi_14_config_standardLOW16256HDDistribuzione Linux",null,"Bsistemi","LOW",16,256,"HD","Distribuzione Linux","14_config_standard","SI",1]
["Bsistemi_14_config_standardLOW16256HDWindows 11 Pro Education",null,"Bsistemi","LOW",16,256,"HD","Windows 11 Pro Education","14_config_standard","SI",1]
["Bsistemi_14_config_standardLOW16256HDWindows 11 Pro",null,"Bsistemi","LOW",16,256,"HD","Windows 11 Pro","14_config_standard","SI",1]
["Bsistemi_14_config_standardLOW8512HDDistribuzione Linux",null,"Bsistemi","LOW",8,512,"HD","Distribuzione Linux","14_config_standard","SI",1]
["Bsistemi_14_config_standardLOW8512HDWindows 11 Pro Education",null,"Bsistemi","LOW",8,512,"HD","Windows 11 Pro Education","14_config_standard","SI",1]
["Bsistemi_14_config_standardLOW8512HDWindows 11 Pro",null,"Bsistemi","LOW",8,512,"HD","Windows 11 Pro","14_config_standard","SI",1]
["Bsistemi_14_config_standardLOW16512HDDistribuzione Linux",null,"Bsistemi","LOW",16,512,"HD","Distribuzione Linux","14_config_standard","SI",1]
["Bsistemi_14_config_standardLOW16512HDWindows 11 Pro Education",null,"Bsistemi","LOW",16,512,"HD","Windows 11 Pro Education","14_config_standard","SI",1]
["Bsistemi_14_config_standardLOW16512HDWindows 11 Pro",null,"Bsistemi","LOW",16,512,"HD","Windows 11 Pro","14_config_standard","SI",1]
["Bsistemi_14_config_standardLOW8256FHDDistribuzione Linux",null,"Bsistemi","LOW",8,256,"FHD","Distribuzione Linux","14_config_standard","SI",1]
["Bsistemi_14_config_standardLOW8256FHDWindows 11 Pro Education",null,"Bsistemi","LOW",8,256,"FHD","Windows 11 Pro Education","14_config_standard","SI",1]
["Bsistemi_14_config_standardLOW8256FHDWindows 11 Pro",null,"Bsistemi","LOW",8,256,"FHD","Windows 11 Pro","14_config_standard","SI",1]
["Bsistemi_14_config_standardLOW16256FHDDistribuzione Linux",null,"Bsistemi","LOW",16,256,"FHD","Distribuzione Linux","14_config_standard","SI",1]
["Bsistemi_14_config_standardLOW16256FHDWindows 11 Pro Education",null,"Bsistemi","LOW",16,256,"FHD","Windows 11 Pro Education","14_config_standard","SI",1]
["Bsistemi_14_config_standardLOW16256FHDWindows 11 Pro",null,"Bsistemi","LOW",16,256,"FHD","Windows 11 Pro","14_config_standard","SI",{"$f":"+IF(J1029=\"NO\",0,1)","v":1}]
["Bsistemi_14_config_standardLOW8512FHDDistribuzione Linux",null,"Bsistemi","LOW",8,512,"FHD","Distribuzione Linux","14_config_standard","SI",1]
["Bsistemi_14_config_standardLOW8512FHDWindows 11 Pro Education",null,"Bsistemi","LOW",8,512,"FHD","Windows 11 Pro Education","14_config_standard","SI",1]
["Bsistemi_14_config_standardLOW8512FHDWindows 11 Pro",null,"Bsistemi","LOW",8,512,"FHD","Windows 11 Pro","14_config_standard","SI",1]
["Bsistemi_14_config_standardLOW16512FHDDistribuzione Linux",null,"Bsistemi","LOW",16,512,"FHD","Distribuzione Linux","14_config_standard","SI",1]
["Bsistemi_14_config_standardLOW16512FHDWindows 11 Pro Education",null,"Bsistemi","LOW",16,512,"FHD","Windows 11 Pro Education","14_config_standard","SI",1]
["Bsistemi_14_config_standardLOW16512FHDWindows 11 Pro",null,"Bsistemi","LOW",16,512,"FHD","Windows 11 Pro","14_config_standard","SI",1]
["Bsistemi_14_config_standardMID8256HDDistribuzione Linux",null,"Bsistemi","MID",8,256,"HD","Distribuzione Linux","14_config_standard","SI",1]
["Bsistemi_14_config_standardMID8256HDWindows 11 Pro Education",null,"Bsistemi","MID",8,256,"HD","Windows 11 Pro Education","14_config_standard","SI",1]
["Bsistemi_14_config_standardMID8256HDWindows 11 Pro",null,"Bsistemi","MID",8,256,"HD","Windows 11 Pro","14_config_standard","SI",1]
["Bsistemi_14_config_standardMID16256HDDistribuzione Linux",null,"Bsistemi","MID",16,256,"HD","Distribuzione Linux","14_config_standard","SI",1]
["Bsistemi_14_config_standardMID16256HDWindows 11 Pro Education",null,"Bsistemi","MID",16,256,"HD","Windows 11 Pro Education","14_config_standard","SI",1]
["Bsistemi_14_config_standardMID16256HDWindows 11 Pro",null,"Bsistemi","MID",16,256,"HD","Windows 11 Pro","14_config_standard","SI",1]
["Bsistemi_14_config_standardMID8512HDDistribuzione Linux",null,"Bsistemi","MID",8,512,"HD","Distribuzione Linux","14_config_standard","SI",1]
["Bsistemi_14_config_standardMID8512HDWindows 11 Pro Education",null,"Bsistemi","MID",8,512,"HD","Windows 11 Pro Education","14_config_standard","SI",1]
["Bsistemi_14_config_standardMID8512HDWindows 11 Pro",null,"Bsistemi","MID",8,512,"HD","Windows 11 Pro","14_config_standard","SI",1]
[{"$f":"C1045&\"_\"&I1045&D1045&E1045&F1045&G1045&H1045","v":"Bsistemi_14_config_standardMID16512HDDistribuzione Linux"},null,"Bsistemi","MID",16,512,"HD","Distribuzione Linux","14_config_standard","SI",1]
["Bsistemi_14_config_standardMID16512HDWindows 11 Pro Education",null,"Bsistemi","MID",16,512,"HD","Windows 11 Pro Education","14_config_standard","SI",1]
["Bsistemi_14_config_standardMID16512HDWindows 11 Pro",null,"Bsistemi","MID",16,512,"HD","Windows 11 Pro","14_config_standard","SI",1]
["Bsistemi_14_config_standardMID8256FHDDistribuzione Linux",null,"Bsistemi","MID",8,256,"FHD","Distribuzione Linux","14_config_standard","SI",1]
["Bsistemi_14_config_standardMID8256FHDWindows 11 Pro Education",null,"Bsistemi","MID",8,256,"FHD","Windows 11 Pro Education","14_config_standard","SI",1]
["Bsistemi_14_config_standardMID8256FHDWindows 11 Pro",null,"Bsistemi","MID",8,256,"FHD","Windows 11 Pro","14_config_standard","SI",1]
["Bsistemi_14_config_standardMID16256FHDDistribuzione Linux",null,"Bsistemi","MID",16,256,"FHD","Distribuzione Linux","14_config_standard","SI",1]
["Bsistemi_14_config_standardMID16256FHDWindows 11 Pro Education",null,"Bsistemi","MID",16,256,"FHD","Windows 11 Pro Education","14_config_standard","SI",1]
["Bsistemi_14_config_standardMID16256FHDWindows 11 Pro",null,"Bsistemi","MID",16,256,"FHD","Windows 11 Pro","14_config_standard","SI",1]
["Bsistemi_14_config_standardMID8512FHDDistribuzione Linux",null,"Bsistemi","MID",8,512,"FHD","Distribuzione Linux","14_config_standard","SI",1]
["Bsistemi_14_config_standardMID8512FHDWindows 11 Pro Education",null,"Bsistemi","MID",8,512,"FHD","Windows 11 Pro Education","14_config_standard","SI",1]
["Bsistemi_14_config_standardMID8512FHDWindows 11 Pro",null,"Bsistemi","MID",8,512,"FHD","Windows 11 Pro","14_config_standard","SI",1]
["Bsistemi_14_config_standardMID16512FHDDistribuzione Linux",null,"Bsistemi","MID",16,512,"FHD","Distribuzione Linux","14_config_standard","SI",1]
["Bsistemi_14_config_standardMID16512FHDWindows 11 Pro Education",null,"Bsistemi","MID",16,512,"FHD","Windows 11 Pro Education","14_config_standard","SI",1]
["Bsistemi_14_config_standardMID16512FHDWindows 11 Pro",null,"Bsistemi","MID",16,512,"FHD","Windows 11 Pro","14_config_standard","SI",1]
["Bsistemi_14_config_standardHIGH8256HDDistribuzione Linux",null,"Bsistemi","HIGH",8,256,"HD","Distribuzione Linux","14_config_standard","SI",1]
["Bsistemi_14_config_standardHIGH8256HDWindows 11 Pro Education",null,"Bsistemi","HIGH",8,256,"HD","Windows 11 Pro Education","14_config_standard","NO",0]
["Bsistemi_14_config_standardHIGH8256HDWindows 11 Pro",null,"Bsistemi","HIGH",8,256,"HD","Windows 11 Pro","14_config_standard","SI",1]
["Bsistemi_14_config_standardHIGH16256HDDistribuzione Linux",null,"Bsistemi","HIGH",16,256,"HD","Distribuzione Linux","14_config_standard","SI",1]
["Bsistemi_14_config_standardHIGH16256HDWindows 11 Pro Education",null,"Bsistemi","HIGH",16,256,"HD","Windows 11 Pro Education","14_config_standard","NO",0]
["Bsistemi_14_config_standardHIGH16256HDWindows 11 Pro",null,"Bsistemi","HIGH",16,256,"HD","Windows 11 Pro","14_config_standard","SI",1]
["Bsistemi_14_config_standardHIGH8512HDDistribuzione Linux",null,"Bsistemi","HIGH",8,512,"HD","Distribuzione Linux","14_config_standard","SI",1]
["Bsistemi_14_config_standardHIGH8512HDWindows 11 Pro Education",null,"Bsistemi","HIGH",8,512,"HD","Windows 11 Pro Education","14_config_standard","NO",0]
["Bsistemi_14_config_standardHIGH8512HDWindows 11 Pro",null,"Bsistemi","HIGH",8,512,"HD","Windows 11 Pro","14_config_standard","SI",1]
["Bsistemi_14_config_standardHIGH16512HDDistribuzione Linux",null,"Bsistemi","HIGH",16,512,"HD","Distribuzione Linux","14_config_standard","SI",1]
["Bsistemi_14_config_standardHIGH16512HDWindows 11 Pro Education",null,"Bsistemi","HIGH",16,512,"HD","Windows 11 Pro Education","14_config_standard","NO",0]
["Bsistemi_14_config_standardHIGH16512HDWindows 11 Pro",null,"Bsistemi","HIGH",16,512,"HD","Windows 11 Pro","14_config_standard","SI",1]
["Bsistemi_14_config_standardHIGH8256FHDDistribuzione Linux",null,"Bsistemi","HIGH",8,256,"FHD","Distribuzione Linux","14_config_standard","SI",1]
["Bsistemi_14_config_standardHIGH8256FHDWindows 11 Pro Education",null,"Bsistemi","HIGH",8,256,"FHD","Windows 11 Pro Education","14_config_standard","NO",0]
["Bsistemi_14_config_standardHIGH8256FHDWindows 11 Pro",null,"Bsistemi","HIGH",8,256,"FHD","Windows 11 Pro","14_config_standard","SI",1]
["Bsistemi_14_config_standardHIGH16256FHDDistribuzione Linux",null,"Bsistemi","HIGH",16,256,"FHD","Distribuzione Linux","14_config_standard","SI",1]
["Bsistemi_14_config_standardHIGH16256FHDWindows 11 Pro Education",null,"Bsistemi","HIGH",16,256,"FHD","Windows 11 Pro Education","14_config_standard","NO",0]
["Bsistemi_14_config_standardHIGH16256FHDWindows 11 Pro",null,"Bsistemi","HIGH",16,256,"FHD","Windows 11 Pro","14_config_standard","SI",1]
["Bsistemi_14_config_standardHIGH8512FHDDistribuzione Linux",null,"Bsistemi","HIGH",8,512,"FHD","Distribuzione Linux","14_config_standard","SI",1]
["Bsistemi_14_config_standardHIGH8512FHDWindows 11 Pro Education",null,"Bsistemi","HIGH",8,512,"FHD","Windows 11 Pro Education","14_config_standard","NO",0]
["Bsistemi_14_config_standardHIGH8512FHDWindows 11 Pro",null,"Bsistemi","HIGH",8,512,"FHD","Windows 11 Pro","14_config_standard","SI",1]
["Bsistemi_14_config_standardHIGH16512FHDDistribuzione Linux",null,"Bsistemi","HIGH",16,512,"FHD","Distribuzione Linux","14_config_standard","SI",1]
["Bsistemi_14_config_standardHIGH16512FHDWindows 11 Pro Education",null,"Bsistemi","HIGH",16,512,"FHD","Windows 11 Pro Education","14_config_standard","NO",0]
["Bsistemi_14_config_standardHIGH16512FHDWindows 11 Pro",null,"Bsistemi","HIGH",16,512,"FHD","Windows 11 Pro","14_config_standard","SI",1]
["Bsistemi_14_config_TCOLOW8256HDDistribuzione Linux",null,"Bsistemi","LOW",8,256,"HD","Distribuzione Linux","14_config_TCO","SI",1]
["Bsistemi_14_config_TCOLOW8256HDWindows 11 Pro Education",null,"Bsistemi","LOW",8,256,"HD","Windows 11 Pro Education","14_config_TCO","SI",1]
["Bsistemi_14_config_TCOLOW8256HDWindows 11 Pro",null,"Bsistemi","LOW",8,256,"HD","Windows 11 Pro","14_config_TCO","SI",1]
["Bsistemi_14_config_TCOLOW16256HDDistribuzione Linux",null,"Bsistemi","LOW",16,256,"HD","Distribuzione Linux","14_config_TCO","SI",1]
["Bsistemi_14_config_TCOLOW16256HDWindows 11 Pro Education",null,"Bsistemi","LOW",16,256,"HD","Windows 11 Pro Education","14_config_TCO","SI",1]
["Bsistemi_14_config_TCOLOW16256HDWindows 11 Pro",null,"Bsistemi","LOW",16,256,"HD","Windows 11 Pro","14_config_TCO","SI",1]
["Bsistemi_14_config_TCOLOW8512HDDistribuzione Linux",null,"Bsistemi","LOW",8,512,"HD","Distribuzione Linux","14_config_TCO","SI",1]
["Bsistemi_14_config_TCOLOW8512HDWindows 11 Pro Education",null,"Bsistemi","LOW",8,512,"HD","Windows 11 Pro Education","14_config_TCO","SI",1]
["Bsistemi_14_config_TCOLOW8512HDWindows 11 Pro",null,"Bsistemi","LOW",8,512,"HD","Windows 11 Pro","14_config_TCO","SI",1]
["Bsistemi_14_config_TCOLOW16512HDDistribuzione Linux",null,"Bsistemi","LOW",16,512,"HD","Distribuzione Linux","14_config_TCO","SI",{"$f":"+IF(J1093=\"NO\",0,1)","v":1}]
["Bsistemi_14_config_TCOLOW16512HDWindows 11 Pro Education",null,"Bsistemi","LOW",16,512,"HD","Windows 11 Pro Education","14_config_TCO","SI",1]
["Bsistemi_14_config_TCOLOW16512HDWindows 11 Pro",null,"Bsistemi","LOW",16,512,"HD","Windows 11 Pro","14_config_TCO","SI",1]
["Bsistemi_14_config_TCOLOW8256FHDDistribuzione Linux",null,"Bsistemi","LOW",8,256,"FHD","Distribuzione Linux","14_config_TCO","SI",1]
["Bsistemi_14_config_TCOLOW8256FHDWindows 11 Pro Education",null,"Bsistemi","LOW",8,256,"FHD","Windows 11 Pro Education","14_config_TCO","SI",1]
["Bsistemi_14_config_TCOLOW8256FHDWindows 11 Pro",null,"Bsistemi","LOW",8,256,"FHD","Windows 11 Pro","14_config_TCO","SI",1]
["Bsistemi_14_config_TCOLOW16256FHDDistribuzione Linux",null,"Bsistemi","LOW",16,256,"FHD","Distribuzione Linux","14_config_TCO","SI",1]
["Bsistemi_14_config_TCOLOW16256FHDWindows 11 Pro Education",null,"Bsistemi","LOW",16,256,"FHD","Windows 11 Pro Education","14_config_TCO","SI",1]
["Bsistemi_14_config_TCOLOW16256FHDWindows 11 Pro",null,"Bsistemi","LOW",16,256,"FHD","Windows 11 Pro","14_config_TCO","SI",1]
["Bsistemi_14_config_TCOLOW8512FHDDistribuzione Linux",null,"Bsistemi","LOW",8,512,"FHD","Distribuzione Linux","14_config_TCO","SI",1]
["Bsistemi_14_config_TCOLOW8512FHDWindows 11 Pro Education",null,"Bsistemi","LOW",8,512,"FHD","Windows 11 Pro Education","14_config_TCO","SI",1]
["Bsistemi_14_config_TCOLOW8512FHDWindows 11 Pro",null,"Bsistemi","LOW",8,512,"FHD","Windows 11 Pro","14_config_TCO","SI",1]
["Bsistemi_14_config_TCOLOW16512FHDDistribuzione Linux",null,"Bsistemi","LOW",16,512,"FHD","Distribuzione Linux","14_config_TCO","SI",1]
["Bsistemi_14_config_TCOLOW16512FHDWindows 11 Pro Education",null,"Bsistemi","LOW",16,512,"FHD","Windows 11 Pro Education","14_config_TCO","SI",1]
["Bsistemi_14_config_TCOLOW16512FHDWindows 11 Pro",null,"Bsistemi","LOW",16,512,"FHD","Windows 11 Pro","14_config_TCO","SI",1]
["Bsistemi_14_config_TCOMID8256HDDistribuzione Linux",null,"Bsistemi","MID",8,256,"HD","Distribuzione Linux","14_config_TCO","SI",1]
[{"$f":"C1109&\"_\"&I1109&D1109&E1109&F1109&G1109&H1109","v":"Bsistemi_14_config_TCOMID8256HDWindows 11 Pro Education"},null,"Bsistemi","MID",8,256,"HD","Windows 11 Pro Education","14_config_TCO","SI",1]
["Bsistemi_14_config_TCOMID8256HDWindows 11 Pro",null,"Bsistemi","MID",8,256,"HD","Windows 11 Pro","14_config_TCO","SI",1]
["Bsistemi_14_config_TCOMID16256HDDistribuzione Linux",null,"Bsistemi","MID",16,256,"HD","Distribuzione Linux","14_config_TCO","SI",1]
["Bsistemi_14_config_TCOMID16256HDWindows 11 Pro Education",null,"Bsistemi","MID",16,256,"HD","Windows 11 Pro Education","14_config_TCO","SI",1]
["Bsistemi_14_config_TCOMID16256HDWindows 11 Pro",null,"Bsistemi","MID",16,256,"HD","Windows 11 Pro","14_config_TCO","SI",1]
["Bsistemi_14_config_TCOMID8512HDDistribuzione Linux",null,"Bsistemi","MID",8,512,"HD","Distribuzione Linux","14_config_TCO","SI",1]
["Bsistemi_14_config_TCOMID8512HDWindows 11 Pro Education",null,"Bsistemi","MID",8,512,"HD","Windows 11 Pro Education","14_config_TCO","SI",1]
["Bsistemi_14_config_TCOMID8512HDWindows 11 Pro",null,"Bsistemi","MID",8,512,"HD","Windows 11 Pro","14_config_TCO","SI",1]
["Bsistemi_14_config_TCOMID16512HDDistribuzione Linux",null,"Bsistemi","MID",16,512,"HD","Distribuzione Linux","14_config_TCO","SI",1]
["Bsistemi_14_config_TCOMID16512HDWindows 11 Pro Education",null,"Bsistemi","MID",16,512,"HD","Windows 11 Pro Education","14_config_TCO","SI",1]
["Bsistemi_14_config_TCOMID16512HDWindows 11 Pro",null,"Bsistemi","MID",16,512,"HD","Windows 11 Pro","14_config_TCO","SI",1]
["Bsistemi_14_config_TCOMID8256FHDDistribuzione Linux",null,"Bsistemi","MID",8,256,"FHD","Distribuzione Linux","14_config_TCO","SI",1]
["Bsistemi_14_config_TCOMID8256FHDWindows 11 Pro Education",null,"Bsistemi","MID",8,256,"FHD","Windows 11 Pro Education","14_config_TCO","SI",1]
["Bsistemi_14_config_TCOMID8256FHDWindows 11 Pro",null,"Bsistemi","MID",8,256,"FHD","Windows 11 Pro","14_config_TCO","SI",1]
["Bsistemi_14_config_TCOMID16256FHDDistribuzione Linux",null,"Bsistemi","MID",16,256,"FHD","Distribuzione Linux","14_config_TCO","SI",1]
["Bsistemi_14_config_TCOMID16256FHDWindows 11 Pro Education",null,"Bsistemi","MID",16,256,"FHD","Windows 11 Pro Education","14_config_TCO","SI",1]
["Bsistemi_14_config_TCOMID16256FHDWindows 11 Pro",null,"Bsistemi","MID",16,256,"FHD","Windows 11 Pro","14_config_TCO","SI",1]
["Bsistemi_14_config_TCOMID8512FHDDistribuzione Linux",null,"Bsistemi","MID",8,512,"FHD","Distribuzione Linux","14_config_TCO","SI",1]
["Bsistemi_14_config_TCOMID8512FHDWindows 11 Pro Education",null,"Bsistemi","MID",8,512,"FHD","Windows 11 Pro Education","14_config_TCO","SI",1]
["Bsistemi_14_config_TCOMID8512FHDWindows 11 Pro",null,"Bsistemi","MID",8,512,"FHD","Windows 11 Pro","14_config_TCO","SI",1]
["Bsistemi_14_config_TCOMID16512FHDDistribuzione Linux",null,"Bsistemi","MID",16,512,"FHD","Distribuzione Linux","14_config_TCO","SI",1]
["Bsistemi_14_config_TCOMID16512FHDWindows 11 Pro Education",null,"Bsistemi","MID",16,512,"FHD","Windows 11 Pro Education","14_config_TCO","SI",1]
["Bsistemi_14_config_TCOMID16512FHDWindows 11 Pro",null,"Bsistemi","MID",16,512,"FHD","Windows 11 Pro","14_config_TCO","SI",1]
["Bsistemi_14_config_TCOHIGH8256HDDistribuzione Linux",null,"Bsistemi","HIGH",8,256,"HD","Distribuzione Linux","14_config_TCO","SI",1]
["Bsistemi_14_config_TCOHIGH8256HDWindows 11 Pro Education",null,"Bsistemi","HIGH",8,256,"HD","Windows 11 Pro Education","14_config_TCO","NO",0]
["Bsistemi_14_config_TCOHIGH8256HDWindows 11 Pro",null,"Bsistemi","HIGH",8,256,"HD","Windows 11 Pro","14_config_TCO","SI",1]
["Bsistemi_14_config_TCOHIGH16256HDDistribuzione Linux",null,"Bsistemi","HIGH",16,256,"HD","Distribuzione Linux","14_config_TCO","SI",1]
["Bsistemi_14_config_TCOHIGH16256HDWindows 11 Pro Education",null,"Bsistemi","HIGH",16,256,"HD","Windows 11 Pro Education","14_config_TCO","NO",0]
["Bsistemi_14_config_TCOHIGH16256HDWindows 11 Pro",null,"Bsistemi","HIGH",16,256,"HD","Windows 11 Pro","14_config_TCO","SI",1]
["Bsistemi_14_config_TCOHIGH8512HDDistribuzione Linux",null,"Bsistemi","HIGH",8,512,"HD","Distribuzione Linux","14_config_TCO","SI",1]
["Bsistemi_14_config_TCOHIGH8512HDWindows 11 Pro Education",null,"Bsistemi","HIGH",8,512,"HD","Windows 11 Pro Education","14_config_TCO","NO",0]
["Bsistemi_14_config_TCOHIGH8512HDWindows 11 Pro",null,"Bsistemi","HIGH",8,512,"HD","Windows 11 Pro","14_config_TCO","SI",1]
["Bsistemi_14_config_TCOHIGH16512HDDistribuzione Linux",null,"Bsistemi","HIGH",16,512,"HD","Distribuzione Linux","14_config_TCO","SI",1]
["Bsistemi_14_config_TCOHIGH16512HDWindows 11 Pro Education",null,"Bsistemi","HIGH",16,512,"HD","Windows 11 Pro Education","14_config_TCO","NO",0]
["Bsistemi_14_config_TCOHIGH16512HDWindows 11 Pro",null,"Bsistemi","HIGH",16,512,"HD","Windows 11 Pro","14_config_TCO","SI",1]
["Bsistemi_14_config_TCOHIGH8256FHDDistribuzione Linux",null,"Bsistemi","HIGH",8,256,"FHD","Distribuzione Linux","14_config_TCO","SI",1]
["Bsistemi_14_config_TCOHIGH8256FHDWindows 11 Pro Education",null,"Bsistemi","HIGH",8,256,"FHD","Windows 11 Pro Education","14_config_TCO","NO",0]
["Bsistemi_14_config_TCOHIGH8256FHDWindows 11 Pro",null,"Bsistemi","HIGH",8,256,"FHD","Windows 11 Pro","14_config_TCO","SI",1]
["Bsistemi_14_config_TCOHIGH16256FHDDistribuzione Linux",null,"Bsistemi","HIGH",16,256,"FHD","Distribuzione Linux","14_config_TCO","SI",1]
["Bsistemi_14_config_TCOHIGH16256FHDWindows 11 Pro Education",null,"Bsistemi","HIGH",16,256,"FHD","Windows 11 Pro Education","14_config_TCO","NO",0]
["Bsistemi_14_config_TCOHIGH16256FHDWindows 11 Pro",null,"Bsistemi","HIGH",16,256,"FHD","Windows 11 Pro","14_config_TCO","SI",1]
["Bsistemi_14_config_TCOHIGH8512FHDDistribuzione Linux",null,"Bsistemi","HIGH",8,512,"FHD","Distribuzione Linux","14_config_TCO","SI",1]
["Bsistemi_14_config_TCOHIGH8512FHDWindows 11 Pro Education",null,"Bsistemi","HIGH",8,512,"FHD","Windows 11 Pro Education","14_config_TCO","NO",0]
["Bsistemi_14_config_TCOHIGH8512FHDWindows 11 Pro",null,"Bsistemi","HIGH",8,512,"FHD","Windows 11 Pro","14_config_TCO","SI",1]
["Bsistemi_14_config_TCOHIGH16512FHDDistribuzione Linux",null,"Bsistemi","HIGH",16,512,"FHD","Distribuzione Linux","14_config_TCO","SI",1]
["Bsistemi_14_config_TCOHIGH16512FHDWindows 11 Pro Education",null,"Bsistemi","HIGH",16,512,"FHD","Windows 11 Pro Education","14_config_TCO","NO",0]
["Bsistemi_14_config_TCOHIGH16512FHDWindows 11 Pro",null,"Bsistemi","HIGH",16,512,"FHD","Windows 11 Pro","14_config_TCO","SI",1]
["Bsistemi_13_config_standardLOW8256HDDistribuzione Linux",null,"Bsistemi","LOW",8,256,"HD","Distribuzione Linux","13_config_standard","NO",0]
["Bsistemi_13_config_standardLOW8256HDWindows 11 Pro Education",null,"Bsistemi","LOW",8,256,"HD","Windows 11 Pro Education","13_config_standard","NO",{"$f":"+IF(J1157=\"NO\",0,1)","v":0}]
["Bsistemi_13_config_standardLOW8256HDWindows 11 Pro",null,"Bsistemi","LOW",8,256,"HD","Windows 11 Pro","13_config_standard","NO",0]
["Bsistemi_13_config_standardLOW16256HDDistribuzione Linux",null,"Bsistemi","LOW",16,256,"HD","Distribuzione Linux","13_config_standard","NO",0]
["Bsistemi_13_config_standardLOW16256HDWindows 11 Pro Education",null,"Bsistemi","LOW",16,256,"HD","Windows 11 Pro Education","13_config_standard","NO",0]
["Bsistemi_13_config_standardLOW16256HDWindows 11 Pro",null,"Bsistemi","LOW",16,256,"HD","Windows 11 Pro","13_config_standard","NO",0]
["Bsistemi_13_config_standardLOW8512HDDistribuzione Linux",null,"Bsistemi","LOW",8,512,"HD","Distribuzione Linux","13_config_standard","NO",0]
["Bsistemi_13_config_standardLOW8512HDWindows 11 Pro Education",null,"Bsistemi","LOW",8,512,"HD","Windows 11 Pro Education","13_config_standard","NO",0]
["Bsistemi_13_config_standardLOW8512HDWindows 11 Pro",null,"Bsistemi","LOW",8,512,"HD","Windows 11 Pro","13_config_standard","NO",0]
["Bsistemi_13_config_standardLOW16512HDDistribuzione Linux",null,"Bsistemi","LOW",16,512,"HD","Distribuzione Linux","13_config_standard","NO",0]
["Bsistemi_13_config_standardLOW16512HDWindows 11 Pro Education",null,"Bsistemi","LOW",16,512,"HD","Windows 11 Pro Education","13_config_standard","NO",0]
["Bsistemi_13_config_standardLOW16512HDWindows 11 Pro",null,"Bsistemi","LOW",16,512,"HD","Windows 11 Pro","13_config_standard","NO",0]
["Bsistemi_13_config_standardLOW8256FHDDistribuzione Linux",null,"Bsistemi","LOW",8,256,"FHD","Distribuzione Linux","13_config_standard","SI",1]
["Bsistemi_13_config_standardLOW8256FHDWindows 11 Pro Education",null,"Bsistemi","LOW",8,256,"FHD","Windows 11 Pro Education","13_config_standard","SI",1]
["Bsistemi_13_config_standardLOW8256FHDWindows 11 Pro",null,"Bsistemi","LOW",8,256,"FHD","Windows 11 Pro","13_config_standard","SI",1]
["Bsistemi_13_config_standardLOW16256FHDDistribuzione Linux",null,"Bsistemi","LOW",16,256,"FHD","Distribuzione Linux","13_config_standard","SI",1]
["Bsistemi_13_config_standardLOW16256FHDWindows 11 Pro Education",null,"Bsistemi","LOW",16,256,"FHD","Windows 11 Pro Education","13_config_standard","SI",1]
[{"$f":"C1173&\"_\"&I1173&D1173&E1173&F1173&G1173&H1173","v":"Bsistemi_13_config_standardLOW16256FHDWindows 11 Pro"},null,"Bsistemi","LOW",16,256,"FHD","Windows 11 Pro","13_config_standard","SI",1]
["Bsistemi_13_config_standardLOW8512FHDDistribuzione Linux",null,"Bsistemi","LOW",8,512,"FHD","Distribuzione Linux","13_config_standard","SI",1]
["Bsistemi_13_config_standardLOW8512FHDWindows 11 Pro Education",null,"Bsistemi","LOW",8,512,"FHD","Windows 11 Pro Education","13_config_standard","SI",1]
["Bsistemi_13_config_standardLOW8512FHDWindows 11 Pro",null,"Bsistemi","LOW",8,512,"FHD","Windows 11 Pro","13_config_standard","SI",1]
["Bsistemi_13_config_standardLOW16512FHDDistribuzione Linux",null,"Bsistemi","LOW",16,512,"FHD","Distribuzione Linux","13_config_standard","SI",1]
["Bsistemi_13_config_standardLOW16512FHDWindows 11 Pro Education",null,"Bsistemi","LOW",16,512,"FHD","Windows 11 Pro Education","13_config_standard","SI",1]
["Bsistemi_13_config_standardLOW16512FHDWindows 11 Pro",null,"Bsistemi","LOW",16,512,"FHD","Windows 11 Pro","13_config_standard","SI",1]
["Bsistemi_13_config_standardMID8256HDDistribuzione Linux",null,"Bsistemi","MID",8,256,"HD","Distribuzione Linux","13_config_standard","NO",0]
["Bsistemi_13_config_standardMID8256HDWindows 11 Pro Education",null,"Bsistemi","MID",8,256,"HD","Windows 11 Pro Education","13_config_standard","NO",0]
["Bsistemi_13_config_standardMID8256HDWindows 11 Pro",null,"Bsistemi","MID",8,256,"HD","Windows 11 Pro","13_config_standard","NO",0]
["Bsistemi_13_config_standardMID16256HDDistribuzione Linux",null,"Bsistemi","MID",16,256,"HD","Distribuzione Linux","13_config_standard","NO",0]
["Bsistemi_13_config_standardMID16256HDWindows 11 Pro Education",null,"Bsistemi","MID",16,256,"HD","Windows 11 Pro Education","13_config_standard","NO",0]
["Bsistemi_13_config_standardMID16256HDWindows 11 Pro",null,"Bsistemi","MID",16,256,"HD","Windows 11 Pro","13_config_standard","NO",0]
["Bsistemi_13_config_standardMID8512HDDistribuzione Linux",null,"Bsistemi","MID",8,512,"HD","Distribuzione Linux","13_config_standard","NO",0]
["Bsistemi_13_config_standardMID8512HDWindows 11 Pro Education",null,"Bsistemi","MID",8,512,"HD","Windows 11 Pro Education","13_config_standard","NO",0]
["Bsistemi_13_config_standardMID8512HDWindows 11 Pro",null,"Bsistemi","MID",8,512,"HD","Windows 11 Pro","13_config_standard","NO",0]
["Bsistemi_13_config_standardMID16512HDDistribuzione Linux",null,"Bsistemi","MID",16,512,"HD","Distribuzione Linux","13_config_standard","NO",0]
["Bsistemi_13_config_standardMID16512HDWindows 11 Pro Education",null,"Bsistemi","MID",16,512,"HD","Windows 11 Pro Education","13_config_standard","NO",0]
["Bsistemi_13_config_standardMID16512HDWindows 11 Pro",null,"Bsistemi","MID",16,512,"HD","Windows 11 Pro","13_config_standard","NO",0]
["Bsistemi_13_config_standardMID8256FHDDistribuzione Linux",null,"Bsistemi","MID",8,256,"FHD","Distribuzione Linux","13_config_standard","SI",1]
["Bsistemi_13_config_standardMID8256FHDWindows 11 Pro Education",null,"Bsistemi","MID",8,256,"FHD","Windows 11 Pro Education","13_config_standard","SI",1]
["Bsistemi_13_config_standardMID8256FHDWindows 11 Pro",null,"Bsistemi","MID",8,256,"FHD","Windows 11 Pro","13_config_standard","SI",1]
["Bsistemi_13_config_standardMID16256FHDDistribuzione Linux",null,"Bsistemi","MID",16,256,"FHD","Distribuzione Linux","13_config_standard","SI",1]
["Bsistemi_13_config_standardMID16256FHDWindows 11 Pro Education",null,"Bsistemi","MID",16,256,"FHD","Windows 11 Pro Education","13_config_standard","SI",1]
["Bsistemi_13_config_standardMID16256FHDWindows 11 Pro",null,"Bsistemi","MID",16,256,"FHD","Windows 11 Pro","13_config_standard","SI",1]
["Bsistemi_13_config_standardMID8512FHDDistribuzione Linux",null,"Bsistemi","MID",8,512,"FHD","Distribuzione Linux","13_config_standard","SI",1]
["Bsistemi_13_config_standardMID8512FHDWindows 11 Pro Education",null,"Bsistemi","MID",8,512,"FHD","Windows 11 Pro Education","13_config_standard","SI",1]
["Bsistemi_13_config_standardMID8512FHDWindows 11 Pro",null,"Bsistemi","MID",8,512,"FHD","Windows 11 Pro","13_config_standard","SI",1]
["Bsistemi_13_config_standardMID16512FHDDistribuzione Linux",null,"Bsistemi","MID",16,512,"FHD","Distribuzione Linux","13_config_standard","SI",1]
["Bsistemi_13_config_standardMID16512FHDWindows 11 Pro Education",null,"Bsistemi","MID",16,512,"FHD","Windows 11 Pro Education","13_config_standard","SI",1]
["Bsistemi_13_config_standardMID16512FHDWindows 11 Pro",null,"Bsistemi","MID",16,512,"FHD","Windows 11 Pro","13_config_standard","SI",1]
["Bsistemi_13_config_standardHIGH8256HDDistribuzione Linux",null,"Bsistemi","HIGH",8,256,"HD","Distribuzione Linux","13_config_standard","NO",0]
["Bsistemi_13_config_standardHIGH8256HDWindows 11 Pro Education",null,"Bsistemi","HIGH",8,256,"HD","Windows 11 Pro Education","13_config_standard","NO",0]
["Bsistemi_13_config_standardHIGH8256HDWindows 11 Pro",null,"Bsistemi","HIGH",8,256,"HD","Windows 11 Pro","13_config_standard","NO",0]
["Bsistemi_13_config_standardHIGH16256HDDistribuzione Linux",null,"Bsistemi","HIGH",16,256,"HD","Distribuzione Linux","13_config_standard","NO",0]
["Bsistemi_13_config_standardHIGH16256HDWindows 11 Pro Education",null,"Bsistemi","HIGH",16,256,"HD","Windows 11 Pro Education","13_config_standard","NO",0]
["Bsistemi_13_config_standardHIGH16256HDWindows 11 Pro",null,"Bsistemi","HIGH",16,256,"HD","Windows 11 Pro","13_config_standard","NO",0]
["Bsistemi_13_config_standardHIGH8512HDDistribuzione Linux",null,"Bsistemi","HIGH",8,512,"HD","Distribuzione Linux","13_config_standard","NO",0]
["Bsistemi_13_config_standardHIGH8512HDWindows 11 Pro Education",null,"Bsistemi","HIGH",8,512,"HD","Windows 11 Pro Education","13_config_standard","NO",0]
["Bsistemi_13_config_standardHIGH8512HDWindows 11 Pro",null,"Bsistemi","HIGH",8,512,"HD","Windows 11 Pro","13_config_standard","NO",0]
["Bsistemi_13_config_standardHIGH16512HDDistribuzione Linux",null,"Bsistemi","HIGH",16,512,"HD","Distribuzione Linux","13_config_standard","NO",0]
["Bsistemi_13_config_standardHIGH16512HDWindows 11 Pro Education",null,"Bsistemi","HIGH",16,512,"HD","Windows 11 Pro Education","13_config_standard","NO",0]
["Bsistemi_13_config_standardHIGH16512HDWindows 11 Pro",null,"Bsistemi","HIGH",16,512,"HD","Windows 11 Pro","13_config_standard","NO",0]
["Bsistemi_13_config_standardHIGH8256FHDDistribuzione Linux",null,"Bsistemi","HIGH",8,256,"FHD","Distribuzione Linux","13_config_standard","NO",0]
["Bsistemi_13_config_standardHIGH8256FHDWindows 11 Pro Education",null,"Bsistemi","HIGH",8,256,"FHD","Windows 11 Pro Education","13_config_standard","NO",0]
["Bsistemi_13_config_standardHIGH8256FHDWindows 11 Pro",null,"Bsistemi","HIGH",8,256,"FHD","Windows 11 Pro","13_config_standard","NO",0]
["Bsistemi_13_config_standardHIGH16256FHDDistribuzione Linux",null,"Bsistemi","HIGH",16,256,"FHD","Distribuzione Linux","13_config_standard","SI",1]
["Bsistemi_13_config_standardHIGH16256FHDWindows 11 Pro Education",null,"Bsistemi","HIGH",16,256,"FHD","Windows 11 Pro Education","13_config_standard","NO",0]
["Bsistemi_13_config_standardHIGH16256FHDWindows 11 Pro",null,"Bsistemi","HIGH",16,256,"FHD","Windows 11 Pro","13_config_standard","SI",{"$f":"+IF(J1221=\"NO\",0,1)","v":1}]
["Bsistemi_13_config_standardHIGH8512FHDDistribuzione Linux",null,"Bsistemi","HIGH",8,512,"FHD","Distribuzione Linux","13_config_standard","NO",0]
["Bsistemi_13_config_standardHIGH8512FHDWindows 11 Pro Education",null,"Bsistemi","HIGH",8,512,"FHD","Windows 11 Pro Education","13_config_standard","NO",0]
["Bsistemi_13_config_standardHIGH8512FHDWindows 11 Pro",null,"Bsistemi","HIGH",8,512,"FHD","Windows 11 Pro","13_config_standard","NO",0]
["Bsistemi_13_config_standardHIGH16512FHDDistribuzione Linux",null,"Bsistemi","HIGH",16,512,"FHD","Distribuzione Linux","13_config_standard","SI",1]
["Bsistemi_13_config_standardHIGH16512FHDWindows 11 Pro Education",null,"Bsistemi","HIGH",16,512,"FHD","Windows 11 Pro Education","13_config_standard","NO",0]
["Bsistemi_13_config_standardHIGH16512FHDWindows 11 Pro",null,"Bsistemi","HIGH",16,512,"FHD","Windows 11 Pro","13_config_standard","SI",1]
["Bsistemi_13_config_TCOLOW8256HDDistribuzione Linux",null,"Bsistemi","LOW",8,256,"HD","Distribuzione Linux","13_config_TCO","NO",0]
["Bsistemi_13_config_TCOLOW8256HDWindows 11 Pro Education",null,"Bsistemi","LOW",8,256,"HD","Windows 11 Pro Education","13_config_TCO","NO",0]
["Bsistemi_13_config_TCOLOW8256HDWindows 11 Pro",null,"Bsistemi","LOW",8,256,"HD","Windows 11 Pro","13_config_TCO","NO",0]
["Bsistemi_13_config_TCOLOW16256HDDistribuzione Linux",null,"Bsistemi","LOW",16,256,"HD","Distribuzione Linux","13_config_TCO","NO",0]
["Bsistemi_13_config_TCOLOW16256HDWindows 11 Pro Education",null,"Bsistemi","LOW",16,256,"HD","Windows 11 Pro Education","13_config_TCO","NO",0]
["Bsistemi_13_config_TCOLOW16256HDWindows 11 Pro",null,"Bsistemi","LOW",16,256,"HD","Windows 11 Pro","13_config_TCO","NO",0]
["Bsistemi_13_config_TCOLOW8512HDDistribuzione Linux",null,"Bsistemi","LOW",8,512,"HD","Distribuzione Linux","13_config_TCO","NO",0]
["Bsistemi_13_config_TCOLOW8512HDWindows 11 Pro Education",null,"Bsistemi","LOW",8,512,"HD","Windows 11 Pro Education","13_config_TCO","NO",0]
["Bsistemi_13_config_TCOLOW8512HDWindows 11 Pro",null,"Bsistemi","LOW",8,512,"HD","Windows 11 Pro","13_config_TCO","NO",0]
[{"$f":"C1237&\"_\"&I1237&D1237&E1237&F1237&G1237&H1237","v":"Bsistemi_13_config_TCOLOW16512HDDistribuzione Linux"},null,"Bsistemi","LOW",16,512,"HD","Distribuzione Linux","13_config_TCO","NO",0]
["Bsistemi_13_config_TCOLOW16512HDWindows 11 Pro Education",null,"Bsistemi","LOW",16,512,"HD","Windows 11 Pro Education","13_config_TCO","NO",0]
["Bsistemi_13_config_TCOLOW16512HDWindows 11 Pro",null,"Bsistemi","LOW",16,512,"HD","Windows 11 Pro","13_config_TCO","NO",0]
["Bsistemi_13_config_TCOLOW8256FHDDistribuzione Linux",null,"Bsistemi","LOW",8,256,"FHD","Distribuzione Linux","13_config_TCO","SI",1]
["Bsistemi_13_config_TCOLOW8256FHDWindows 11 Pro Education",null,"Bsistemi","LOW",8,256,"FHD","Windows 11 Pro Education","13_config_TCO","SI",1]
["Bsistemi_13_config_TCOLOW8256FHDWindows 11 Pro",null,"Bsistemi","LOW",8,256,"FHD","Windows 11 Pro","13_config_TCO","SI",1]
["Bsistemi_13_config_TCOLOW16256FHDDistribuzione Linux",null,"Bsistemi","LOW",16,256,"FHD","Distribuzione Linux","13_config_TCO","SI",1]
["Bsistemi_13_config_TCOLOW16256FHDWindows 11 Pro Education",null,"Bsistemi","LOW",16,256,"FHD","Windows 11 Pro Education","13_config_TCO","SI",1]
["Bsistemi_13_config_TCOLOW16256FHDWindows 11 Pro",null,"Bsistemi","LOW",16,256,"FHD","Windows 11 Pro","13_config_TCO","SI",1]
["Bsistemi_13_config_TCOLOW8512FHDDistribuzione Linux",null,"Bsistemi","LOW",8,512,"FHD","Distribuzione Linux","13_config_TCO","SI",1]
["Bsistemi_13_config_TCOLOW8512FHDWindows 11 Pro Education",null,"Bsistemi","LOW",8,512,"FHD","Windows 11 Pro Education","13_config_TCO","SI",1]
["Bsistemi_13_config_TCOLOW8512FHDWindows 11 Pro",null,"Bsistemi","LOW",8,512,"FHD","Windows 11 Pro","13_config_TCO","SI",1]
["Bsistemi_13_config_TCOLOW16512FHDDistribuzione Linux",null,"Bsistemi","LOW",16,512,"FHD","Distribuzione Linux","13_config_TCO","SI",1]
["Bsistemi_13_config_TCOLOW16512FHDWindows 11 Pro Education",null,"Bsistemi","LOW",16,512,"FHD","Windows 11 Pro Education","13_config_TCO","SI",1]
["Bsistemi_13_config_TCOLOW16512FHDWindows 11 Pro",null,"Bsistemi","LOW",16,512,"FHD","Windows 11 Pro","13_config_TCO","SI",1]
["Bsistemi_13_config_TCOMID8256HDDistribuzione Linux",null,"Bsistemi","MID",8,256,"HD","Distribuzione Linux","13_config_TCO","NO",0]
["Bsistemi_13_config_TCOMID8256HDWindows 11 Pro Education",null,"Bsistemi","MID",8,256,"HD","Windows 11 Pro Education","13_config_TCO","NO",0]
["Bsistemi_13_config_TCOMID8256HDWindows 11 Pro",null,"Bsistemi","MID",8,256,"HD","Windows 11 Pro","13_config_TCO","NO",0]
["Bsistemi_13_config_TCOMID16256HDDistribuzione Linux",null,"Bsistemi","MID",16,256,"HD","Distribuzione Linux","13_config_TCO","NO",0]
["Bsistemi_13_config_TCOMID16256HDWindows 11 Pro Education",null,"Bsistemi","MID",16,256,"HD","Windows 11 Pro Education","13_config_TCO","NO",0]
["Bsistemi_13_config_TCOMID16256HDWindows 11 Pro",null,"Bsistemi","MID",16,256,"HD","Windows 11 Pro","13_config_TCO","NO",0]
["Bsistemi_13_config_TCOMID8512HDDistribuzione Linux",null,"Bsistemi","MID",8,512,"HD","Distribuzione Linux","13_config_TCO","NO",0]
["Bsistemi_13_config_TCOMID8512HDWindows 11 Pro Education",null,"Bsistemi","MID",8,512,"HD","Windows 11 Pro Education","13_config_TCO","NO",0]
["Bsistemi_13_config_TCOMID8512HDWindows 11 Pro",null,"Bsistemi","MID",8,512,"HD","Windows 11 Pro","13_config_TCO","NO",0]
["Bsistemi_13_config_TCOMID16512HDDistribuzione Linux",null,"Bsistemi","MID",16,512,"HD","Distribuzione Linux","13_config_TCO","NO",0]
["Bsistemi_13_config_TCOMID16512HDWindows 11 Pro Education",null,"Bsistemi","MID",16,512,"HD","Windows 11 Pro Education","13_config_TCO","NO",0]
["Bsistemi_13_config_TCOMID16512HDWindows 11 Pro",null,"Bsistemi","MID",16,512,"HD","Windows 11 Pro","13_config_TCO","NO",0]
["Bsistemi_13_config_TCOMID8256FHDDistribuzione Linux",null,"Bsistemi","MID",8,256,"FHD","Distribuzione Linux","13_config_TCO","SI",1]
["Bsistemi_13_config_TCOMID8256FHDWindows 11 Pro Education",null,"Bsistemi","MID",8,256,"FHD","Windows 11 Pro Education","13_config_TCO","SI",1]
["Bsistemi_13_config_TCOMID8256FHDWindows 11 Pro",null,"Bsistemi","MID",8,256,"FHD","Windows 11 Pro","13_config_TCO","SI",1]
["Bsistemi_13_config_TCOMID16256FHDDistribuzione Linux",null,"Bsistemi","MID",16,256,"FHD","Distribuzione Linux","13_config_TCO","SI",1]
["Bsistemi_13_config_TCOMID16256FHDWindows 11 Pro Education",null,"Bsistemi","MID",16,256,"FHD","Windows 11 Pro Education","13_config_TCO","SI",1]
["Bsistemi_13_config_TCOMID16256FHDWindows 11 Pro",null,"Bsistemi","MID",16,256,"FHD","Windows 11 Pro","13_config_TCO","SI",1]
["Bsistemi_13_config_TCOMID8512FHDDistribuzione Linux",null,"Bsistemi","MID",8,512,"FHD","Distribuzione Linux","13_config_TCO","SI",1]
["Bsistemi_13_config_TCOMID8512FHDWindows 11 Pro Education",null,"Bsistemi","MID",8,512,"FHD","Windows 11 Pro Education","13_config_TCO","SI",1]
["Bsistemi_13_config_TCOMID8512FHDWindows 11 Pro",null,"Bsistemi","MID",8,512,"FHD","Windows 11 Pro","13_config_TCO","SI",1]
["Bsistemi_13_config_TCOMID16512FHDDistribuzione Linux",null,"Bsistemi","MID",16,512,"FHD","Distribuzione Linux","13_config_TCO","SI",1]
["Bsistemi_13_config_TCOMID16512FHDWindows 11 Pro Education",null,"Bsistemi","MID",16,512,"FHD","Windows 11 Pro Education","13_config_TCO","SI",1]
["Bsistemi_13_config_TCOMID16512FHDWindows 11 Pro",null,"Bsistemi","MID",16,512,"FHD","Windows 11 Pro","13_config_TCO","SI",1]
["Bsistemi_13_config_TCOHIGH8256HDDistribuzione Linux",null,"Bsistemi","HIGH",8,256,"HD","Distribuzione Linux","13_config_TCO","NO",0]
["Bsistemi_13_config_TCOHIGH8256HDWindows 11 Pro Education",null,"Bsistemi","HIGH",8,256,"HD","Windows 11 Pro Education","13_config_TCO","NO",0]
["Bsistemi_13_config_TCOHIGH8256HDWindows 11 Pro",null,"Bsistemi","HIGH",8,256,"HD","Windows 11 Pro","13_config_TCO","NO",0]
["Bsistemi_13_config_TCOHIGH16256HDDistribuzione Linux",null,"Bsistemi","HIGH",16,256,"HD","Distribuzione Linux","13_config_TCO","NO",0]
["Bsistemi_13_config_TCOHIGH16256HDWindows 11 Pro Education",null,"Bsistemi","HIGH",16,256,"HD","Windows 11 Pro Education","13_config_TCO","NO",0]
["Bsistemi_13_config_TCOHIGH16256HDWindows 11 Pro",null,"Bsistemi","HIGH",16,256,"HD","Windows 11 Pro","13_config_TCO","NO",0]
["Bsistemi_13_config_TCOHIGH8512HDDistribuzione Linux",null,"Bsistemi","HIGH",8,512,"HD","Distribuzione Linux","13_config_TCO","NO",0]
["Bsistemi_13_config_TCOHIGH8512HDWindows 11 Pro Education",null,"Bsistemi","HIGH",8,512,"HD","Windows 11 Pro Education","13_config_TCO","NO",0]
["Bsistemi_13_config_TCOHIGH8512HDWindows 11 Pro",null,"Bsistemi","HIGH",8,512,"HD","Windows 11 Pro","13_config_TCO","NO",0]
["Bsistemi_13_config_TCOHIGH16512HDDistribuzione Linux",null,"Bsistemi","HIGH",16,512,"HD","Distribuzione Linux","13_config_TCO","NO",{"$f":"+IF(J1285=\"NO\",0,1)","v":0}]
["Bsistemi_13_config_TCOHIGH16512HDWindows 11 Pro Education",null,"Bsistemi","HIGH",16,512,"HD","Windows 11 Pro Education","13_config_TCO","NO",0]
["Bsistemi_13_config_TCOHIGH16512HDWindows 11 Pro",null,"Bsistemi","HIGH",16,512,"HD","Windows 11 Pro","13_config_TCO","NO",0]
["Bsistemi_13_config_TCOHIGH8256FHDDistribuzione Linux",null,"Bsistemi","HIGH",8,256,"FHD","Distribuzione Linux","13_config_TCO","NO",0]
["Bsistemi_13_config_TCOHIGH8256FHDWindows 11 Pro Education",null,"Bsistemi","HIGH",8,256,"FHD","Windows 11 Pro Education","13_config_TCO","NO",0]
["Bsistemi_13_config_TCOHIGH8256FHDWindows 11 Pro",null,"Bsistemi","HIGH",8,256,"FHD","Windows 11 Pro","13_config_TCO","NO",0]
["Bsistemi_13_config_TCOHIGH16256FHDDistribuzione Linux",null,"Bsistemi","HIGH",16,256,"FHD","Distribuzione Linux","13_config_TCO","SI",1]
["Bsistemi_13_config_TCOHIGH16256FHDWindows 11 Pro Education",null,"Bsistemi","HIGH",16,256,"FHD","Windows 11 Pro Education","13_config_TCO","NO",0]
["Bsistemi_13_config_TCOHIGH16256FHDWindows 11 Pro",null,"Bsistemi","HIGH",16,256,"FHD","Windows 11 Pro","13_config_TCO","SI",1]
["Bsistemi_13_config_TCOHIGH8512FHDDistribuzione Linux",null,"Bsistemi","HIGH",8,512,"FHD","Distribuzione Linux","13_config_TCO","NO",0]
["Bsistemi_13_config_TCOHIGH8512FHDWindows 11 Pro Education",null,"Bsistemi","HIGH",8,512,"FHD","Windows 11 Pro Education","13_config_TCO","NO",0]
["Bsistemi_13_config_TCOHIGH8512FHDWindows 11 Pro",null,"Bsistemi","HIGH",8,512,"FHD","Windows 11 Pro","13_config_TCO","NO",0]
["Bsistemi_13_config_TCOHIGH16512FHDDistribuzione Linux",null,"Bsistemi","HIGH",16,512,"FHD","Distribuzione Linux","13_config_TCO","SI",1]
["Bsistemi_13_config_TCOHIGH16512FHDWindows 11 Pro Education",null,"Bsistemi","HIGH",16,512,"FHD","Windows 11 Pro Education","13_config_TCO","NO",0]
["Bsistemi_13_config_TCOHIGH16512FHDWindows 11 Pro",null,"Bsistemi","HIGH",16,512,"FHD","Windows 11 Pro","13_config_TCO","SI",1]
[{"$f":"C1300&\"_\"&I1300&D1300&E1300&F1300&G1300&H1300","v":"Finbuc_15_config_standardLOW8256HDDistribuzione Linux"},null,"Finbuc","LOW",8,256,"HD","Distribuzione Linux","15_config_standard","SI",{"$f":"+IF(J1300=\"NO\",0,1)","v":1}]
["Finbuc_15_config_standardLOW8256HDWindows 11 Pro Education",null,"Finbuc","LOW",8,256,"HD","Windows 11 Pro Education","15_config_standard","SI",{"$f":"+IF(J1301=\"NO\",0,1)","v":1}]
["Finbuc_15_config_standardLOW8256HDWindows 11 Pro",null,"Finbuc","LOW",8,256,"HD","Windows 11 Pro","15_config_standard","SI",1]
["Finbuc_15_config_standardLOW16256HDDistribuzione Linux",null,"Finbuc","LOW",16,256,"HD","Distribuzione Linux","15_config_standard","SI",1]
["Finbuc_15_config_standardLOW16256HDWindows 11 Pro Education",null,"Finbuc","LOW",16,256,"HD","Windows 11 Pro Education","15_config_standard","SI",1]
["Finbuc_15_config_standardLOW16256HDWindows 11 Pro",null,"Finbuc","LOW",16,256,"HD","Windows 11 Pro","15_config_standard","SI",1]
["Finbuc_15_config_standardLOW8512HDDistribuzione Linux",null,"Finbuc","LOW",8,512,"HD","Distribuzione Linux","15_config_standard","SI",1]
["Finbuc_15_config_standardLOW8512HDWindows 11 Pro Education",null,"Finbuc","LOW",8,512,"HD","Windows 11 Pro Education","15_config_standard","SI",1]
["Finbuc_15_config_standardLOW8512HDWindows 11 Pro",null,"Finbuc","LOW",8,512,"HD","Windows 11 Pro","15_config_standard","SI",1]
["Finbuc_15_config_standardLOW16512HDDistribuzione Linux",null,"Finbuc","LOW",16,512,"HD","Distribuzione Linux","15_config_standard","SI",1]
["Finbuc_15_config_standardLOW16512HDWindows 11 Pro Education",null,"Finbuc","LOW",16,512,"HD","Windows 11 Pro Education","15_config_standard","SI",1]
["Finbuc_15_config_standardLOW16512HDWindows 11 Pro",null,"Finbuc","LOW",16,512,"HD","Windows 11 Pro","15_config_standard","SI",1]
["Finbuc_15_config_standardLOW8256FHDDistribuzione Linux",null,"Finbuc","LOW",8,256,"FHD","Distribuzione Linux","15_config_standard","SI",1]
["Finbuc_15_config_standardLOW8256FHDWindows 11 Pro Education",null,"Finbuc","LOW",8,256,"FHD","Windows 11 Pro Education","15_config_standard","SI",1]
["Finbuc_15_config_standardLOW8256FHDWindows 11 Pro",null,"Finbuc","LOW",8,256,"FHD","Windows 11 Pro","15_config_standard","SI",1]
["Finbuc_15_config_standardLOW16256FHDDistribuzione Linux",null,"Finbuc","LOW",16,256,"FHD","Distribuzione Linux","15_config_standard","SI",1]
["Finbuc_15_config_standardLOW16256FHDWindows 11 Pro Education",null,"Finbuc","LOW",16,256,"FHD","Windows 11 Pro Education","15_config_standard","SI",1]
[{"$f":"C1317&\"_\"&I1317&D1317&E1317&F1317&G1317&H1317","v":"Finbuc_15_config_standardLOW16256FHDWindows 11 Pro"},null,"Finbuc","LOW",16,256,"FHD","Windows 11 Pro","15_config_standard","SI",1]
["Finbuc_15_config_standardLOW8512FHDDistribuzione Linux",null,"Finbuc","LOW",8,512,"FHD","Distribuzione Linux","15_config_standard","SI",1]
["Finbuc_15_config_standardLOW8512FHDWindows 11 Pro Education",null,"Finbuc","LOW",8,512,"FHD","Windows 11 Pro Education","15_config_standard","SI",1]
["Finbuc_15_config_standardLOW8512FHDWindows 11 Pro",null,"Finbuc","LOW",8,512,"FHD","Windows 11 Pro","15_config_standard","SI",1]
["Finbuc_15_config_standardLOW16512FHDDistribuzione Linux",null,"Finbuc","LOW",16,512,"FHD","Distribuzione Linux","15_config_standard","SI",1]
["Finbuc_15_config_standardLOW16512FHDWindows 11 Pro Education",null,"Finbuc","LOW",16,512,"FHD","Windows 11 Pro Education","15_config_standard","SI",1]
["Finbuc_15_config_standardLOW16512FHDWindows 11 Pro",null,"Finbuc","LOW",16,512,"FHD","Windows 11 Pro","15_config_standard","SI",1]
["Finbuc_15_config_standardMID8256HDDistribuzione Linux",null,"Finbuc","MID",8,256,"HD","Distribuzione Linux","15_config_standard","SI",1]
["Finbuc_15_config_standardMID8256HDWindows 11 Pro Education",null,"Finbuc","MID",8,256,"HD","Windows 11 Pro Education","15_config_standard","SI",1]
["Finbuc_15_config_standardMID8256HDWindows 11 Pro",null,"Finbuc","MID",8,256,"HD","Windows 11 Pro","15_config_standard","SI",1]
["Finbuc_15_config_standardMID16256HDDistribuzione Linux",null,"Finbuc","MID",16,256,"HD","Distribuzione Linux","15_config_standard","SI",1]
["Finbuc_15_config_standardMID16256HDWindows 11 Pro Education",null,"Finbuc","MID",16,256,"HD","Windows 11 Pro Education","15_config_standard","SI",1]
["Finbuc_15_config_standardMID16256HDWindows 11 Pro",null,"Finbuc","MID",16,256,"HD","Windows 11 Pro","15_config_standard","SI",1]
["Finbuc_15_config_standardMID8512HDDistribuzione Linux",null,"Finbuc","MID",8,512,"HD","Distribuzione Linux","15_config_standard","SI",1]
["Finbuc_15_config_standardMID8512HDWindows 11 Pro Education",null,"Finbuc","MID",8,512,"HD","Windows 11 Pro Education","15_config_standard","SI",1]
["Finbuc_15_config_standardMID8512HDWindows 11 Pro",null,"Finbuc","MID",8,512,"HD","Windows 11 Pro","15_config_standard","SI",1]
["Finbuc_15_config_standardMID16512HDDistribuzione Linux",null,"Finbuc","MID",16,512,"HD","Distribuzione Linux","15_config_standard","SI",1]
["Finbuc_15_config_standardMID16512HDWindows 11 Pro Education",null,"Finbuc","MID",16,512,"HD","Windows 11 Pro Education","15_config_standard","SI",1]
["Finbuc_15_config_standardMID16512HDWindows 11 Pro",null,"Finbuc","MID",16,512,"HD","Windows 11 Pro","15_config_standard","SI",1]
["Finbuc_15_config_standardMID8256FHDDistribuzione Linux",null,"Finbuc","MID",8,256,"FHD","Distribuzione Linux","15_config_standard","SI",1]
["Finbuc_15_config_standardMID8256FHDWindows 11 Pro Education",null,"Finbuc","MID",8,256,"FHD","Windows 11 Pro Education","15_config_standard","SI",1]
["Finbuc_15_config_standardMID8256FHDWindows 11 Pro",null,"Finbuc","MID",8,256,"FHD","Windows 11 Pro","15_config_standard","SI",1]
["Finbuc_15_config_standardMID16256FHDDistribuzione Linux",null,"Finbuc","MID",16,256,"FHD","Distribuzione Linux","15_config_standard","SI",1]
["Finbuc_15_config_standardMID16256FHDWindows 11 Pro Education",null,"Finbuc","MID",16,256,"FHD","Windows 11 Pro Education","15_config_standard","SI",1]
["Finbuc_15_config_standardMID16256FHDWindows 11 Pro",null,"Finbuc","MID",16,256,"FHD","Windows 11 Pro","15_config_standard","SI",1]
["Finbuc_15_config_standardMID8512FHDDistribuzione Linux",null,"Finbuc","MID",8,512,"FHD","Distribuzione Linux","15_config_standard","SI",1]
["Finbuc_15_config_standardMID8512FHDWindows 11 Pro Education",null,"Finbuc","MID",8,512,"FHD","Windows 11 Pro Education","15_config_standard","SI",1]
["Finbuc_15_config_standardMID8512FHDWindows 11 Pro",null,"Finbuc","MID",8,512,"FHD","Windows 11 Pro","15_config_standard","SI",1]
["Finbuc_15_config_standardMID16512FHDDistribuzione Linux",null,"Finbuc","MID",16,512,"FHD","Distribuzione Linux","15_config_standard","SI",1]
["Finbuc_15_config_standardMID16512FHDWindows 11 Pro Education",null,"Finbuc","MID",16,512,"FHD","Windows 11 Pro Education","15_config_standard","SI",1]
["Finbuc_15_config_standardMID16512FHDWindows 11 Pro",null,"Finbuc","MID",16,512,"FHD","Windows 11 Pro","15_config_standard","SI",1]
["Finbuc_15_config_standardHIGH8256HDDistribuzione Linux",null,"Finbuc","HIGH",8,256,"HD","Distribuzione Linux","15_config_standard","SI",1]
["Finbuc_15_config_standardHIGH8256HDWindows 11 Pro Education",null,"Finbuc","HIGH",8,256,"HD","Windows 11 Pro Education","15_config_standard","NO",0]
["Finbuc_15_config_standardHIGH8256HDWindows 11 Pro",null,"Finbuc","HIGH",8,256,"HD","Windows 11 Pro","15_config_standard","SI",1]
["Finbuc_15_config_standardHIGH16256HDDistribuzione Linux",null,"Finbuc","HIGH",16,256,"HD","Distribuzione Linux","15_config_standard","SI",1]
["Finbuc_15_config_standardHIGH16256HDWindows 11 Pro Education",null,"Finbuc","HIGH",16,256,"HD","Windows 11 Pro Education","15_config_standard","NO",0]
["Finbuc_15_config_standardHIGH16256HDWindows 11 Pro",null,"Finbuc","HIGH",16,256,"HD","Windows 11 Pro","15_config_standard","SI",1]
["Finbuc_15_config_standardHIGH8512HDDistribuzione Linux",null,"Finbuc","HIGH",8,512,"HD","Distribuzione Linux","15_config_standard","SI",1]
["Finbuc_15_config_standardHIGH8512HDWindows 11 Pro Education",null,"Finbuc","HIGH",8,512,"HD","Windows 11 Pro Education","15_config_standard","NO",0]
["Finbuc_15_config_standardHIGH8512HDWindows 11 Pro",null,"Finbuc","HIGH",8,512,"HD","Windows 11 Pro","15_config_standard","SI",1]
["Finbuc_15_config_standardHIGH16512HDDistribuzione Linux",null,"Finbuc","HIGH",16,512,"HD","Distribuzione Linux","15_config_standard","SI",1]
["Finbuc_15_config_standardHIGH16512HDWindows 11 Pro Education",null,"Finbuc","HIGH",16,512,"HD","Windows 11 Pro Education","15_config_standard","NO",0]
["Finbuc_15_config_standardHIGH16512HDWindows 11 Pro",null,"Finbuc","HIGH",16,512,"HD","Windows 11 Pro","15_config_standard","SI",1]
["Finbuc_15_config_standardHIGH8256FHDDistribuzione Linux",null,"Finbuc","HIGH",8,256,"FHD","Distribuzione Linux","15_config_standard","SI",1]
["Finbuc_15_config_standardHIGH8256FHDWindows 11 Pro Education",null,"Finbuc","HIGH",8,256,"FHD","Windows 11 Pro Education","15_config_standard","NO",0]
["Finbuc_15_config_standardHIGH8256FHDWindows 11 Pro",null,"Finbuc","HIGH",8,256,"FHD","Windows 11 Pro","15_config_standard","SI",1]
["Finbuc_15_config_standardHIGH16256FHDDistribuzione Linux",null,"Finbuc","HIGH",16,256,"FHD","Distribuzione Linux","15_config_standard","SI",1]
["Finbuc_15_config_standardHIGH16256FHDWindows 11 Pro Education",null,"Finbuc","HIGH",16,256,"FHD","Windows 11 Pro Education","15_config_standard","NO",0]
["Finbuc_15_config_standardHIGH16256FHDWindows 11 Pro",null,"Finbuc","HIGH",16,256,"FHD","Windows 11 Pro","15_config_standard","SI",{"$f":"+IF(J1365=\"NO\",0,1)","v":1}]
["Finbuc_15_config_standardHIGH8512FHDDistribuzione Linux",null,"Finbuc","HIGH",8,512,"FHD","Distribuzione Linux","15_config_standard","SI",1]
["Finbuc_15_config_standardHIGH8512FHDWindows 11 Pro Education",null,"Finbuc","HIGH",8,512,"FHD","Windows 11 Pro Education","15_config_standard","NO",0]
["Finbuc_15_config_standardHIGH8512FHDWindows 11 Pro",null,"Finbuc","HIGH",8,512,"FHD","Windows 11 Pro","15_config_standard","SI",1]
["Finbuc_15_config_standardHIGH16512FHDDistribuzione Linux",null,"Finbuc","HIGH",16,512,"FHD","Distribuzione Linux","15_config_standard","SI",1]
["Finbuc_15_config_standardHIGH16512FHDWindows 11 Pro Education",null,"Finbuc","HIGH",16,512,"FHD","Windows 11 Pro Education","15_config_standard","NO",0]
["Finbuc_15_config_standardHIGH16512FHDWindows 11 Pro",null,"Finbuc","HIGH",16,512,"FHD","Windows 11 Pro","15_config_standard","SI",1]
["Finbuc_14_config_standardLOW8256HDDistribuzione Linux",null,"Finbuc","LOW",8,256,"HD","Distribuzione Linux","14_config_standard","SI",1]
["Finbuc_14_config_standardLOW8256HDWindows 11 Pro Education",null,"Finbuc","LOW",8,256,"HD","Windows 11 Pro Education","14_config_standard","SI",1]
["Finbuc_14_config_standardLOW8256HDWindows 11 Pro",null,"Finbuc","LOW",8,256,"HD","Windows 11 Pro","14_config_standard","SI",1]
["Finbuc_14_config_standardLOW16256HDDistribuzione Linux",null,"Finbuc","LOW",16,256,"HD","Distribuzione Linux","14_config_standard","SI",1]
["Finbuc_14_config_standardLOW16256HDWindows 11 Pro Education",null,"Finbuc","LOW",16,256,"HD","Windows 11 Pro Education","14_config_standard","SI",1]
["Finbuc_14_config_standardLOW16256HDWindows 11 Pro",null,"Finbuc","LOW",16,256,"HD","Windows 11 Pro","14_config_standard","SI",1]
["Finbuc_14_config_standardLOW8512HDDistribuzione Linux",null,"Finbuc","LOW",8,512,"HD","Distribuzione Linux","14_config_standard","SI",1]
["Finbuc_14_config_standardLOW8512HDWindows 11 Pro Education",null,"Finbuc","LOW",8,512,"HD","Windows 11 Pro Education","14_config_standard","SI",1]
["Finbuc_14_config_standardLOW8512HDWindows 11 Pro",null,"Finbuc","LOW",8,512,"HD","Windows 11 Pro","14_config_standard","SI",1]
[{"$f":"C1381&\"_\"&I1381&D1381&E1381&F1381&G1381&H1381","v":"Finbuc_14_config_standardLOW16512HDDistribuzione Linux"},null,"Finbuc","LOW",16,512,"HD","Distribuzione Linux","14_config_standard","SI",1]
["Finbuc_14_config_standardLOW16512HDWindows 11 Pro Education",null,"Finbuc","LOW",16,512,"HD","Windows 11 Pro Education","14_config_standard","SI",1]
["Finbuc_14_config_standardLOW16512HDWindows 11 Pro",null,"Finbuc","LOW",16,512,"HD","Windows 11 Pro","14_config_standard","SI",1]
["Finbuc_14_config_standardLOW8256FHDDistribuzione Linux",null,"Finbuc","LOW",8,256,"FHD","Distribuzione Linux","14_config_standard","SI",1]
["Finbuc_14_config_standardLOW8256FHDWindows 11 Pro Education",null,"Finbuc","LOW",8,256,"FHD","Windows 11 Pro Education","14_config_standard","SI",1]
["Finbuc_14_config_standardLOW8256FHDWindows 11 Pro",null,"Finbuc","LOW",8,256,"FHD","Windows 11 Pro","14_config_standard","SI",1]
["Finbuc_14_config_standardLOW16256FHDDistribuzione Linux",null,"Finbuc","LOW",16,256,"FHD","Distribuzione Linux","14_config_standard","SI",1]
["Finbuc_14_config_standardLOW16256FHDWindows 11 Pro Education",null,"Finbuc","LOW",16,256,"FHD","Windows 11 Pro Education","14_config_standard","SI",1]
["Finbuc_14_config_standardLOW16256FHDWindows 11 Pro",null,"Finbuc","LOW",16,256,"FHD","Windows 11 Pro","14_config_standard","SI",1]
["Finbuc_14_config_standardLOW8512FHDDistribuzione Linux",null,"Finbuc","LOW",8,512,"FHD","Distribuzione Linux","14_config_standard","SI",1]
["Finbuc_14_config_standardLOW8512FHDWindows 11 Pro Education",null,"Finbuc","LOW",8,512,"FHD","Windows 11 Pro Education","14_config_standard","SI",1]
["Finbuc_14_config_standardLOW8512FHDWindows 11 Pro",null,"Finbuc","LOW",8,512,"FHD","Windows 11 Pro","14_config_standard","SI",1]
["Finbuc_14_config_standardLOW16512FHDDistribuzione Linux",null,"Finbuc","LOW",16,512,"FHD","Distribuzione Linux","14_config_standard","SI",1]
["Finbuc_14_config_standardLOW16512FHDWindows 11 Pro Education",null,"Finbuc","LOW",16,512,"FHD","Windows 11 Pro Education","14_config_standard","SI",1]
["Finbuc_14_config_standardLOW16512FHDWindows 11 Pro",null,"Finbuc","LOW",16,512,"FHD","Windows 11 Pro","14_config_standard","SI",1]
["Finbuc_14_config_standardMID8256HDDistribuzione Linux",null,"Finbuc","MID",8,256,"HD","Distribuzione Linux","14_config_standard","SI",1]
["Finbuc_14_config_standardMID8256HDWindows 11 Pro Education",null,"Finbuc","MID",8,256,"HD","Windows 11 Pro Education","14_config_standard","SI",1]
["Finbuc_14_config_standardMID8256HDWindows 11 Pro",null,"Finbuc","MID",8,256,"HD","Windows 11 Pro","14_config_standard","SI",1]
["Finbuc_14_config_standardMID16256HDDistribuzione Linux",null,"Finbuc","MID",16,256,"HD","Distribuzione Linux","14_config_standard","SI",1]
["Finbuc_14_config_standardMID16256HDWindows 11 Pro Education",null,"Finbuc","MID",16,256,"HD","Windows 11 Pro Education","14_config_standard","SI",1]
["Finbuc_14_config_standardMID16256HDWindows 11 Pro",null,"Finbuc","MID",16,256,"HD","Windows 11 Pro","14_config_standard","SI",1]
["Finbuc_14_config_standardMID8512HDDistribuzione Linux",null,"Finbuc","MID",8,512,"HD","Distribuzione Linux","14_config_standard","SI",1]
["Finbuc_14_config_standardMID8512HDWindows 11 Pro Education",null,"Finbuc","MID",8,512,"HD","Windows 11 Pro Education","14_config_standard","SI",1]
["Finbuc_14_config_standardMID8512HDWindows 11 Pro",null,"Finbuc","MID",8,512,"HD","Windows 11 Pro","14_config_standard","SI",1]
["Finbuc_14_config_standardMID16512HDDistribuzione Linux",null,"Finbuc","MID",16,512,"HD","Distribuzione Linux","14_config_standard","SI",1]
["Finbuc_14_config_standardMID16512HDWindows 11 Pro Education",null,"Finbuc","MID",16,512,"HD","Windows 11 Pro Education","14_config_standard","SI",1]
["Finbuc_14_config_standardMID16512HDWindows 11 Pro",null,"Finbuc","MID",16,512,"HD","Windows 11 Pro","14_config_standard","SI",1]
["Finbuc_14_config_standardMID8256FHDDistribuzione Linux",null,"Finbuc","MID",8,256,"FHD","Distribuzione Linux","14_config_standard","SI",1]
["Finbuc_14_config_standardMID8256FHDWindows 11 Pro Education",null,"Finbuc","MID",8,256,"FHD","Windows 11 Pro Education","14_config_standard","SI",1]
["Finbuc_14_config_standardMID8256FHDWindows 11 Pro",null,"Finbuc","MID",8,256,"FHD","Windows 11 Pro","14_config_standard","SI",1]
["Finbuc_14_config_standardMID16256FHDDistribuzione Linux",null,"Finbuc","MID",16,256,"FHD","Distribuzione Linux","14_config_standard","SI",1]
["Finbuc_14_config_standardMID16256FHDWindows 11 Pro Education",null,"Finbuc","MID",16,256,"FHD","Windows 11 Pro Education","14_config_standard","SI",1]
["Finbuc_14_config_standardMID16256FHDWindows 11 Pro",null,"Finbuc","MID",16,256,"FHD","Windows 11 Pro","14_config_standard","SI",1]
["Finbuc_14_config_standardMID8512FHDDistribuzione Linux",null,"Finbuc","MID",8,512,"FHD","Distribuzione Linux","14_config_standard","SI",1]
["Finbuc_14_config_standardMID8512FHDWindows 11 Pro Education",null,"Finbuc","MID",8,512,"FHD","Windows 11 Pro Education","14_config_standard","SI",1]
["Finbuc_14_config_standardMID8512FHDWindows 11 Pro",null,"Finbuc","MID",8,512,"FHD","Windows 11 Pro","14_config_standard","SI",1]
["Finbuc_14_config_standardMID16512FHDDistribuzione Linux",null,"Finbuc","MID",16,512,"FHD","Distribuzione Linux","14_config_standard","SI",1]
["Finbuc_14_config_standardMID16512FHDWindows 11 Pro Education",null,"Finbuc","MID",16,512,"FHD","Windows 11 Pro Education","14_config_standard","SI",1]
["Finbuc_14_config_standardMID16512FHDWindows 11 Pro",null,"Finbuc","MID",16,512,"FHD","Windows 11 Pro","14_config_standard","SI",1]
["Finbuc_14_config_standardHIGH8256HDDistribuzione Linux",null,"Finbuc","HIGH",8,256,"HD","Distribuzione Linux","14_config_standard","SI",1]
["Finbuc_14_config_standardHIGH8256HDWindows 11 Pro Education",null,"Finbuc","HIGH",8,256,"HD","Windows 11 Pro Education","14_config_standard","NO",0]
["Finbuc_14_config_standardHIGH8256HDWindows 11 Pro",null,"Finbuc","HIGH",8,256,"HD","Windows 11 Pro","14_config_standard","SI",1]
["Finbuc_14_config_standardHIGH16256HDDistribuzione Linux",null,"Finbuc","HIGH",16,256,"HD","Distribuzione Linux","14_config_standard","SI",1]
["Finbuc_14_config_standardHIGH16256HDWindows 11 Pro Education",null,"Finbuc","HIGH",16,256,"HD","Windows 11 Pro Education","14_config_standard","NO",0]
["Finbuc_14_config_standardHIGH16256HDWindows 11 Pro",null,"Finbuc","HIGH",16,256,"HD","Windows 11 Pro","14_config_standard","SI",1]
["Finbuc_14_config_standardHIGH8512HDDistribuzione Linux",null,"Finbuc","HIGH",8,512,"HD","Distribuzione Linux","14_config_standard","SI",1]
["Finbuc_14_config_standardHIGH8512HDWindows 11 Pro Education",null,"Finbuc","HIGH",8,512,"HD","Windows 11 Pro Education","14_config_standard","NO",0]
["Finbuc_14_config_standardHIGH8512HDWindows 11 Pro",null,"Finbuc","HIGH",8,512,"HD","Windows 11 Pro","14_config_standard","SI",1]
["Finbuc_14_config_standardHIGH16512HDDistribuzione Linux",null,"Finbuc","HIGH",16,512,"HD","Distribuzione Linux","14_config_standard","SI",{"$f":"+IF(J1429=\"NO\",0,1)","v":1}]
["Finbuc_14_config_standardHIGH16512HDWindows 11 Pro Education",null,"Finbuc","HIGH",16,512,"HD","Windows 11 Pro Education","14_config_standard","NO",0]
["Finbuc_14_config_standardHIGH16512HDWindows 11 Pro",null,"Finbuc","HIGH",16,512,"HD","Windows 11 Pro","14_config_standard","SI",1]
["Finbuc_14_config_standardHIGH8256FHDDistribuzione Linux",null,"Finbuc","HIGH",8,256,"FHD","Distribuzione Linux","14_config_standard","SI",1]
["Finbuc_14_config_standardHIGH8256FHDWindows 11 Pro Education",null,"Finbuc","HIGH",8,256,"FHD","Windows 11 Pro Education","14_config_standard","NO",0]
["Finbuc_14_config_standardHIGH8256FHDWindows 11 Pro",null,"Finbuc","HIGH",8,256,"FHD","Windows 11 Pro","14_config_standard","SI",1]
["Finbuc_14_config_standardHIGH16256FHDDistribuzione Linux",null,"Finbuc","HIGH",16,256,"FHD","Distribuzione Linux","14_config_standard","SI",1]
["Finbuc_14_config_standardHIGH16256FHDWindows 11 Pro Education",null,"Finbuc","HIGH",16,256,"FHD","Windows 11 Pro Education","14_config_standard","NO",0]
["Finbuc_14_config_standardHIGH16256FHDWindows 11 Pro",null,"Finbuc","HIGH",16,256,"FHD","Windows 11 Pro","14_config_standard","SI",1]
["Finbuc_14_config_standardHIGH8512FHDDistribuzione Linux",null,"Finbuc","HIGH",8,512,"FHD","Distribuzione Linux","14_config_standard","SI",1]
["Finbuc_14_config_standardHIGH8512FHDWindows 11 Pro Education",null,"Finbuc","HIGH",8,512,"FHD","Windows 11 Pro Education","14_config_standard","NO",0]
["Finbuc_14_config_standardHIGH8512FHDWindows 11 Pro",null,"Finbuc","HIGH",8,512,"FHD","Windows 11 Pro","14_config_standard","SI",1]
["Finbuc_14_config_standardHIGH16512FHDDistribuzione Linux",null,"Finbuc","HIGH",16,512,"FHD","Distribuzione Linux","14_config_standard","SI",1]
["Finbuc_14_config_standardHIGH16512FHDWindows 11 Pro Education",null,"Finbuc","HIGH",16,512,"FHD","Windows 11 Pro Education","14_config_standard","NO",0]
["Finbuc_14_config_standardHIGH16512FHDWindows 11 Pro",null,"Finbuc","HIGH",16,512,"FHD","Windows 11 Pro","14_config_standard","SI",1]
["VAR_Group_13_config_TCOLOW8256HDDistribuzione Linux",null,"VAR_Group","LOW",8,256,"HD","Distribuzione Linux","13_config_TCO","NO",0]
[{"$f":"C1445&\"_\"&I1445&D1445&E1445&F1445&G1445&H1445","v":"VAR_Group_13_config_TCOLOW8256HDWindows 11 Pro Education"},null,"VAR_Group","LOW",8,256,"HD","Windows 11 Pro Education","13_config_TCO","NO",0]
["VAR_Group_13_config_TCOLOW8256HDWindows 11 Pro",null,"VAR_Group","LOW",8,256,"HD","Windows 11 Pro","13_config_TCO","NO",0]
["VAR_Group_13_config_TCOLOW16256HDDistribuzione Linux",null,"VAR_Group","LOW",16,256,"HD","Distribuzione Linux","13_config_TCO","NO",0]
["VAR_Group_13_config_TCOLOW16256HDWindows 11 Pro Education",null,"VAR_Group","LOW",16,256,"HD","Windows 11 Pro Education","13_config_TCO","NO",0]
["VAR_Group_13_config_TCOLOW16256HDWindows 11 Pro",null,"VAR_Group","LOW",16,256,"HD","Windows 11 Pro","13_config_TCO","NO",0]
["VAR_Group_13_config_TCOLOW8512HDDistribuzione Linux",null,"VAR_Group","LOW",8,512,"HD","Distribuzione Linux","13_config_TCO","NO",0]
["VAR_Group_13_config_TCOLOW8512HDWindows 11 Pro Education",null,"VAR_Group","LOW",8,512,"HD","Windows 11 Pro Education","13_config_TCO","NO",0]
["VAR_Group_13_config_TCOLOW8512HDWindows 11 Pro",null,"VAR_Group","LOW",8,512,"HD","Windows 11 Pro","13_config_TCO","NO",0]
["VAR_Group_13_config_TCOLOW16512HDDistribuzione Linux",null,"VAR_Group","LOW",16,512,"HD","Distribuzione Linux","13_config_TCO","NO",0]
["VAR_Group_13_config_TCOLOW16512HDWindows 11 Pro Education",null,"VAR_Group","LOW",16,512,"HD","Windows 11 Pro Education","13_config_TCO","NO",0]
["VAR_Group_13_config_TCOLOW16512HDWindows 11 Pro",null,"VAR_Group","LOW",16,512,"HD","Windows 11 Pro","13_config_TCO","NO",0]
["VAR_Group_13_config_TCOLOW8256FHDDistribuzione Linux",null,"VAR_Group","LOW",8,256,"FHD","Distribuzione Linux","13_config_TCO","SI",1]
["VAR_Group_13_config_TCOLOW8256FHDWindows 11 Pro Education",null,"VAR_Group","LOW",8,256,"FHD","Windows 11 Pro Education","13_config_TCO","SI",1]
["VAR_Group_13_config_TCOLOW8256FHDWindows 11 Pro",null,"VAR_Group","LOW",8,256,"FHD","Windows 11 Pro","13_config_TCO","SI",1]
["VAR_Group_13_config_TCOLOW16256FHDDistribuzione Linux",null,"VAR_Group","LOW",16,256,"FHD","Distribuzione Linux","13_config_TCO","SI",1]
["VAR_Group_13_config_TCOLOW16256FHDWindows 11 Pro Education",null,"VAR_Group","LOW",16,256,"FHD","Windows 11 Pro Education","13_config_TCO","SI",1]
["VAR_Group_13_config_TCOLOW16256FHDWindows 11 Pro",null,"VAR_Group","LOW",16,256,"FHD","Windows 11 Pro","13_config_TCO","SI",1]
["VAR_Group_13_config_TCOLOW8512FHDDistribuzione Linux",null,"VAR_Group","LOW",8,512,"FHD","Distribuzione Linux","13_config_TCO","SI",1]
["VAR_Group_13_config_TCOLOW8512FHDWindows 11 Pro Education",null,"VAR_Group","LOW",8,512,"FHD","Windows 11 Pro Education","13_config_TCO","SI",1]
["VAR_Group_13_config_TCOLOW8512FHDWindows 11 Pro",null,"VAR_Group","LOW",8,512,"FHD","Windows 11 Pro","13_config_TCO","SI",1]
["VAR_Group_13_config_TCOLOW16512FHDDistribuzione Linux",null,"VAR_Group","LOW",16,512,"FHD","Distribuzione Linux","13_config_TCO","SI",1]
["VAR_Group_13_config_TCOLOW16512FHDWindows 11 Pro Education",null,"VAR_Group","LOW",16,512,"FHD","Windows 11 Pro Education","13_config_TCO","SI",1]
["VAR_Group_13_config_TCOLOW16512FHDWindows 11 Pro",null,"VAR_Group","LOW",16,512,"FHD","Windows 11 Pro","13_config_TCO","SI",1]
["VAR_Group_13_config_TCOMID8256HDDistribuzione Linux",null,"VAR_Group","MID",8,256,"HD","Distribuzione Linux","13_config_TCO","NO",0]
["VAR_Group_13_config_TCOMID8256HDWindows 11 Pro Education",null,"VAR_Group","MID",8,256,"HD","Windows 11 Pro Education","13_config_TCO","NO",0]
["VAR_Group_13_config_TCOMID8256HDWindows 11 Pro",null,"VAR_Group","MID",8,256,"HD","Windows 11 Pro","13_config_TCO","NO",0]
["VAR_Group_13_config_TCOMID16256HDDistribuzione Linux",null,"VAR_Group","MID",16,256,"HD","Distribuzione Linux","13_config_TCO","NO",0]
["VAR_Group_13_config_TCOMID16256HDWindows 11 Pro Education",null,"VAR_Group","MID",16,256,"HD","Windows 11 Pro Education","13_config_TCO","NO",0]
["VAR_Group_13_config_TCOMID16256HDWindows 11 Pro",null,"VAR_Group","MID",16,256,"HD","Windows 11 Pro","13_config_TCO","NO",0]
["VAR_Group_13_config_TCOMID8512HDDistribuzione Linux",null,"VAR_Group","MID",8,512,"HD","Distribuzione Linux","13_config_TCO","NO",0]
["VAR_Group_13_config_TCOMID8512HDWindows 11 Pro Education",null,"VAR_Group","MID",8,512,"HD","Windows 11 Pro Education","13_config_TCO","NO",0]
["VAR_Group_13_config_TCOMID8512HDWindows 11 Pro",null,"VAR_Group","MID",8,512,"HD","Windows 11 Pro","13_config_TCO","NO",0]
["VAR_Group_13_config_TCOMID16512HDDistribuzione Linux",null,"VAR_Group","MID",16,512,"HD","Distribuzione Linux","13_config_TCO","NO",0]
["VAR_Group_13_config_TCOMID16512HDWindows 11 Pro Education",null,"VAR_Group","MID",16,512,"HD","Windows 11 Pro Education","13_config_TCO","NO",0]
["VAR_Group_13_config_TCOMID16512HDWindows 11 Pro",null,"VAR_Group","MID",16,512,"HD","Windows 11 Pro","13_config_TCO","NO",0]
["VAR_Group_13_config_TCOMID8256FHDDistribuzione Linux",null,"VAR_Group","MID",8,256,"FHD","Distribuzione Linux","13_config_TCO","SI",1]
["VAR_Group_13_config_TCOMID8256FHDWindows 11 Pro Education",null,"VAR_Group","MID",8,256,"FHD","Windows 11 Pro Education","13_config_TCO","SI",1]
["VAR_Group_13_config_TCOMID8256FHDWindows 11 Pro",null,"VAR_Group","MID",8,256,"FHD","Windows 11 Pro","13_config_TCO","SI",1]
["VAR_Group_13_config_TCOMID16256FHDDistribuzione Linux",null,"VAR_Group","MID",16,256,"FHD","Distribuzione Linux","13_config_TCO","SI",1]
["VAR_Group_13_config_TCOMID16256FHDWindows 11 Pro Education",null,"VAR_Group","MID",16,256,"FHD","Windows 11 Pro Education","13_config_TCO","SI",1]
["VAR_Group_13_config_TCOMID16256FHDWindows 11 Pro",null,"VAR_Group","MID",16,256,"FHD","Windows 11 Pro","13_config_TCO","SI",1]
["VAR_Group_13_config_TCOMID8512FHDDistribuzione Linux",null,"VAR_Group","MID",8,512,"FHD","Distribuzione Linux","13_config_TCO","SI",1]
["VAR_Group_13_config_TCOMID8512FHDWindows 11 Pro Education",null,"VAR_Group","MID",8,512,"FHD","Windows 11 Pro Education","13_config_TCO","SI",1]
["VAR_Group_13_config_TCOMID8512FHDWindows 11 Pro",null,"VAR_Group","MID",8,512,"FHD","Windows 11 Pro","13_config_TCO","SI",1]
["VAR_Group_13_config_TCOMID16512FHDDistribuzione Linux",null,"VAR_Group","MID",16,512,"FHD","Distribuzione Linux","13_config_TCO","SI",1]
["VAR_Group_13_config_TCOMID16512FHDWindows 11 Pro Education",null,"VAR_Group","MID",16,512,"FHD","Windows 11 Pro Education","13_config_TCO","SI",1]
["VAR_Group_13_config_TCOMID16512FHDWindows 11 Pro",null,"VAR_Group","MID",16,512,"FHD","Windows 11 Pro","13_config_TCO","SI",1]
["VAR_Group_13_config_TCOHIGH8256HDDistribuzione Linux",null,"VAR_Group","HIGH",8,256,"HD","Distribuzione Linux","13_config_TCO","NO",0]
["VAR_Group_13_config_TCOHIGH8256HDWindows 11 Pro Education",null,"VAR_Group","HIGH",8,256,"HD","Windows 11 Pro Education","13_config_TCO","NO",{"$f":"+IF(J1493=\"NO\",0,1)","v":0}]
["VAR_Group_13_config_TCOHIGH8256HDWindows 11 Pro",null,"VAR_Group","HIGH",8,256,"HD","Windows 11 Pro","13_config_TCO","NO",0]
["VAR_Group_13_config_TCOHIGH16256HDDistribuzione Linux",null,"VAR_Group","HIGH",16,256,"HD","Distribuzione Linux","13_config_TCO","NO",0]
["VAR_Group_13_config_TCOHIGH16256HDWindows 11 Pro Education",null,"VAR_Group","HIGH",16,256,"HD","Windows 11 Pro Education","13_config_TCO","NO",0]
["VAR_Group_13_config_TCOHIGH16256HDWindows 11 Pro",null,"VAR_Group","HIGH",16,256,"HD","Windows 11 Pro","13_config_TCO","NO",0]
["VAR_Group_13_config_TCOHIGH8512HDDistribuzione Linux",null,"VAR_Group","HIGH",8,512,"HD","Distribuzione Linux","13_config_TCO","NO",0]
["VAR_Group_13_config_TCOHIGH8512HDWindows 11 Pro Education",null,"VAR_Group","HIGH",8,512,"HD","Windows 11 Pro Education","13_config_TCO","NO",0]
["VAR_Group_13_config_TCOHIGH8512HDWindows 11 Pro",null,"VAR_Group","HIGH",8,512,"HD","Windows 11 Pro","13_config_TCO","NO",0]
["VAR_Group_13_config_TCOHIGH16512HDDistribuzione Linux",null,"VAR_Group","HIGH",16,512,"HD","Distribuzione Linux","13_config_TCO","NO",0]
["VAR_Group_13_config_TCOHIGH16512HDWindows 11 Pro Education",null,"VAR_Group","HIGH",16,512,"HD","Windows 11 Pro Education","13_config_TCO","NO",0]
["VAR_Group_13_config_TCOHIGH16512HDWindows 11 Pro",null,"VAR_Group","HIGH",16,512,"HD","Windows 11 Pro","13_config_TCO","NO",0]
["VAR_Group_13_config_TCOHIGH8256FHDDistribuzione Linux",null,"VAR_Group","HIGH",8,256,"FHD","Distribuzione Linux","13_config_TCO","SI",1]
["VAR_Group_13_config_TCOHIGH8256FHDWindows 11 Pro Education",null,"VAR_Group","HIGH",8,256,"FHD","Windows 11 Pro Education","13_config_TCO","SI",1]
["VAR_Group_13_config_TCOHIGH8256FHDWindows 11 Pro",null,"VAR_Group","HIGH",8,256,"FHD","Windows 11 Pro","13_config_TCO","SI",1]
["VAR_Group_13_config_TCOHIGH16256FHDDistribuzione Linux",null,"VAR_Group","HIGH",16,256,"FHD","Distribuzione Linux","13_config_TCO","SI",1]
["VAR_Group_13_config_TCOHIGH16256FHDWindows 11 Pro Education",null,"VAR_Group","HIGH",16,256,"FHD","Windows 11 Pro Education","13_config_TCO","SI",1]
[{"$f":"C1509&\"_\"&I1509&D1509&E1509&F1509&G1509&H1509","v":"VAR_Group_13_config_TCOHIGH16256FHDWindows 11 Pro"},null,"VAR_Group","HIGH",16,256,"FHD","Windows 11 Pro","13_config_TCO","SI",1]
["VAR_Group_13_config_TCOHIGH8512FHDDistribuzione Linux",null,"VAR_Group","HIGH",8,512,"FHD","Distribuzione Linux","13_config_TCO","SI",1]
["VAR_Group_13_config_TCOHIGH8512FHDWindows 11 Pro Education",null,"VAR_Group","HIGH",8,512,"FHD","Windows 11 Pro Education","13_config_TCO","SI",1]
["VAR_Group_13_config_TCOHIGH8512FHDWindows 11 Pro",null,"VAR_Group","HIGH",8,512,"FHD","Windows 11 Pro","13_config_TCO","SI",1]
["VAR_Group_13_config_TCOHIGH16512FHDDistribuzione Linux",null,"VAR_Group","HIGH",16,512,"FHD","Distribuzione Linux","13_config_TCO","SI",1]
["VAR_Group_13_config_TCOHIGH16512FHDWindows 11 Pro Education",null,"VAR_Group","HIGH",16,512,"FHD","Windows 11 Pro Education","13_config_TCO","SI",1]
["VAR_Group_13_config_TCOHIGH16512FHDWindows 11 Pro",null,"VAR_Group","HIGH",16,512,"FHD","Windows 11 Pro","13_config_TCO","SI",1]
["RTI IM Direct & Partner_13_config_standardLOW8256HDDistribuzione Linux",null,"RTI IM Direct & Partner","LOW",8,256,"HD","Distribuzione Linux","13_config_standard","NO",{"$f":"+IF(J1516=\"NO\",0,1)","v":0}]
["RTI IM Direct & Partner_13_config_standardLOW8256HDWindows 11 Pro Education",null,"RTI IM Direct & Partner","LOW",8,256,"HD","Windows 11 Pro Education","13_config_standard","NO",0]
["RTI IM Direct & Partner_13_config_standardLOW8256HDWindows 11 Pro",null,"RTI IM Direct & Partner","LOW",8,256,"HD","Windows 11 Pro","13_config_standard","NO",0]
["RTI IM Direct & Partner_13_config_standardLOW16256HDDistribuzione Linux",null,"RTI IM Direct & Partner","LOW",16,256,"HD","Distribuzione Linux","13_config_standard","NO",0]
["RTI IM Direct & Partner_13_config_standardLOW16256HDWindows 11 Pro Education",null,"RTI IM Direct & Partner","LOW",16,256,"HD","Windows 11 Pro Education","13_config_standard","NO",0]
["RTI IM Direct & Partner_13_config_standardLOW16256HDWindows 11 Pro",null,"RTI IM Direct & Partner","LOW",16,256,"HD","Windows 11 Pro","13_config_standard","NO",0]
["RTI IM Direct & Partner_13_config_standardLOW8512HDDistribuzione Linux",null,"RTI IM Direct & Partner","LOW",8,512,"HD","Distribuzione Linux","13_config_standard","NO",0]
["RTI IM Direct & Partner_13_config_standardLOW8512HDWindows 11 Pro Education",null,"RTI IM Direct & Partner","LOW",8,512,"HD","Windows 11 Pro Education","13_config_standard","NO",0]
["RTI IM Direct & Partner_13_config_standardLOW8512HDWindows 11 Pro",null,"RTI IM Direct & Partner","LOW",8,512,"HD","Windows 11 Pro","13_config_standard","NO",0]
["RTI IM Direct & Partner_13_config_standardLOW16512HDDistribuzione Linux",null,"RTI IM Direct & Partner","LOW",16,512,"HD","Distribuzione Linux","13_config_standard","NO",0]
["RTI IM Direct & Partner_13_config_standardLOW16512HDWindows 11 Pro Education",null,"RTI IM Direct & Partner","LOW",16,512,"HD","Windows 11 Pro Education","13_config_standard","NO",0]
["RTI IM Direct & Partner_13_config_standardLOW16512HDWindows 11 Pro",null,"RTI IM Direct & Partner","LOW",16,512,"HD","Windows 11 Pro","13_config_standard","NO",0]
["RTI IM Direct & Partner_13_config_standardLOW8256FHDDistribuzione Linux",null,"RTI IM Direct & Partner","LOW",8,256,"FHD","Distribuzione Linux","13_config_standard","SI",1]
["RTI IM Direct & Partner_13_config_standardLOW8256FHDWindows 11 Pro Education",null,"RTI IM Direct & Partner","LOW",8,256,"FHD","Windows 11 Pro Education","13_config_standard","SI",1]
["RTI IM Direct & Partner_13_config_standardLOW8256FHDWindows 11 Pro",null,"RTI IM Direct & Partner","LOW",8,256,"FHD","Windows 11 Pro","13_config_standard","SI",1]
["RTI IM Direct & Partner_13_config_standardLOW16256FHDDistribuzione Linux",null,"RTI IM Direct & Partner","LOW",16,256,"FHD","Distribuzione Linux","13_config_standard","NO",0]
["RTI IM Direct & Partner_13_config_standardLOW16256FHDWindows 11 Pro Education",null,"RTI IM Direct & Partner","LOW",16,256,"FHD","Windows 11 Pro Education","13_config_standard","NO",0]
["RTI IM Direct & Partner_13_config_standardLOW16256FHDWindows 11 Pro",null,"RTI IM Direct & Partner","LOW",16,256,"FHD","Windows 11 Pro","13_config_standard","NO",0]
["RTI IM Direct & Partner_13_config_standardLOW8512FHDDistribuzione Linux",null,"RTI IM Direct & Partner","LOW",8,512,"FHD","Distribuzione Linux","13_config_standard","SI",1]
["RTI IM Direct & Partner_13_config_standardLOW8512FHDWindows 11 Pro Education",null,"RTI IM Direct & Partner","LOW",8,512,"FHD","Windows 11 Pro Education","13_config_standard","SI",1]
["RTI IM Direct & Partner_13_config_standardLOW8512FHDWindows 11 Pro",null,"RTI IM Direct & Partner","LOW",8,512,"FHD","Windows 11 Pro","13_config_standard","SI",1]
["RTI IM Direct & Partner_13_config_standardLOW16512FHDDistribuzione Linux",null,"RTI IM Direct & Partner","LOW",16,512,"FHD","Distribuzione Linux","13_config_standard","NO",0]
["RTI IM Direct & Partner_13_config_standardLOW16512FHDWindows 11 Pro Education",null,"RTI IM Direct & Partner","LOW",16,512,"FHD","Windows 11 Pro Education","13_config_standard","NO",0]
["RTI IM Direct & Partner_13_config_standardLOW16512FHDWindows 11 Pro",null,"RTI IM Direct & Partner","LOW",16,512,"FHD","Windows 11 Pro","13_config_standard","NO",0]
["RTI IM Direct & Partner_13_config_standardMID8256HDDistribuzione Linux",null,"RTI IM Direct & Partner","MID",8,256,"HD","Distribuzione Linux","13_config_standard","NO",0]
["RTI IM Direct & Partner_13_config_standardMID8256HDWindows 11 Pro Education",null,"RTI IM Direct & Partner","MID",8,256,"HD","Windows 11 Pro Education","13_config_standard","NO",0]
["RTI IM Direct & Partner_13_config_standardMID8256HDWindows 11 Pro",null,"RTI IM Direct & Partner","MID",8,256,"HD","Windows 11 Pro","13_config_standard","NO",0]
["RTI IM Direct & Partner_13_config_standardMID16256HDDistribuzione Linux",null,"RTI IM Direct & Partner","MID",16,256,"HD","Distribuzione Linux","13_config_standard","NO",0]
["RTI IM Direct & Partner_13_config_standardMID16256HDWindows 11 Pro Education",null,"RTI IM Direct & Partner","MID",16,256,"HD","Windows 11 Pro Education","13_config_standard","NO",0]
["RTI IM Direct & Partner_13_config_standardMID16256HDWindows 11 Pro",null,"RTI IM Direct & Partner","MID",16,256,"HD","Windows 11 Pro","13_config_standard","NO",0]
["RTI IM Direct & Partner_13_config_standardMID8512HDDistribuzione Linux",null,"RTI IM Direct & Partner","MID",8,512,"HD","Distribuzione Linux","13_config_standard","NO",0]
["RTI IM Direct & Partner_13_config_standardMID8512HDWindows 11 Pro Education",null,"RTI IM Direct & Partner","MID",8,512,"HD","Windows 11 Pro Education","13_config_standard","NO",0]
["RTI IM Direct & Partner_13_config_standardMID8512HDWindows 11 Pro",null,"RTI IM Direct & Partner","MID",8,512,"HD","Windows 11 Pro","13_config_standard","NO",0]
["RTI IM Direct & Partner_13_config_standardMID16512HDDistribuzione Linux",null,"RTI IM Direct & Partner","MID",16,512,"HD","Distribuzione Linux","13_config_standard","NO",{"$f":"+IF(J1549=\"NO\",0,1)","v":0}]
["RTI IM Direct & Partner_13_config_standardMID16512HDWindows 11 Pro Education",null,"RTI IM Direct & Partner","MID",16,512,"HD","Windows 11 Pro Education","13_config_standard","NO",0]
["RTI IM Direct & Partner_13_config_standardMID16512HDWindows 11 Pro",null,"RTI IM Direct & Partner","MID",16,512,"HD","Windows 11 Pro","13_config_standard","NO",0]
["RTI IM Direct & Partner_13_config_standardMID8256FHDDistribuzione Linux",null,"RTI IM Direct & Partner","MID",8,256,"FHD","Distribuzione Linux","13_config_standard","SI",1]
["RTI IM Direct & Partner_13_config_standardMID8256FHDWindows 11 Pro Education",null,"RTI IM Direct & Partner","MID",8,256,"FHD","Windows 11 Pro Education","13_config_standard","SI",1]
["RTI IM Direct & Partner_13_config_standardMID8256FHDWindows 11 Pro",null,"RTI IM Direct & Partner","MID",8,256,"FHD","Windows 11 Pro","13_config_standard","SI",1]
["RTI IM Direct & Partner_13_config_standardMID16256FHDDistribuzione Linux",null,"RTI IM Direct & Partner","MID",16,256,"FHD","Distribuzione Linux","13_config_standard","SI",1]
["RTI IM Direct & Partner_13_config_standardMID16256FHDWindows 11 Pro Education",null,"RTI IM Direct & Partner","MID",16,256,"FHD","Windows 11 Pro Education","13_config_standard","SI",1]
["RTI IM Direct & Partner_13_config_standardMID16256FHDWindows 11 Pro",null,"RTI IM Direct & Partner","MID",16,256,"FHD","Windows 11 Pro","13_config_standard","SI",1]
["RTI IM Direct & Partner_13_config_standardMID8512FHDDistribuzione Linux",null,"RTI IM Direct & Partner","MID",8,512,"FHD","Distribuzione Linux","13_config_standard","SI",1]
["RTI IM Direct & Partner_13_config_standardMID8512FHDWindows 11 Pro Education",null,"RTI IM Direct & Partner","MID",8,512,"FHD","Windows 11 Pro Education","13_config_standard","SI",1]
["RTI IM Direct & Partner_13_config_standardMID8512FHDWindows 11 Pro",null,"RTI IM Direct & Partner","MID",8,512,"FHD","Windows 11 Pro","13_config_standard","SI",1]
["RTI IM Direct & Partner_13_config_standardMID16512FHDDistribuzione Linux",null,"RTI IM Direct & Partner","MID",16,512,"FHD","Distribuzione Linux","13_config_standard","SI",1]
["RTI IM Direct & Partner_13_config_standardMID16512FHDWindows 11 Pro Education",null,"RTI IM Direct & Partner","MID",16,512,"FHD","Windows 11 Pro Education","13_config_standard","SI",1]
["RTI IM Direct & Partner_13_config_standardMID16512FHDWindows 11 Pro",null,"RTI IM Direct & Partner","MID",16,512,"FHD","Windows 11 Pro","13_config_standard","SI",1]
["RTI IM Direct & Partner_13_config_standardHIGH8256HDDistribuzione Linux",null,"RTI IM Direct & Partner","HIGH",8,256,"HD","Distribuzione Linux","13_config_standard","NO",0]
["RTI IM Direct & Partner_13_config_standardHIGH8256HDWindows 11 Pro Education",null,"RTI IM Direct & Partner","HIGH",8,256,"HD","Windows 11 Pro Education","13_config_standard","NO",0]
["RTI IM Direct & Partner_13_config_standardHIGH8256HDWindows 11 Pro",null,"RTI IM Direct & Partner","HIGH",8,256,"HD","Windows 11 Pro","13_config_standard","NO",0]
["RTI IM Direct & Partner_13_config_standardHIGH16256HDDistribuzione Linux",null,"RTI IM Direct & Partner","HIGH",16,256,"HD","Distribuzione Linux","13_config_standard","NO",0]
["RTI IM Direct & Partner_13_config_standardHIGH16256HDWindows 11 Pro Education",null,"RTI IM Direct & Partner","HIGH",16,256,"HD","Windows 11 Pro Education","13_config_standard","NO",0]
["RTI IM Direct & Partner_13_config_standardHIGH16256HDWindows 11 Pro",null,"RTI IM Direct & Partner","HIGH",16,256,"HD","Windows 11 Pro","13_config_standard","NO",0]
["RTI IM Direct & Partner_13_config_standardHIGH8512HDDistribuzione Linux",null,"RTI IM Direct & Partner","HIGH",8,512,"HD","Distribuzione Linux","13_config_standard","NO",0]
["RTI IM Direct & Partner_13_config_standardHIGH8512HDWindows 11 Pro Education",null,"RTI IM Direct & Partner","HIGH",8,512,"HD","Windows 11 Pro Education","13_config_standard","NO",0]
["RTI IM Direct & Partner_13_config_standardHIGH8512HDWindows 11 Pro",null,"RTI IM Direct & Partner","HIGH",8,512,"HD","Windows 11 Pro","13_config_standard","NO",0]
[{"$f":"C1573&\"_\"&I1573&D1573&E1573&F1573&G1573&H1573","v":"RTI IM Direct & Partner_13_config_standardHIGH16512HDDistribuzione Linux"},null,"RTI IM Direct & Partner","HIGH",16,512,"HD","Distribuzione Linux","13_config_standard","NO",0]
["RTI IM Direct & Partner_13_config_standardHIGH16512HDWindows 11 Pro Education",null,"RTI IM Direct & Partner","HIGH",16,512,"HD","Windows 11 Pro Education","13_config_standard","NO",0]
["RTI IM Direct & Partner_13_config_standardHIGH16512HDWindows 11 Pro",null,"RTI IM Direct & Partner","HIGH",16,512,"HD","Windows 11 Pro","13_config_standard","NO",0]
["RTI IM Direct & Partner_13_config_standardHIGH8256FHDDistribuzione Linux",null,"RTI IM Direct & Partner","HIGH",8,256,"FHD","Distribuzione Linux","13_config_standard","NO",0]
["RTI IM Direct & Partner_13_config_standardHIGH8256FHDWindows 11 Pro Education",null,"RTI IM Direct & Partner","HIGH",8,256,"FHD","Windows 11 Pro Education","13_config_standard","NO",0]
["RTI IM Direct & Partner_13_config_standardHIGH8256FHDWindows 11 Pro",null,"RTI IM Direct & Partner","HIGH",8,256,"FHD","Windows 11 Pro","13_config_standard","NO",0]
["RTI IM Direct & Partner_13_config_standardHIGH16256FHDDistribuzione Linux",null,"RTI IM Direct & Partner","HIGH",16,256,"FHD","Distribuzione Linux","13_config_standard","SI",1]
["RTI IM Direct & Partner_13_config_standardHIGH16256FHDWindows 11 Pro Education",null,"RTI IM Direct & Partner","HIGH",16,256,"FHD","Windows 11 Pro Education","13_config_standard","NO",0]
["RTI IM Direct & Partner_13_config_standardHIGH16256FHDWindows 11 Pro",null,"RTI IM Direct & Partner","HIGH",16,256,"FHD","Windows 11 Pro","13_config_standard","SI",1]
["RTI IM Direct & Partner_13_config_standardHIGH8512FHDDistribuzione Linux",null,"RTI IM Direct & Partner","HIGH",8,512,"FHD","Distribuzione Linux","13_config_standard","NO",0]
["RTI IM Direct & Partner_13_config_standardHIGH8512FHDWindows 11 Pro Education",null,"RTI IM Direct & Partner","HIGH",8,512,"FHD","Windows 11 Pro Education","13_config_standard","NO",0]
["RTI IM Direct & Partner_13_config_standardHIGH8512FHDWindows 11 Pro",null,"RTI IM Direct & Partner","HIGH",8,512,"FHD","Windows 11 Pro","13_config_standard","NO",0]
["RTI IM Direct & Partner_13_config_standardHIGH16512FHDDistribuzione Linux",null,"RTI IM Direct & Partner","HIGH",16,512,"FHD","Distribuzione Linux","13_config_standard","SI",1]
["RTI IM Direct & Partner_13_config_standardHIGH16512FHDWindows 11 Pro Education",null,"RTI IM Direct & Partner","HIGH",16,512,"FHD","Windows 11 Pro Education","13_config_standard","NO",0]
["RTI IM Direct & Partner_13_config_standardHIGH16512FHDWindows 11 Pro",null,"RTI IM Direct & Partner","HIGH",16,512,"FHD","Windows 11 Pro","13_config_standard","SI",1]
["RTI IM Direct & Partner_13_config_TCOLOW8256HDDistribuzione Linux",null,"RTI IM Direct & Partner","LOW",8,256,"HD","Distribuzione Linux","13_config_TCO","NO",0]
["RTI IM Direct & Partner_13_config_TCOLOW8256HDWindows 11 Pro Education",null,"RTI IM Direct & Partner","LOW",8,256,"HD","Windows 11 Pro Education","13_config_TCO","NO",0]
["RTI IM Direct & Partner_13_config_TCOLOW8256HDWindows 11 Pro",null,"RTI IM Direct & Partner","LOW",8,256,"HD","Windows 11 Pro","13_config_TCO","NO",0]
["RTI IM Direct & Partner_13_config_TCOLOW16256HDDistribuzione Linux",null,"RTI IM Direct & Partner","LOW",16,256,"HD","Distribuzione Linux","13_config_TCO","NO",0]
["RTI IM Direct & Partner_13_config_TCOLOW16256HDWindows 11 Pro Education",null,"RTI IM Direct & Partner","LOW",16,256,"HD","Windows 11 Pro Education","13_config_TCO","NO",0]
["RTI IM Direct & Partner_13_config_TCOLOW16256HDWindows 11 Pro",null,"RTI IM Direct & Partner","LOW",16,256,"HD","Windows 11 Pro","13_config_TCO","NO",0]
["RTI IM Direct & Partner_13_config_TCOLOW8512HDDistribuzione Linux",null,"RTI IM Direct & Partner","LOW",8,512,"HD","Distribuzione Linux","13_config_TCO","NO",0]
["RTI IM Direct & Partner_13_config_TCOLOW8512HDWindows 11 Pro Education",null,"RTI IM Direct & Partner","LOW",8,512,"HD","Windows 11 Pro Education","13_config_TCO","NO",0]
["RTI IM Direct & Partner_13_config_TCOLOW8512HDWindows 11 Pro",null,"RTI IM Direct & Partner","LOW",8,512,"HD","Windows 11 Pro","13_config_TCO","NO",0]
["RTI IM Direct & Partner_13_config_TCOLOW16512HDDistribuzione Linux",null,"RTI IM Direct & Partner","LOW",16,512,"HD","Distribuzione Linux","13_config_TCO","NO",0]
["RTI IM Direct & Partner_13_config_TCOLOW16512HDWindows 11 Pro Education",null,"RTI IM Direct & Partner","LOW",16,512,"HD","Windows 11 Pro Education","13_config_TCO","NO",0]
["RTI IM Direct & Partner_13_config_TCOLOW16512HDWindows 11 Pro",null,"RTI IM Direct & Partner","LOW",16,512,"HD","Windows 11 Pro","13_config_TCO","NO",0]
["RTI IM Direct & Partner_13_config_TCOLOW8256FHDDistribuzione Linux",null,"RTI IM Direct & Partner","LOW",8,256,"FHD","Distribuzione Linux","13_config_TCO","SI",1]
["RTI IM Direct & Partner_13_config_TCOLOW8256FHDWindows 11 Pro Education",null,"RTI IM Direct & Partner","LOW",8,256,"FHD","Windows 11 Pro Education","13_config_TCO","SI",1]
["RTI IM Direct & Partner_13_config_TCOLOW8256FHDWindows 11 Pro",null,"RTI IM Direct & Partner","LOW",8,256,"FHD","Windows 11 Pro","13_config_TCO","SI",1]
["RTI IM Direct & Partner_13_config_TCOLOW16256FHDDistribuzione Linux",null,"RTI IM Direct & Partner","LOW",16,256,"FHD","Distribuzione Linux","13_config_TCO","NO",0]
["RTI IM Direct & Partner_13_config_TCOLOW16256FHDWindows 11 Pro Education",null,"RTI IM Direct & Partner","LOW",16,256,"FHD","Windows 11 Pro Education","13_config_TCO","NO",0]
["RTI IM Direct & Partner_13_config_TCOLOW16256FHDWindows 11 Pro",null,"RTI IM Direct & Partner","LOW",16,256,"FHD","Windows 11 Pro","13_config_TCO","NO",0]
["RTI IM Direct & Partner_13_config_TCOLOW8512FHDDistribuzione Linux",null,"RTI IM Direct & Partner","LOW",8,512,"FHD","Distribuzione Linux","13_config_TCO","SI",1]
["RTI IM Direct & Partner_13_config_TCOLOW8512FHDWindows 11 Pro Education",null,"RTI IM Direct & Partner","LOW",8,512,"FHD","Windows 11 Pro Education","13_config_TCO","SI",1]
["RTI IM Direct & Partner_13_config_TCOLOW8512FHDWindows 11 Pro",null,"RTI IM Direct & Partner","LOW",8,512,"FHD","Windows 11 Pro","13_config_TCO","SI",1]
["RTI IM Direct & Partner_13_config_TCOLOW16512FHDDistribuzione Linux",null,"RTI IM Direct & Partner","LOW",16,512,"FHD","Distribuzione Linux","13_config_TCO","NO",0]
["RTI IM Direct & Partner_13_config_TCOLOW16512FHDWindows 11 Pro Education",null,"RTI IM Direct & Partner","LOW",16,512,"FHD","Windows 11 Pro Education","13_config_TCO","NO",0]
["RTI IM Direct & Partner_13_config_TCOLOW16512FHDWindows 11 Pro",null,"RTI IM Direct & Partner","LOW",16,512,"FHD","Windows 11 Pro","13_config_TCO","NO",0]
["RTI IM Direct & Partner_13_config_TCOMID8256HDDistribuzione Linux",null,"RTI IM Direct & Partner","MID",8,256,"HD","Distribuzione Linux","13_config_TCO","NO",0]
["RTI IM Direct & Partner_13_config_TCOMID8256HDWindows 11 Pro Education",null,"RTI IM Direct & Partner","MID",8,256,"HD","Windows 11 Pro Education","13_config_TCO","NO",{"$f":"+IF(J1613=\"NO\",0,1)","v":0}]
["RTI IM Direct & Partner_13_config_TCOMID8256HDWindows 11 Pro",null,"RTI IM Direct & Partner","MID",8,256,"HD","Windows 11 Pro","13_config_TCO","NO",0]
["RTI IM Direct & Partner_13_config_TCOMID16256HDDistribuzione Linux",null,"RTI IM Direct & Partner","MID",16,256,"HD","Distribuzione Linux","13_config_TCO","NO",0]
["RTI IM Direct & Partner_13_config_TCOMID16256HDWindows 11 Pro Education",null,"RTI IM Direct & Partner","MID",16,256,"HD","Windows 11 Pro Education","13_config_TCO","NO",0]
["RTI IM Direct & Partner_13_config_TCOMID16256HDWindows 11 Pro",null,"RTI IM Direct & Partner","MID",16,256,"HD","Windows 11 Pro","13_config_TCO","NO",0]
["RTI IM Direct & Partner_13_config_TCOMID8512HDDistribuzione Linux",null,"RTI IM Direct & Partner","MID",8,512,"HD","Distribuzione Linux","13_config_TCO","NO",0]
["RTI IM Direct & Partner_13_config_TCOMID8512HDWindows 11 Pro Education",null,"RTI IM Direct & Partner","MID",8,512,"HD","Windows 11 Pro Education","13_config_TCO","NO",0]
["RTI IM Direct & Partner_13_config_TCOMID8512HDWindows 11 Pro",null,"RTI IM Direct & Partner","MID",8,512,"HD","Windows 11 Pro","13_config_TCO","NO",0]
["RTI IM Direct & Partner_13_config_TCOMID16512HDDistribuzione Linux",null,"RTI IM Direct & Partner","MID",16,512,"HD","Distribuzione Linux","13_config_TCO","NO",0]
["RTI IM Direct & Partner_13_config_TCOMID16512HDWindows 11 Pro Education",null,"RTI IM Direct & Partner","MID",16,512,"HD","Windows 11 Pro Education","13_config_TCO","NO",0]
["RTI IM Direct & Partner_13_config_TCOMID16512HDWindows 11 Pro",null,"RTI IM Direct & Partner","MID",16,512,"HD","Windows 11 Pro","13_config_TCO","NO",0]
["RTI IM Direct & Partner_13_config_TCOMID8256FHDDistribuzione Linux",null,"RTI IM Direct & Partner","MID",8,256,"FHD","Distribuzione Linux","13_config_TCO","SI",1]
["RTI IM Direct & Partner_13_config_TCOMID8256FHDWindows 11 Pro Education",null,"RTI IM Direct & Partner","MID",8,256,"FHD","Windows 11 Pro Education","13_config_TCO","SI",1]
["RTI IM Direct & Partner_13_config_TCOMID8256FHDWindows 11 Pro",null,"RTI IM Direct & Partner","MID",8,256,"FHD","Windows 11 Pro","13_config_TCO","SI",1]
["RTI IM Direct & Partner_13_config_TCOMID16256FHDDistribuzione Linux",null,"RTI IM Direct & Partner","MID",16,256,"FHD","Distribuzione Linux","13_config_TCO","SI",1]
["RTI IM Direct & Partner_13_config_TCOMID16256FHDWindows 11 Pro Education",null,"RTI IM Direct & Partner","MID",16,256,"FHD","Windows 11 Pro Education","13_config_TCO","SI",1]
["RTI IM Direct & Partner_13_config_TCOMID16256FHDWindows 11 Pro",null,"RTI IM Direct & Partner","MID",16,256,"FHD","Windows 11 Pro","13_config_TCO","SI",1]
["RTI IM Direct & Partner_13_config_TCOMID8512FHDDistribuzione Linux",null,"RTI IM Direct & Partner","MID",8,512,"FHD","Distribuzione Linux","13_config_TCO","SI",1]
["RTI IM Direct & Partner_13_config_TCOMID8512FHDWindows 11 Pro Education",null,"RTI IM Direct & Partner","MID",8,512,"FHD","Windows 11 Pro Education","13_config_TCO","SI",1]
["RTI IM Direct & Partner_13_config_TCOMID8512FHDWindows 11 Pro",null,"RTI IM Direct & Partner","MID",8,512,"FHD","Windows 11 Pro","13_config_TCO","SI",1]
["RTI IM Direct & Partner_13_config_TCOMID16512FHDDistribuzione Linux",null,"RTI IM Direct & Partner","MID",16,512,"FHD","Distribuzione Linux","13_config_TCO","SI",1]
["RTI IM Direct & Partner_13_config_TCOMID16512FHDWindows 11 Pro Education",null,"RTI IM Direct & Partner","MID",16,512,"FHD","Windows 11 Pro Education","13_config_TCO","SI",1]
["RTI IM Direct & Partner_13_config_TCOMID16512FHDWindows 11 Pro",null,"RTI IM Direct & Partner","MID",16,512,"FHD","Windows 11 Pro","13_config_TCO","SI",1]
["RTI IM Direct & Partner_13_config_TCOHIGH8256HDDistribuzione Linux",null,"RTI IM Direct & Partner","HIGH",8,256,"HD","Distribuzione Linux","13_config_TCO","NO",0]
[{"$f":"C1637&\"_\"&I1637&D1637&E1637&F1637&G1637&H1637","v":"RTI IM Direct & Partner_13_config_TCOHIGH8256HDWindows 11 Pro Education"},null,"RTI IM Direct & Partner","HIGH",8,256,"HD","Windows 11 Pro Education","13_config_TCO","NO",0]
["RTI IM Direct & Partner_13_config_TCOHIGH8256HDWindows 11 Pro",null,"RTI IM Direct & Partner","HIGH",8,256,"HD","Windows 11 Pro","13_config_TCO","NO",0]
["RTI IM Direct & Partner_13_config_TCOHIGH16256HDDistribuzione Linux",null,"RTI IM Direct & Partner","HIGH",16,256,"HD","Distribuzione Linux","13_config_TCO","NO",0]
["RTI IM Direct & Partner_13_config_TCOHIGH16256HDWindows 11 Pro Education",null,"RTI IM Direct & Partner","HIGH",16,256,"HD","Windows 11 Pro Education","13_config_TCO","NO",0]
["RTI IM Direct & Partner_13_config_TCOHIGH16256HDWindows 11 Pro",null,"RTI IM Direct & Partner","HIGH",16,256,"HD","Windows 11 Pro","13_config_TCO","NO",0]
["RTI IM Direct & Partner_13_config_TCOHIGH8512HDDistribuzione Linux",null,"RTI IM Direct & Partner","HIGH",8,512,"HD","Distribuzione Linux","13_config_TCO","NO",0]
["RTI IM Direct & Partner_13_config_TCOHIGH8512HDWindows 11 Pro Education",null,"RTI IM Direct & Partner","HIGH",8,512,"HD","Windows 11 Pro Education","13_config_TCO","NO",0]
["RTI IM Direct & Partner_13_config_TCOHIGH8512HDWindows 11 Pro",null,"RTI IM Direct & Partner","HIGH",8,512,"HD","Windows 11 Pro","13_config_TCO","NO",0]
["RTI IM Direct & Partner_13_config_TCOHIGH16512HDDistribuzione Linux",null,"RTI IM Direct & Partner","HIGH",16,512,"HD","Distribuzione Linux","13_config_TCO","NO",0]
["RTI IM Direct & Partner_13_config_TCOHIGH16512HDWindows 11 Pro Education",null,"RTI IM Direct & Partner","HIGH",16,512,"HD","Windows 11 Pro Education","13_config_TCO","NO",0]
["RTI IM Direct & Partner_13_config_TCOHIGH16512HDWindows 11 Pro",null,"RTI IM Direct & Partner","HIGH",16,512,"HD","Windows 11 Pro","13_config_TCO","NO",0]
["RTI IM Direct & Partner_13_config_TCOHIGH8256FHDDistribuzione Linux",null,"RTI IM Direct & Partner","HIGH",8,256,"FHD","Distribuzione Linux","13_config_TCO","NO",0]
["RTI IM Direct & Partner_13_config_TCOHIGH8256FHDWindows 11 Pro Education",null,"RTI IM Direct & Partner","HIGH",8,256,"FHD","Windows 11 Pro Education","13_config_TCO","NO",0]
["RTI IM Direct & Partner_13_config_TCOHIGH8256FHDWindows 11 Pro",null,"RTI IM Direct & Partner","HIGH",8,256,"FHD","Windows 11 Pro","13_config_TCO","NO",0]
["RTI IM Direct & Partner_13_config_TCOHIGH16256FHDDistribuzione Linux",null,"RTI IM Direct & Partner","HIGH",16,256,"FHD","Distribuzione Linux","13_config_TCO","SI",1]
["RTI IM Direct & Partner_13_config_TCOHIGH16256FHDWindows 11 Pro Education",null,"RTI IM Direct & Partner","HIGH",16,256,"FHD","Windows 11 Pro Education","13_config_TCO","NO",0]
["RTI IM Direct & Partner_13_config_TCOHIGH16256FHDWindows 11 Pro",null,"RTI IM Direct & Partner","HIGH",16,256,"FHD","Windows 11 Pro","13_config_TCO","SI",1]
["RTI IM Direct & Partner_13_config_TCOHIGH8512FHDDistribuzione Linux",null,"RTI IM Direct & Partner","HIGH",8,512,"FHD","Distribuzione Linux","13_config_TCO","NO",0]
["RTI IM Direct & Partner_13_config_TCOHIGH8512FHDWindows 11 Pro Education",null,"RTI IM Direct & Partner","HIGH",8,512,"FHD","Windows 11 Pro Education","13_config_TCO","NO",0]
["RTI IM Direct & Partner_13_config_TCOHIGH8512FHDWindows 11 Pro",null,"RTI IM Direct & Partner","HIGH",8,512,"FHD","Windows 11 Pro","13_config_TCO","NO",0]
["RTI IM Direct & Partner_13_config_TCOHIGH16512FHDDistribuzione Linux",null,"RTI IM Direct & Partner","HIGH",16,512,"FHD","Distribuzione Linux","13_config_TCO","SI",1]
["RTI IM Direct & Partner_13_config_TCOHIGH16512FHDWindows 11 Pro Education",null,"RTI IM Direct & Partner","HIGH",16,512,"FHD","Windows 11 Pro Education","13_config_TCO","NO",0]
["RTI IM Direct & Partner_13_config_TCOHIGH16512FHDWindows 11 Pro",null,"RTI IM Direct & Partner","HIGH",16,512,"FHD","Windows 11 Pro","13_config_TCO","SI",1]
["Converge_15_config_standardLOW8256HDDistribuzione Linux",null,"Converge","LOW",8,256,"HD","Distribuzione Linux","15_config_standard","SI",1]
["Converge_15_config_standardLOW8256HDWindows 11 Pro Education",null,"Converge","LOW",8,256,"HD","Windows 11 Pro Education","15_config_standard","SI",1]
["Converge_15_config_standardLOW8256HDWindows 11 Pro",null,"Converge","LOW",8,256,"HD","Windows 11 Pro","15_config_standard","SI",1]
["Converge_15_config_standardLOW16256HDDistribuzione Linux",null,"Converge","LOW",16,256,"HD","Distribuzione Linux","15_config_standard","SI",1]
["Converge_15_config_standardLOW16256HDWindows 11 Pro Education",null,"Converge","LOW",16,256,"HD","Windows 11 Pro Education","15_config_standard","SI",1]
["Converge_15_config_standardLOW16256HDWindows 11 Pro",null,"Converge","LOW",16,256,"HD","Windows 11 Pro","15_config_standard","SI",1]
["Converge_15_config_standardLOW8512HDDistribuzione Linux",null,"Converge","LOW",8,512,"HD","Distribuzione Linux","15_config_standard","SI",1]
["Converge_15_config_standardLOW8512HDWindows 11 Pro Education",null,"Converge","LOW",8,512,"HD","Windows 11 Pro Education","15_config_standard","SI",1]
["Converge_15_config_standardLOW8512HDWindows 11 Pro",null,"Converge","LOW",8,512,"HD","Windows 11 Pro","15_config_standard","SI",1]
["Converge_15_config_standardLOW16512HDDistribuzione Linux",null,"Converge","LOW",16,512,"HD","Distribuzione Linux","15_config_standard","SI",1]
["Converge_15_config_standardLOW16512HDWindows 11 Pro Education",null,"Converge","LOW",16,512,"HD","Windows 11 Pro Education","15_config_standard","SI",1]
["Converge_15_config_standardLOW16512HDWindows 11 Pro",null,"Converge","LOW",16,512,"HD","Windows 11 Pro","15_config_standard","SI",1]
["Converge_15_config_standardLOW8256FHDDistribuzione Linux",null,"Converge","LOW",8,256,"FHD","Distribuzione Linux","15_config_standard","SI",1]
["Converge_15_config_standardLOW8256FHDWindows 11 Pro Education",null,"Converge","LOW",8,256,"FHD","Windows 11 Pro Education","15_config_standard","SI",1]
["Converge_15_config_standardLOW8256FHDWindows 11 Pro",null,"Converge","LOW",8,256,"FHD","Windows 11 Pro","15_config_standard","SI",1]
["Converge_15_config_standardLOW16256FHDDistribuzione Linux",null,"Converge","LOW",16,256,"FHD","Distribuzione Linux","15_config_standard","SI",1]
["Converge_15_config_standardLOW16256FHDWindows 11 Pro Education",null,"Converge","LOW",16,256,"FHD","Windows 11 Pro Education","15_config_standard","SI",1]
["Converge_15_config_standardLOW16256FHDWindows 11 Pro",null,"Converge","LOW",16,256,"FHD","Windows 11 Pro","15_config_standard","SI",{"$f":"+IF(J1677=\"NO\",0,1)","v":1}]
["Converge_15_config_standardLOW8512FHDDistribuzione Linux",null,"Converge","LOW",8,512,"FHD","Distribuzione Linux","15_config_standard","SI",1]
["Converge_15_config_standardLOW8512FHDWindows 11 Pro Education",null,"Converge","LOW",8,512,"FHD","Windows 11 Pro Education","15_config_standard","SI",1]
["Converge_15_config_standardLOW8512FHDWindows 11 Pro",null,"Converge","LOW",8,512,"FHD","Windows 11 Pro","15_config_standard","SI",1]
["Converge_15_config_standardLOW16512FHDDistribuzione Linux",null,"Converge","LOW",16,512,"FHD","Distribuzione Linux","15_config_standard","SI",1]
["Converge_15_config_standardLOW16512FHDWindows 11 Pro Education",null,"Converge","LOW",16,512,"FHD","Windows 11 Pro Education","15_config_standard","SI",1]
["Converge_15_config_standardLOW16512FHDWindows 11 Pro",null,"Converge","LOW",16,512,"FHD","Windows 11 Pro","15_config_standard","SI",1]
["Converge_15_config_standardMID8256HDDistribuzione Linux",null,"Converge","MID",8,256,"HD","Distribuzione Linux","15_config_standard","SI",1]
["Converge_15_config_standardMID8256HDWindows 11 Pro Education",null,"Converge","MID",8,256,"HD","Windows 11 Pro Education","15_config_standard","SI",1]
["Converge_15_config_standardMID8256HDWindows 11 Pro",null,"Converge","MID",8,256,"HD","Windows 11 Pro","15_config_standard","SI",1]
["Converge_15_config_standardMID16256HDDistribuzione Linux",null,"Converge","MID",16,256,"HD","Distribuzione Linux","15_config_standard","SI",1]
["Converge_15_config_standardMID16256HDWindows 11 Pro Education",null,"Converge","MID",16,256,"HD","Windows 11 Pro Education","15_config_standard","SI",1]
["Converge_15_config_standardMID16256HDWindows 11 Pro",null,"Converge","MID",16,256,"HD","Windows 11 Pro","15_config_standard","SI",1]
["Converge_15_config_standardMID8512HDDistribuzione Linux",null,"Converge","MID",8,512,"HD","Distribuzione Linux","15_config_standard","SI",1]
["Converge_15_config_standardMID8512HDWindows 11 Pro Education",null,"Converge","MID",8,512,"HD","Windows 11 Pro Education","15_config_standard","SI",1]
["Converge_15_config_standardMID8512HDWindows 11 Pro",null,"Converge","MID",8,512,"HD","Windows 11 Pro","15_config_standard","SI",1]
["Converge_15_config_standardMID16512HDDistribuzione Linux",null,"Converge","MID",16,512,"HD","Distribuzione Linux","15_config_standard","SI",1]
["Converge_15_config_standardMID16512HDWindows 11 Pro Education",null,"Converge","MID",16,512,"HD","Windows 11 Pro Education","15_config_standard","SI",1]
["Converge_15_config_standardMID16512HDWindows 11 Pro",null,"Converge","MID",16,512,"HD","Windows 11 Pro","15_config_standard","SI",1]
["Converge_15_config_standardMID8256FHDDistribuzione Linux",null,"Converge","MID",8,256,"FHD","Distribuzione Linux","15_config_standard","SI",1]
["Converge_15_config_standardMID8256FHDWindows 11 Pro Education",null,"Converge","MID",8,256,"FHD","Windows 11 Pro Education","15_config_standard","SI",1]
["Converge_15_config_standardMID8256FHDWindows 11 Pro",null,"Converge","MID",8,256,"FHD","Windows 11 Pro","15_config_standard","SI",1]
["Converge_15_config_standardMID16256FHDDistribuzione Linux",null,"Converge","MID",16,256,"FHD","Distribuzione Linux","15_config_standard","SI",1]
["Converge_15_config_standardMID16256FHDWindows 11 Pro Education",null,"Converge","MID",16,256,"FHD","Windows 11 Pro Education","15_config_standard","SI",1]
[{"$f":"C1701&\"_\"&I1701&D1701&E1701&F1701&G1701&H1701","v":"Converge_15_config_standardMID16256FHDWindows 11 Pro"},null,"Converge","MID",16,256,"FHD","Windows 11 Pro","15_config_standard","SI",1]
["Converge_15_config_standardMID8512FHDDistribuzione Linux",null,"Converge","MID",8,512,"FHD","Distribuzione Linux","15_config_standard","SI",1]
["Converge_15_config_standardMID8512FHDWindows 11 Pro Education",null,"Converge","MID",8,512,"FHD","Windows 11 Pro Education","15_config_standard","SI",1]
["Converge_15_config_standardMID8512FHDWindows 11 Pro",null,"Converge","MID",8,512,"FHD","Windows 11 Pro","15_config_standard","SI",1]
["Converge_15_config_standardMID16512FHDDistribuzione Linux",null,"Converge","MID",16,512,"FHD","Distribuzione Linux","15_config_standard","SI",1]
["Converge_15_config_standardMID16512FHDWindows 11 Pro Education",null,"Converge","MID",16,512,"FHD","Windows 11 Pro Education","15_config_standard","SI",1]
["Converge_15_config_standardMID16512FHDWindows 11 Pro",null,"Converge","MID",16,512,"FHD","Windows 11 Pro","15_config_standard","SI",1]
["Converge_15_config_standardHIGH8256HDDistribuzione Linux",null,"Converge","HIGH",8,256,"HD","Distribuzione Linux","15_config_standard","SI",1]
["Converge_15_config_standardHIGH8256HDWindows 11 Pro Education",null,"Converge","HIGH",8,256,"HD","Windows 11 Pro Education","15_config_standard","NO",0]
["Converge_15_config_standardHIGH8256HDWindows 11 Pro",null,"Converge","HIGH",8,256,"HD","Windows 11 Pro","15_config_standard","SI",1]
["Converge_15_config_standardHIGH16256HDDistribuzione Linux",null,"Converge","HIGH",16,256,"HD","Distribuzione Linux","15_config_standard","SI",1]
["Converge_15_config_standardHIGH16256HDWindows 11 Pro Education",null,"Converge","HIGH",16,256,"HD","Windows 11 Pro Education","15_config_standard","NO",0]
["Converge_15_config_standardHIGH16256HDWindows 11 Pro",null,"Converge","HIGH",16,256,"HD","Windows 11 Pro","15_config_standard","SI",1]
["Converge_15_config_standardHIGH8512HDDistribuzione Linux",null,"Converge","HIGH",8,512,"HD","Distribuzione Linux","15_config_standard","SI",1]
["Converge_15_config_standardHIGH8512HDWindows 11 Pro Education",null,"Converge","HIGH",8,512,"HD","Windows 11 Pro Education","15_config_standard","NO",0]
["Converge_15_config_standardHIGH8512HDWindows 11 Pro",null,"Converge","HIGH",8,512,"HD","Windows 11 Pro","15_config_standard","SI",1]
["Converge_15_config_standardHIGH16512HDDistribuzione Linux",null,"Converge","HIGH",16,512,"HD","Distribuzione Linux","15_config_standard","SI",1]
["Converge_15_config_standardHIGH16512HDWindows 11 Pro Education",null,"Converge","HIGH",16,512,"HD","Windows 11 Pro Education","15_config_standard","NO",0]
["Converge_15_config_standardHIGH16512HDWindows 11 Pro",null,"Converge","HIGH",16,512,"HD","Windows 11 Pro","15_config_standard","SI",1]
["Converge_15_config_standardHIGH8256FHDDistribuzione Linux",null,"Converge","HIGH",8,256,"FHD","Distribuzione Linux","15_config_standard","SI",1]
["Converge_15_config_standardHIGH8256FHDWindows 11 Pro Education",null,"Converge","HIGH",8,256,"FHD","Windows 11 Pro Education","15_config_standard","NO",0]
["Converge_15_config_standardHIGH8256FHDWindows 11 Pro",null,"Converge","HIGH",8,256,"FHD","Windows 11 Pro","15_config_standard","SI",1]
["Converge_15_config_standardHIGH16256FHDDistribuzione Linux",null,"Converge","HIGH",16,256,"FHD","Distribuzione Linux","15_config_standard","SI",1]
["Converge_15_config_standardHIGH16256FHDWindows 11 Pro Education",null,"Converge","HIGH",16,256,"FHD","Windows 11 Pro Education","15_config_standard","NO",0]
["Converge_15_config_standardHIGH16256FHDWindows 11 Pro",null,"Converge","HIGH",16,256,"FHD","Windows 11 Pro","15_config_standard","SI",1]
["Converge_15_config_standardHIGH8512FHDDistribuzione Linux",null,"Converge","HIGH",8,512,"FHD","Distribuzione Linux","15_config_standard","SI",1]
["Converge_15_config_standardHIGH8512FHDWindows 11 Pro Education",null,"Converge","HIGH",8,512,"FHD","Windows 11 Pro Education","15_config_standard","NO",0]
["Converge_15_config_standardHIGH8512FHDWindows 11 Pro",null,"Converge","HIGH",8,512,"FHD","Windows 11 Pro","15_config_standard","SI",1]
["Converge_15_config_standardHIGH16512FHDDistribuzione Linux",null,"Converge","HIGH",16,512,"FHD","Distribuzione Linux","15_config_standard","SI",1]
["Converge_15_config_standardHIGH16512FHDWindows 11 Pro Education",null,"Converge","HIGH",16,512,"FHD","Windows 11 Pro Education","15_config_standard","NO",0]
["Converge_15_config_standardHIGH16512FHDWindows 11 Pro",null,"Converge","HIGH",16,512,"FHD","Windows 11 Pro","15_config_standard","SI",1]
["Converge_15_config_TCOLOW8256HDDistribuzione Linux",null,"Converge","LOW",8,256,"HD","Distribuzione Linux","15_config_TCO","SI",1]
["Converge_15_config_TCOLOW8256HDWindows 11 Pro Education",null,"Converge","LOW",8,256,"HD","Windows 11 Pro Education","15_config_TCO","SI",1]
["Converge_15_config_TCOLOW8256HDWindows 11 Pro",null,"Converge","LOW",8,256,"HD","Windows 11 Pro","15_config_TCO","SI",1]
["Converge_15_config_TCOLOW16256HDDistribuzione Linux",null,"Converge","LOW",16,256,"HD","Distribuzione Linux","15_config_TCO","SI",1]
["Converge_15_config_TCOLOW16256HDWindows 11 Pro Education",null,"Converge","LOW",16,256,"HD","Windows 11 Pro Education","15_config_TCO","SI",1]
["Converge_15_config_TCOLOW16256HDWindows 11 Pro",null,"Converge","LOW",16,256,"HD","Windows 11 Pro","15_config_TCO","SI",1]
["Converge_15_config_TCOLOW8512HDDistribuzione Linux",null,"Converge","LOW",8,512,"HD","Distribuzione Linux","15_config_TCO","SI",1]
["Converge_15_config_TCOLOW8512HDWindows 11 Pro Education",null,"Converge","LOW",8,512,"HD","Windows 11 Pro Education","15_config_TCO","SI",1]
["Converge_15_config_TCOLOW8512HDWindows 11 Pro",null,"Converge","LOW",8,512,"HD","Windows 11 Pro","15_config_TCO","SI",1]
["Converge_15_config_TCOLOW16512HDDistribuzione Linux",null,"Converge","LOW",16,512,"HD","Distribuzione Linux","15_config_TCO","SI",{"$f":"+IF(J1741=\"NO\",0,1)","v":1}]
["Converge_15_config_TCOLOW16512HDWindows 11 Pro Education",null,"Converge","LOW",16,512,"HD","Windows 11 Pro Education","15_config_TCO","SI",1]
["Converge_15_config_TCOLOW16512HDWindows 11 Pro",null,"Converge","LOW",16,512,"HD","Windows 11 Pro","15_config_TCO","SI",1]
["Converge_15_config_TCOLOW8256FHDDistribuzione Linux",null,"Converge","LOW",8,256,"FHD","Distribuzione Linux","15_config_TCO","SI",1]
["Converge_15_config_TCOLOW8256FHDWindows 11 Pro Education",null,"Converge","LOW",8,256,"FHD","Windows 11 Pro Education","15_config_TCO","SI",1]
["Converge_15_config_TCOLOW8256FHDWindows 11 Pro",null,"Converge","LOW",8,256,"FHD","Windows 11 Pro","15_config_TCO","SI",1]
["Converge_15_config_TCOLOW16256FHDDistribuzione Linux",null,"Converge","LOW",16,256,"FHD","Distribuzione Linux","15_config_TCO","SI",1]
["Converge_15_config_TCOLOW16256FHDWindows 11 Pro Education",null,"Converge","LOW",16,256,"FHD","Windows 11 Pro Education","15_config_TCO","SI",1]
["Converge_15_config_TCOLOW16256FHDWindows 11 Pro",null,"Converge","LOW",16,256,"FHD","Windows 11 Pro","15_config_TCO","SI",1]
["Converge_15_config_TCOLOW8512FHDDistribuzione Linux",null,"Converge","LOW",8,512,"FHD","Distribuzione Linux","15_config_TCO","SI",1]
["Converge_15_config_TCOLOW8512FHDWindows 11 Pro Education",null,"Converge","LOW",8,512,"FHD","Windows 11 Pro Education","15_config_TCO","SI",1]
["Converge_15_config_TCOLOW8512FHDWindows 11 Pro",null,"Converge","LOW",8,512,"FHD","Windows 11 Pro","15_config_TCO","SI",1]
["Converge_15_config_TCOLOW16512FHDDistribuzione Linux",null,"Converge","LOW",16,512,"FHD","Distribuzione Linux","15_config_TCO","SI",1]
["Converge_15_config_TCOLOW16512FHDWindows 11 Pro Education",null,"Converge","LOW",16,512,"FHD","Windows 11 Pro Education","15_config_TCO","SI",1]
["Converge_15_config_TCOLOW16512FHDWindows 11 Pro",null,"Converge","LOW",16,512,"FHD","Windows 11 Pro","15_config_TCO","SI",1]
["Converge_15_config_TCOMID8256HDDistribuzione Linux",null,"Converge","MID",8,256,"HD","Distribuzione Linux","15_config_TCO","SI",1]
["Converge_15_config_TCOMID8256HDWindows 11 Pro Education",null,"Converge","MID",8,256,"HD","Windows 11 Pro Education","15_config_TCO","SI",1]
["Converge_15_config_TCOMID8256HDWindows 11 Pro",null,"Converge","MID",8,256,"HD","Windows 11 Pro","15_config_TCO","SI",1]
["Converge_15_config_TCOMID16256HDDistribuzione Linux",null,"Converge","MID",16,256,"HD","Distribuzione Linux","15_config_TCO","SI",1]
["Converge_15_config_TCOMID16256HDWindows 11 Pro Education",null,"Converge","MID",16,256,"HD","Windows 11 Pro Education","15_config_TCO","SI",1]
["Converge_15_config_TCOMID16256HDWindows 11 Pro",null,"Converge","MID",16,256,"HD","Windows 11 Pro","15_config_TCO","SI",1]
["Converge_15_config_TCOMID8512HDDistribuzione Linux",null,"Converge","MID",8,512,"HD","Distribuzione Linux","15_config_TCO","SI",1]
["Converge_15_config_TCOMID8512HDWindows 11 Pro Education",null,"Converge","MID",8,512,"HD","Windows 11 Pro Education","15_config_TCO","SI",1]
["Converge_15_config_TCOMID8512HDWindows 11 Pro",null,"Converge","MID",8,512,"HD","Windows 11 Pro","15_config_TCO","SI",1]
[{"$f":"C1765&\"_\"&I1765&D1765&E1765&F1765&G1765&H1765","v":"Converge_15_config_TCOMID16512HDDistribuzione Linux"},null,"Converge","MID",16,512,"HD","Distribuzione Linux","15_config_TCO","SI",1]
["Converge_15_config_TCOMID16512HDWindows 11 Pro Education",null,"Converge","MID",16,512,"HD","Windows 11 Pro Education","15_config_TCO","SI",1]
["Converge_15_config_TCOMID16512HDWindows 11 Pro",null,"Converge","MID",16,512,"HD","Windows 11 Pro","15_config_TCO","SI",1]
["Converge_15_config_TCOMID8256FHDDistribuzione Linux",null,"Converge","MID",8,256,"FHD","Distribuzione Linux","15_config_TCO","SI",1]
["Converge_15_config_TCOMID8256FHDWindows 11 Pro Education",null,"Converge","MID",8,256,"FHD","Windows 11 Pro Education","15_config_TCO","SI",1]
["Converge_15_config_TCOMID8256FHDWindows 11 Pro",null,"Converge","MID",8,256,"FHD","Windows 11 Pro","15_config_TCO","SI",1]
["Converge_15_config_TCOMID16256FHDDistribuzione Linux",null,"Converge","MID",16,256,"FHD","Distribuzione Linux","15_config_TCO","SI",1]
["Converge_15_config_TCOMID16256FHDWindows 11 Pro Education",null,"Converge","MID",16,256,"FHD","Windows 11 Pro Education","15_config_TCO","SI",1]
["Converge_15_config_TCOMID16256FHDWindows 11 Pro",null,"Converge","MID",16,256,"FHD","Windows 11 Pro","15_config_TCO","SI",1]
["Converge_15_config_TCOMID8512FHDDistribuzione Linux",null,"Converge","MID",8,512,"FHD","Distribuzione Linux","15_config_TCO","SI",1]
["Converge_15_config_TCOMID8512FHDWindows 11 Pro Education",null,"Converge","MID",8,512,"FHD","Windows 11 Pro Education","15_config_TCO","SI",1]
["Converge_15_config_TCOMID8512FHDWindows 11 Pro",null,"Converge","MID",8,512,"FHD","Windows 11 Pro","15_config_TCO","SI",1]
["Converge_15_config_TCOMID16512FHDDistribuzione Linux",null,"Converge","MID",16,512,"FHD","Distribuzione Linux","15_config_TCO","SI",1]
["Converge_15_config_TCOMID16512FHDWindows 11 Pro Education",null,"Converge","MID",16,512,"FHD","Windows 11 Pro Education","15_config_TCO","SI",1]
["Converge_15_config_TCOMID16512FHDWindows 11 Pro",null,"Converge","MID",16,512,"FHD","Windows 11 Pro","15_config_TCO","SI",1]
["Converge_15_config_TCOHIGH8256HDDistribuzione Linux",null,"Converge","HIGH",8,256,"HD","Distribuzione Linux","15_config_TCO","SI",1]
["Converge_15_config_TCOHIGH8256HDWindows 11 Pro Education",null,"Converge","HIGH",8,256,"HD","Windows 11 Pro Education","15_config_TCO","NO",0]
["Converge_15_config_TCOHIGH8256HDWindows 11 Pro",null,"Converge","HIGH",8,256,"HD","Windows 11 Pro","15_config_TCO","SI",1]
["Converge_15_config_TCOHIGH16256HDDistribuzione Linux",null,"Converge","HIGH",16,256,"HD","Distribuzione Linux","15_config_TCO","SI",1]
["Converge_15_config_TCOHIGH16256HDWindows 11 Pro Education",null,"Converge","HIGH",16,256,"HD","Windows 11 Pro Education","15_config_TCO","NO",0]
["Converge_15_config_TCOHIGH16256HDWindows 11 Pro",null,"Converge","HIGH",16,256,"HD","Windows 11 Pro","15_config_TCO","SI",1]
["Converge_15_config_TCOHIGH8512HDDistribuzione Linux",null,"Converge","HIGH",8,512,"HD","Distribuzione Linux","15_config_TCO","SI",1]
["Converge_15_config_TCOHIGH8512HDWindows 11 Pro Education",null,"Converge","HIGH",8,512,"HD","Windows 11 Pro Education","15_config_TCO","NO",0]
["Converge_15_config_TCOHIGH8512HDWindows 11 Pro",null,"Converge","HIGH",8,512,"HD","Windows 11 Pro","15_config_TCO","SI",1]
["Converge_15_config_TCOHIGH16512HDDistribuzione Linux",null,"Converge","HIGH",16,512,"HD","Distribuzione Linux","15_config_TCO","SI",1]
["Converge_15_config_TCOHIGH16512HDWindows 11 Pro Education",null,"Converge","HIGH",16,512,"HD","Windows 11 Pro Education","15_config_TCO","NO",0]
["Converge_15_config_TCOHIGH16512HDWindows 11 Pro",null,"Converge","HIGH",16,512,"HD","Windows 11 Pro","15_config_TCO","SI",1]
["Converge_15_config_TCOHIGH8256FHDDistribuzione Linux",null,"Converge","HIGH",8,256,"FHD","Distribuzione Linux","15_config_TCO","SI",1]
["Converge_15_config_TCOHIGH8256FHDWindows 11 Pro Education",null,"Converge","HIGH",8,256,"FHD","Windows 11 Pro Education","15_config_TCO","NO",0]
["Converge_15_config_TCOHIGH8256FHDWindows 11 Pro",null,"Converge","HIGH",8,256,"FHD","Windows 11 Pro","15_config_TCO","SI",1]
["Converge_15_config_TCOHIGH16256FHDDistribuzione Linux",null,"Converge","HIGH",16,256,"FHD","Distribuzione Linux","15_config_TCO","SI",1]
["Converge_15_config_TCOHIGH16256FHDWindows 11 Pro Education",null,"Converge","HIGH",16,256,"FHD","Windows 11 Pro Education","15_config_TCO","NO",0]
["Converge_15_config_TCOHIGH16256FHDWindows 11 Pro",null,"Converge","HIGH",16,256,"FHD","Windows 11 Pro","15_config_TCO","SI",1]
["Converge_15_config_TCOHIGH8512FHDDistribuzione Linux",null,"Converge","HIGH",8,512,"FHD","Distribuzione Linux","15_config_TCO","SI",1]
["Converge_15_config_TCOHIGH8512FHDWindows 11 Pro Education",null,"Converge","HIGH",8,512,"FHD","Windows 11 Pro Education","15_config_TCO","NO",0]
["Converge_15_config_TCOHIGH8512FHDWindows 11 Pro",null,"Converge","HIGH",8,512,"FHD","Windows 11 Pro","15_config_TCO","SI",1]
["Converge_15_config_TCOHIGH16512FHDDistribuzione Linux",null,"Converge","HIGH",16,512,"FHD","Distribuzione Linux","15_config_TCO","SI",1]
["Converge_15_config_TCOHIGH16512FHDWindows 11 Pro Education",null,"Converge","HIGH",16,512,"FHD","Windows 11 Pro Education","15_config_TCO","NO",0]
["Converge_15_config_TCOHIGH16512FHDWindows 11 Pro",null,"Converge","HIGH",16,512,"FHD","Windows 11 Pro","15_config_TCO","SI",1]
["Converge_14_config_standardLOW8256HDDistribuzione Linux",null,"Converge","LOW",8,256,"HD","Distribuzione Linux","14_config_standard","SI",1]
["Converge_14_config_standardLOW8256HDWindows 11 Pro Education",null,"Converge","LOW",8,256,"HD","Windows 11 Pro Education","14_config_standard","SI",{"$f":"+IF(J1805=\"NO\",0,1)","v":1}]
["Converge_14_config_standardLOW8256HDWindows 11 Pro",null,"Converge","LOW",8,256,"HD","Windows 11 Pro","14_config_standard","SI",1]
["Converge_14_config_standardLOW16256HDDistribuzione Linux",null,"Converge","LOW",16,256,"HD","Distribuzione Linux","14_config_standard","SI",1]
["Converge_14_config_standardLOW16256HDWindows 11 Pro Education",null,"Converge","LOW",16,256,"HD","Windows 11 Pro Education","14_config_standard","SI",1]
["Converge_14_config_standardLOW16256HDWindows 11 Pro",null,"Converge","LOW",16,256,"HD","Windows 11 Pro","14_config_standard","SI",1]
["Converge_14_config_standardLOW8512HDDistribuzione Linux",null,"Converge","LOW",8,512,"HD","Distribuzione Linux","14_config_standard","SI",1]
["Converge_14_config_standardLOW8512HDWindows 11 Pro Education",null,"Converge","LOW",8,512,"HD","Windows 11 Pro Education","14_config_standard","SI",1]
["Converge_14_config_standardLOW8512HDWindows 11 Pro",null,"Converge","LOW",8,512,"HD","Windows 11 Pro","14_config_standard","SI",1]
["Converge_14_config_standardLOW16512HDDistribuzione Linux",null,"Converge","LOW",16,512,"HD","Distribuzione Linux","14_config_standard","SI",1]
["Converge_14_config_standardLOW16512HDWindows 11 Pro Education",null,"Converge","LOW",16,512,"HD","Windows 11 Pro Education","14_config_standard","SI",1]
["Converge_14_config_standardLOW16512HDWindows 11 Pro",null,"Converge","LOW",16,512,"HD","Windows 11 Pro","14_config_standard","SI",1]
["Converge_14_config_standardLOW8256FHDDistribuzione Linux",null,"Converge","LOW",8,256,"FHD","Distribuzione Linux","14_config_standard","SI",1]
["Converge_14_config_standardLOW8256FHDWindows 11 Pro Education",null,"Converge","LOW",8,256,"FHD","Windows 11 Pro Education","14_config_standard","SI",1]
["Converge_14_config_standardLOW8256FHDWindows 11 Pro",null,"Converge","LOW",8,256,"FHD","Windows 11 Pro","14_config_standard","SI",1]
["Converge_14_config_standardLOW16256FHDDistribuzione Linux",null,"Converge","LOW",16,256,"FHD","Distribuzione Linux","14_config_standard","SI",1]
["Converge_14_config_standardLOW16256FHDWindows 11 Pro Education",null,"Converge","LOW",16,256,"FHD","Windows 11 Pro Education","14_config_standard","SI",1]
["Converge_14_config_standardLOW16256FHDWindows 11 Pro",null,"Converge","LOW",16,256,"FHD","Windows 11 Pro","14_config_standard","SI",1]
["Converge_14_config_standardLOW8512FHDDistribuzione Linux",null,"Converge","LOW",8,512,"FHD","Distribuzione Linux","14_config_standard","SI",1]
["Converge_14_config_standardLOW8512FHDWindows 11 Pro Education",null,"Converge","LOW",8,512,"FHD","Windows 11 Pro Education","14_config_standard","SI",1]
["Converge_14_config_standardLOW8512FHDWindows 11 Pro",null,"Converge","LOW",8,512,"FHD","Windows 11 Pro","14_config_standard","SI",1]
["Converge_14_config_standardLOW16512FHDDistribuzione Linux",null,"Converge","LOW",16,512,"FHD","Distribuzione Linux","14_config_standard","SI",1]
["Converge_14_config_standardLOW16512FHDWindows 11 Pro Education",null,"Converge","LOW",16,512,"FHD","Windows 11 Pro Education","14_config_standard","SI",1]
["Converge_14_config_standardLOW16512FHDWindows 11 Pro",null,"Converge","LOW",16,512,"FHD","Windows 11 Pro","14_config_standard","SI",1]
["Converge_14_config_standardMID8256HDDistribuzione Linux",null,"Converge","MID",8,256,"HD","Distribuzione Linux","14_config_standard","SI",1]
[{"$f":"C1829&\"_\"&I1829&D1829&E1829&F1829&G1829&H1829","v":"Converge_14_config_standardMID8256HDWindows 11 Pro Education"},null,"Converge","MID",8,256,"HD","Windows 11 Pro Education","14_config_standard","SI",1]
["Converge_14_config_standardMID8256HDWindows 11 Pro",null,"Converge","MID",8,256,"HD","Windows 11 Pro","14_config_standard","SI",1]
["Converge_14_config_standardMID16256HDDistribuzione Linux",null,"Converge","MID",16,256,"HD","Distribuzione Linux","14_config_standard","SI",1]
["Converge_14_config_standardMID16256HDWindows 11 Pro Education",null,"Converge","MID",16,256,"HD","Windows 11 Pro Education","14_config_standard","SI",1]
["Converge_14_config_standardMID16256HDWindows 11 Pro",null,"Converge","MID",16,256,"HD","Windows 11 Pro","14_config_standard","SI",1]
["Converge_14_config_standardMID8512HDDistribuzione Linux",null,"Converge","MID",8,512,"HD","Distribuzione Linux","14_config_standard","SI",1]
["Converge_14_config_standardMID8512HDWindows 11 Pro Education",null,"Converge","MID",8,512,"HD","Windows 11 Pro Education","14_config_standard","SI",1]
["Converge_14_config_standardMID8512HDWindows 11 Pro",null,"Converge","MID",8,512,"HD","Windows 11 Pro","14_config_standard","SI",1]
["Converge_14_config_standardMID16512HDDistribuzione Linux",null,"Converge","MID",16,512,"HD","Distribuzione Linux","14_config_standard","SI",1]
["Converge_14_config_standardMID16512HDWindows 11 Pro Education",null,"Converge","MID",16,512,"HD","Windows 11 Pro Education","14_config_standard","SI",1]
["Converge_14_config_standardMID16512HDWindows 11 Pro",null,"Converge","MID",16,512,"HD","Windows 11 Pro","14_config_standard","SI",1]
["Converge_14_config_standardMID8256FHDDistribuzione Linux",null,"Converge","MID",8,256,"FHD","Distribuzione Linux","14_config_standard","SI",1]
["Converge_14_config_standardMID8256FHDWindows 11 Pro Education",null,"Converge","MID",8,256,"FHD","Windows 11 Pro Education","14_config_standard","SI",1]
["Converge_14_config_standardMID8256FHDWindows 11 Pro",null,"Converge","MID",8,256,"FHD","Windows 11 Pro","14_config_standard","SI",1]
["Converge_14_config_standardMID16256FHDDistribuzione Linux",null,"Converge","MID",16,256,"FHD","Distribuzione Linux","14_config_standard","SI",1]
["Converge_14_config_standardMID16256FHDWindows 11 Pro Education",null,"Converge","MID",16,256,"FHD","Windows 11 Pro Education","14_config_standard","SI",1]
["Converge_14_config_standardMID16256FHDWindows 11 Pro",null,"Converge","MID",16,256,"FHD","Windows 11 Pro","14_config_standard","SI",1]
["Converge_14_config_standardMID8512FHDDistribuzione Linux",null,"Converge","MID",8,512,"FHD","Distribuzione Linux","14_config_standard","SI",1]
["Converge_14_config_standardMID8512FHDWindows 11 Pro Education",null,"Converge","MID",8,512,"FHD","Windows 11 Pro Education","14_config_standard","SI",1]
["Converge_14_config_standardMID8512FHDWindows 11 Pro",null,"Converge","MID",8,512,"FHD","Windows 11 Pro","14_config_standard","SI",1]
["Converge_14_config_standardMID16512FHDDistribuzione Linux",null,"Converge","MID",16,512,"FHD","Distribuzione Linux","14_config_standard","SI",1]
["Converge_14_config_standardMID16512FHDWindows 11 Pro Education",null,"Converge","MID",16,512,"FHD","Windows 11 Pro Education","14_config_standard","SI",1]
["Converge_14_config_standardMID16512FHDWindows 11 Pro",null,"Converge","MID",16,512,"FHD","Windows 11 Pro","14_config_standard","SI",1]
["Converge_14_config_standardHIGH8256HDDistribuzione Linux",null,"Converge","HIGH",8,256,"HD","Distribuzione Linux","14_config_standard","SI",1]
["Converge_14_config_standardHIGH8256HDWindows 11 Pro Education",null,"Converge","HIGH",8,256,"HD","Windows 11 Pro Education","14_config_standard","NO",0]
["Converge_14_config_standardHIGH8256HDWindows 11 Pro",null,"Converge","HIGH",8,256,"HD","Windows 11 Pro","14_config_standard","SI",1]
["Converge_14_config_standardHIGH16256HDDistribuzione Linux",null,"Converge","HIGH",16,256,"HD","Distribuzione Linux","14_config_standard","SI",1]
["Converge_14_config_standardHIGH16256HDWindows 11 Pro Education",null,"Converge","HIGH",16,256,"HD","Windows 11 Pro Education","14_config_standard","NO",0]
["Converge_14_config_standardHIGH16256HDWindows 11 Pro",null,"Converge","HIGH",16,256,"HD","Windows 11 Pro","14_config_standard","SI",1]
["Converge_14_config_standardHIGH8512HDDistribuzione Linux",null,"Converge","HIGH",8,512,"HD","Distribuzione Linux","14_config_standard","SI",1]
["Converge_14_config_standardHIGH8512HDWindows 11 Pro Education",null,"Converge","HIGH",8,512,"HD","Windows 11 Pro Education","14_config_standard","NO",0]
["Converge_14_config_standardHIGH8512HDWindows 11 Pro",null,"Converge","HIGH",8,512,"HD","Windows 11 Pro","14_config_standard","SI",1]
["Converge_14_config_standardHIGH16512HDDistribuzione Linux",null,"Converge","HIGH",16,512,"HD","Distribuzione Linux","14_config_standard","SI",1]
["Converge_14_config_standardHIGH16512HDWindows 11 Pro Education",null,"Converge","HIGH",16,512,"HD","Windows 11 Pro Education","14_config_standard","NO",0]
["Converge_14_config_standardHIGH16512HDWindows 11 Pro",null,"Converge","HIGH",16,512,"HD","Windows 11 Pro","14_config_standard","SI",1]
["Converge_14_config_standardHIGH8256FHDDistribuzione Linux",null,"Converge","HIGH",8,256,"FHD","Distribuzione Linux","14_config_standard","SI",1]
["Converge_14_config_standardHIGH8256FHDWindows 11 Pro Education",null,"Converge","HIGH",8,256,"FHD","Windows 11 Pro Education","14_config_standard","NO",0]
["Converge_14_config_standardHIGH8256FHDWindows 11 Pro",null,"Converge","HIGH",8,256,"FHD","Windows 11 Pro","14_config_standard","SI",1]
["Converge_14_config_standardHIGH16256FHDDistribuzione Linux",null,"Converge","HIGH",16,256,"FHD","Distribuzione Linux","14_config_standard","SI",1]
["Converge_14_config_standardHIGH16256FHDWindows 11 Pro Education",null,"Converge","HIGH",16,256,"FHD","Windows 11 Pro Education","14_config_standard","NO",0]
["Converge_14_config_standardHIGH16256FHDWindows 11 Pro",null,"Converge","HIGH",16,256,"FHD","Windows 11 Pro","14_config_standard","SI",{"$f":"+IF(J1869=\"NO\",0,1)","v":1}]
["Converge_14_config_standardHIGH8512FHDDistribuzione Linux",null,"Converge","HIGH",8,512,"FHD","Distribuzione Linux","14_config_standard","SI",1]
["Converge_14_config_standardHIGH8512FHDWindows 11 Pro Education",null,"Converge","HIGH",8,512,"FHD","Windows 11 Pro Education","14_config_standard","NO",0]
["Converge_14_config_standardHIGH8512FHDWindows 11 Pro",null,"Converge","HIGH",8,512,"FHD","Windows 11 Pro","14_config_standard","SI",1]
["Converge_14_config_standardHIGH16512FHDDistribuzione Linux",null,"Converge","HIGH",16,512,"FHD","Distribuzione Linux","14_config_standard","SI",1]
["Converge_14_config_standardHIGH16512FHDWindows 11 Pro Education",null,"Converge","HIGH",16,512,"FHD","Windows 11 Pro Education","14_config_standard","NO",0]
["Converge_14_config_standardHIGH16512FHDWindows 11 Pro",null,"Converge","HIGH",16,512,"FHD","Windows 11 Pro","14_config_standard","SI",1]
["Converge_14_config_TCOLOW8256HDDistribuzione Linux",null,"Converge","LOW",8,256,"HD","Distribuzione Linux","14_config_TCO","SI",1]
["Converge_14_config_TCOLOW8256HDWindows 11 Pro Education",null,"Converge","LOW",8,256,"HD","Windows 11 Pro Education","14_config_TCO","SI",1]
["Converge_14_config_TCOLOW8256HDWindows 11 Pro",null,"Converge","LOW",8,256,"HD","Windows 11 Pro","14_config_TCO","SI",1]
["Converge_14_config_TCOLOW16256HDDistribuzione Linux",null,"Converge","LOW",16,256,"HD","Distribuzione Linux","14_config_TCO","SI",1]
["Converge_14_config_TCOLOW16256HDWindows 11 Pro Education",null,"Converge","LOW",16,256,"HD","Windows 11 Pro Education","14_config_TCO","SI",1]
["Converge_14_config_TCOLOW16256HDWindows 11 Pro",null,"Converge","LOW",16,256,"HD","Windows 11 Pro","14_config_TCO","SI",1]
["Converge_14_config_TCOLOW8512HDDistribuzione Linux",null,"Converge","LOW",8,512,"HD","Distribuzione Linux","14_config_TCO","SI",1]
["Converge_14_config_TCOLOW8512HDWindows 11 Pro Education",null,"Converge","LOW",8,512,"HD","Windows 11 Pro Education","14_config_TCO","SI",1]
["Converge_14_config_TCOLOW8512HDWindows 11 Pro",null,"Converge","LOW",8,512,"HD","Windows 11 Pro","14_config_TCO","SI",1]
["Converge_14_config_TCOLOW16512HDDistribuzione Linux",null,"Converge","LOW",16,512,"HD","Distribuzione Linux","14_config_TCO","SI",1]
["Converge_14_config_TCOLOW16512HDWindows 11 Pro Education",null,"Converge","LOW",16,512,"HD","Windows 11 Pro Education","14_config_TCO","SI",1]
["Converge_14_config_TCOLOW16512HDWindows 11 Pro",null,"Converge","LOW",16,512,"HD","Windows 11 Pro","14_config_TCO","SI",1]
["Converge_14_config_TCOLOW8256FHDDistribuzione Linux",null,"Converge","LOW",8,256,"FHD","Distribuzione Linux","14_config_TCO","SI",1]
["Converge_14_config_TCOLOW8256FHDWindows 11 Pro Education",null,"Converge","LOW",8,256,"FHD","Windows 11 Pro Education","14_config_TCO","SI",1]
["Converge_14_config_TCOLOW8256FHDWindows 11 Pro",null,"Converge","LOW",8,256,"FHD","Windows 11 Pro","14_config_TCO","SI",1]
["Converge_14_config_TCOLOW16256FHDDistribuzione Linux",null,"Converge","LOW",16,256,"FHD","Distribuzione Linux","14_config_TCO","SI",1]
["Converge_14_config_TCOLOW16256FHDWindows 11 Pro Education",null,"Converge","LOW",16,256,"FHD","Windows 11 Pro Education","14_config_TCO","SI",1]
[{"$f":"C1893&\"_\"&I1893&D1893&E1893&F1893&G1893&H1893","v":"Converge_14_config_TCOLOW16256FHDWindows 11 Pro"},null,"Converge","LOW",16,256,"FHD","Windows 11 Pro","14_config_TCO","SI",1]
["Converge_14_config_TCOLOW8512FHDDistribuzione Linux",null,"Converge","LOW",8,512,"FHD","Distribuzione Linux","14_config_TCO","SI",1]
["Converge_14_config_TCOLOW8512FHDWindows 11 Pro Education",null,"Converge","LOW",8,512,"FHD","Windows 11 Pro Education","14_config_TCO","SI",1]
["Converge_14_config_TCOLOW8512FHDWindows 11 Pro",null,"Converge","LOW",8,512,"FHD","Windows 11 Pro","14_config_TCO","SI",1]
["Converge_14_config_TCOLOW16512FHDDistribuzione Linux",null,"Converge","LOW",16,512,"FHD","Distribuzione Linux","14_config_TCO","SI",1]
["Converge_14_config_TCOLOW16512FHDWindows 11 Pro Education",null,"Converge","LOW",16,512,"FHD","Windows 11 Pro Education","14_config_TCO","SI",1]
["Converge_14_config_TCOLOW16512FHDWindows 11 Pro",null,"Converge","LOW",16,512,"FHD","Windows 11 Pro","14_config_TCO","SI",1]
["Converge_14_config_TCOMID8256HDDistribuzione Linux",null,"Converge","MID",8,256,"HD","Distribuzione Linux","14_config_TCO","SI",1]
["Converge_14_config_TCOMID8256HDWindows 11 Pro Education",null,"Converge","MID",8,256,"HD","Windows 11 Pro Education","14_config_TCO","SI",1]
["Converge_14_config_TCOMID8256HDWindows 11 Pro",null,"Converge","MID",8,256,"HD","Windows 11 Pro","14_config_TCO","SI",1]
["Converge_14_config_TCOMID16256HDDistribuzione Linux",null,"Converge","MID",16,256,"HD","Distribuzione Linux","14_config_TCO","SI",1]
["Converge_14_config_TCOMID16256HDWindows 11 Pro Education",null,"Converge","MID",16,256,"HD","Windows 11 Pro Education","14_config_TCO","SI",1]
["Converge_14_config_TCOMID16256HDWindows 11 Pro",null,"Converge","MID",16,256,"HD","Windows 11 Pro","14_config_TCO","SI",1]
["Converge_14_config_TCOMID8512HDDistribuzione Linux",null,"Converge","MID",8,512,"HD","Distribuzione Linux","14_config_TCO","SI",1]
["Converge_14_config_TCOMID8512HDWindows 11 Pro Education",null,"Converge","MID",8,512,"HD","Windows 11 Pro Education","14_config_TCO","SI",1]
["Converge_14_config_TCOMID8512HDWindows 11 Pro",null,"Converge","MID",8,512,"HD","Windows 11 Pro","14_config_TCO","SI",1]
["Converge_14_config_TCOMID16512HDDistribuzione Linux",null,"Converge","MID",16,512,"HD","Distribuzione Linux","14_config_TCO","SI",1]
["Converge_14_config_TCOMID16512HDWindows 11 Pro Education",null,"Converge","MID",16,512,"HD","Windows 11 Pro Education","14_config_TCO","SI",1]
["Converge_14_config_TCOMID16512HDWindows 11 Pro",null,"Converge","MID",16,512,"HD","Windows 11 Pro","14_config_TCO","SI",1]
["Converge_14_config_TCOMID8256FHDDistribuzione Linux",null,"Converge","MID",8,256,"FHD","Distribuzione Linux","14_config_TCO","SI",1]
["Converge_14_config_TCOMID8256FHDWindows 11 Pro Education",null,"Converge","MID",8,256,"FHD","Windows 11 Pro Education","14_config_TCO","SI",1]
["Converge_14_config_TCOMID8256FHDWindows 11 Pro",null,"Converge","MID",8,256,"FHD","Windows 11 Pro","14_config_TCO","SI",1]
["Converge_14_config_TCOMID16256FHDDistribuzione Linux",null,"Converge","MID",16,256,"FHD","Distribuzione Linux","14_config_TCO","SI",1]
["Converge_14_config_TCOMID16256FHDWindows 11 Pro Education",null,"Converge","MID",16,256,"FHD","Windows 11 Pro Education","14_config_TCO","SI",1]
["Converge_14_config_TCOMID16256FHDWindows 11 Pro",null,"Converge","MID",16,256,"FHD","Windows 11 Pro","14_config_TCO","SI",1]
["Converge_14_config_TCOMID8512FHDDistribuzione Linux",null,"Converge","MID",8,512,"FHD","Distribuzione Linux","14_config_TCO","SI",1]
["Converge_14_config_TCOMID8512FHDWindows 11 Pro Education",null,"Converge","MID",8,512,"FHD","Windows 11 Pro Education","14_config_TCO","SI",1]
["Converge_14_config_TCOMID8512FHDWindows 11 Pro",null,"Converge","MID",8,512,"FHD","Windows 11 Pro","14_config_TCO","SI",1]
["Converge_14_config_TCOMID16512FHDDistribuzione Linux",null,"Converge","MID",16,512,"FHD","Distribuzione Linux","14_config_TCO","SI",1]
["Converge_14_config_TCOMID16512FHDWindows 11 Pro Education",null,"Converge","MID",16,512,"FHD","Windows 11 Pro Education","14_config_TCO","SI",1]
["Converge_14_config_TCOMID16512FHDWindows 11 Pro",null,"Converge","MID",16,512,"FHD","Windows 11 Pro","14_config_TCO","SI",1]
["Converge_14_config_TCOHIGH8256HDDistribuzione Linux",null,"Converge","HIGH",8,256,"HD","Distribuzione Linux","14_config_TCO","SI",1]
["Converge_14_config_TCOHIGH8256HDWindows 11 Pro Education",null,"Converge","HIGH",8,256,"HD","Windows 11 Pro Education","14_config_TCO","NO",0]
["Converge_14_config_TCOHIGH8256HDWindows 11 Pro",null,"Converge","HIGH",8,256,"HD","Windows 11 Pro","14_config_TCO","SI",1]
["Converge_14_config_TCOHIGH16256HDDistribuzione Linux",null,"Converge","HIGH",16,256,"HD","Distribuzione Linux","14_config_TCO","SI",1]
["Converge_14_config_TCOHIGH16256HDWindows 11 Pro Education",null,"Converge","HIGH",16,256,"HD","Windows 11 Pro Education","14_config_TCO","NO",0]
["Converge_14_config_TCOHIGH16256HDWindows 11 Pro",null,"Converge","HIGH",16,256,"HD","Windows 11 Pro","14_config_TCO","SI",1]
["Converge_14_config_TCOHIGH8512HDDistribuzione Linux",null,"Converge","HIGH",8,512,"HD","Distribuzione Linux","14_config_TCO","SI",1]
["Converge_14_config_TCOHIGH8512HDWindows 11 Pro Education",null,"Converge","HIGH",8,512,"HD","Windows 11 Pro Education","14_config_TCO","NO",0]
["Converge_14_config_TCOHIGH8512HDWindows 11 Pro",null,"Converge","HIGH",8,512,"HD","Windows 11 Pro","14_config_TCO","SI",1]
["Converge_14_config_TCOHIGH16512HDDistribuzione Linux",null,"Converge","HIGH",16,512,"HD","Distribuzione Linux","14_config_TCO","SI",{"$f":"+IF(J1933=\"NO\",0,1)","v":1}]
["Converge_14_config_TCOHIGH16512HDWindows 11 Pro Education",null,"Converge","HIGH",16,512,"HD","Windows 11 Pro Education","14_config_TCO","NO",0]
["Converge_14_config_TCOHIGH16512HDWindows 11 Pro",null,"Converge","HIGH",16,512,"HD","Windows 11 Pro","14_config_TCO","SI",1]
["Converge_14_config_TCOHIGH8256FHDDistribuzione Linux",null,"Converge","HIGH",8,256,"FHD","Distribuzione Linux","14_config_TCO","SI",1]
["Converge_14_config_TCOHIGH8256FHDWindows 11 Pro Education",null,"Converge","HIGH",8,256,"FHD","Windows 11 Pro Education","14_config_TCO","NO",0]
["Converge_14_config_TCOHIGH8256FHDWindows 11 Pro",null,"Converge","HIGH",8,256,"FHD","Windows 11 Pro","14_config_TCO","SI",1]
["Converge_14_config_TCOHIGH16256FHDDistribuzione Linux",null,"Converge","HIGH",16,256,"FHD","Distribuzione Linux","14_config_TCO","SI",1]
["Converge_14_config_TCOHIGH16256FHDWindows 11 Pro Education",null,"Converge","HIGH",16,256,"FHD","Windows 11 Pro Education","14_config_TCO","NO",0]
["Converge_14_config_TCOHIGH16256FHDWindows 11 Pro",null,"Converge","HIGH",16,256,"FHD","Windows 11 Pro","14_config_TCO","SI",1]
["Converge_14_config_TCOHIGH8512FHDDistribuzione Linux",null,"Converge","HIGH",8,512,"FHD","Distribuzione Linux","14_config_TCO","SI",1]
["Converge_14_config_TCOHIGH8512FHDWindows 11 Pro Education",null,"Converge","HIGH",8,512,"FHD","Windows 11 Pro Education","14_config_TCO","NO",0]
["Converge_14_config_TCOHIGH8512FHDWindows 11 Pro",null,"Converge","HIGH",8,512,"FHD","Windows 11 Pro","14_config_TCO","SI",1]
["Converge_14_config_TCOHIGH16512FHDDistribuzione Linux",null,"Converge","HIGH",16,512,"FHD","Distribuzione Linux","14_config_TCO","SI",1]
["Converge_14_config_TCOHIGH16512FHDWindows 11 Pro Education",null,"Converge","HIGH",16,512,"FHD","Windows 11 Pro Education","14_config_TCO","NO",0]
["Converge_14_config_TCOHIGH16512FHDWindows 11 Pro",null,"Converge","HIGH",16,512,"FHD","Windows 11 Pro","14_config_TCO","SI",1]
["Converge_13_config_standardLOW8256HDDistribuzione Linux",null,"Converge","LOW",8,256,"HD","Distribuzione Linux","13_config_standard","NO",0]
["Converge_13_config_standardLOW8256HDWindows 11 Pro Education",null,"Converge","LOW",8,256,"HD","Windows 11 Pro Education","13_config_standard","NO",0]
["Converge_13_config_standardLOW8256HDWindows 11 Pro",null,"Converge","LOW",8,256,"HD","Windows 11 Pro","13_config_standard","NO",0]
["Converge_13_config_standardLOW16256HDDistribuzione Linux",null,"Converge","LOW",16,256,"HD","Distribuzione Linux","13_config_standard","NO",0]
["Converge_13_config_standardLOW16256HDWindows 11 Pro Education",null,"Converge","LOW",16,256,"HD","Windows 11 Pro Education","13_config_standard","NO",0]
["Converge_13_config_standardLOW16256HDWindows 11 Pro",null,"Converge","LOW",16,256,"HD","Windows 11 Pro","13_config_standard","NO",0]
["Converge_13_config_standardLOW8512HDDistribuzione Linux",null,"Converge","LOW",8,512,"HD","Distribuzione Linux","13_config_standard","NO",0]
["Converge_13_config_standardLOW8512HDWindows 11 Pro Education",null,"Converge","LOW",8,512,"HD","Windows 11 Pro Education","13_config_standard","NO",0]
["Converge_13_config_standardLOW8512HDWindows 11 Pro",null,"Converge","LOW",8,512,"HD","Windows 11 Pro","13_config_standard","NO",0]
[{"$f":"C1957&\"_\"&I1957&D1957&E1957&F1957&G1957&H1957","v":"Converge_13_config_standardLOW16512HDDistribuzione Linux"},null,"Converge","LOW",16,512,"HD","Distribuzione Linux","13_config_standard","NO",0]
["Converge_13_config_standardLOW16512HDWindows 11 Pro Education",null,"Converge","LOW",16,512,"HD","Windows 11 Pro Education","13_config_standard","NO",0]
["Converge_13_config_standardLOW16512HDWindows 11 Pro",null,"Converge","LOW",16,512,"HD","Windows 11 Pro","13_config_standard","NO",0]
["Converge_13_config_standardLOW8256FHDDistribuzione Linux",null,"Converge","LOW",8,256,"FHD","Distribuzione Linux","13_config_standard","SI",1]
["Converge_13_config_standardLOW8256FHDWindows 11 Pro Education",null,"Converge","LOW",8,256,"FHD","Windows 11 Pro Education","13_config_standard","SI",1]
["Converge_13_config_standardLOW8256FHDWindows 11 Pro",null,"Converge","LOW",8,256,"FHD","Windows 11 Pro","13_config_standard","SI",1]
["Converge_13_config_standardLOW16256FHDDistribuzione Linux",null,"Converge","LOW",16,256,"FHD","Distribuzione Linux","13_config_standard","SI",1]
["Converge_13_config_standardLOW16256FHDWindows 11 Pro Education",null,"Converge","LOW",16,256,"FHD","Windows 11 Pro Education","13_config_standard","SI",1]
["Converge_13_config_standardLOW16256FHDWindows 11 Pro",null,"Converge","LOW",16,256,"FHD","Windows 11 Pro","13_config_standard","SI",1]
["Converge_13_config_standardLOW8512FHDDistribuzione Linux",null,"Converge","LOW",8,512,"FHD","Distribuzione Linux","13_config_standard","SI",1]
["Converge_13_config_standardLOW8512FHDWindows 11 Pro Education",null,"Converge","LOW",8,512,"FHD","Windows 11 Pro Education","13_config_standard","SI",1]
["Converge_13_config_standardLOW8512FHDWindows 11 Pro",null,"Converge","LOW",8,512,"FHD","Windows 11 Pro","13_config_standard","SI",1]
["Converge_13_config_standardLOW16512FHDDistribuzione Linux",null,"Converge","LOW",16,512,"FHD","Distribuzione Linux","13_config_standard","SI",1]
["Converge_13_config_standardLOW16512FHDWindows 11 Pro Education",null,"Converge","LOW",16,512,"FHD","Windows 11 Pro Education","13_config_standard","SI",1]
["Converge_13_config_standardLOW16512FHDWindows 11 Pro",null,"Converge","LOW",16,512,"FHD","Windows 11 Pro","13_config_standard","SI",1]
["Converge_13_config_standardMID8256HDDistribuzione Linux",null,"Converge","MID",8,256,"HD","Distribuzione Linux","13_config_standard","NO",0]
["Converge_13_config_standardMID8256HDWindows 11 Pro Education",null,"Converge","MID",8,256,"HD","Windows 11 Pro Education","13_config_standard","NO",0]
["Converge_13_config_standardMID8256HDWindows 11 Pro",null,"Converge","MID",8,256,"HD","Windows 11 Pro","13_config_standard","NO",0]
["Converge_13_config_standardMID16256HDDistribuzione Linux",null,"Converge","MID",16,256,"HD","Distribuzione Linux","13_config_standard","NO",0]
["Converge_13_config_standardMID16256HDWindows 11 Pro Education",null,"Converge","MID",16,256,"HD","Windows 11 Pro Education","13_config_standard","NO",0]
["Converge_13_config_standardMID16256HDWindows 11 Pro",null,"Converge","MID",16,256,"HD","Windows 11 Pro","13_config_standard","NO",0]
["Converge_13_config_standardMID8512HDDistribuzione Linux",null,"Converge","MID",8,512,"HD","Distribuzione Linux","13_config_standard","NO",0]
["Converge_13_config_standardMID8512HDWindows 11 Pro Education",null,"Converge","MID",8,512,"HD","Windows 11 Pro Education","13_config_standard","NO",0]
["Converge_13_config_standardMID8512HDWindows 11 Pro",null,"Converge","MID",8,512,"HD","Windows 11 Pro","13_config_standard","NO",0]
["Converge_13_config_standardMID16512HDDistribuzione Linux",null,"Converge","MID",16,512,"HD","Distribuzione Linux","13_config_standard","NO",0]
["Converge_13_config_standardMID16512HDWindows 11 Pro Education",null,"Converge","MID",16,512,"HD","Windows 11 Pro Education","13_config_standard","NO",0]
["Converge_13_config_standardMID16512HDWindows 11 Pro",null,"Converge","MID",16,512,"HD","Windows 11 Pro","13_config_standard","NO",0]
["Converge_13_config_standardMID8256FHDDistribuzione Linux",null,"Converge","MID",8,256,"FHD","Distribuzione Linux","13_config_standard","SI",1]
["Converge_13_config_standardMID8256FHDWindows 11 Pro Education",null,"Converge","MID",8,256,"FHD","Windows 11 Pro Education","13_config_standard","SI",1]
["Converge_13_config_standardMID8256FHDWindows 11 Pro",null,"Converge","MID",8,256,"FHD","Windows 11 Pro","13_config_standard","SI",1]
["Converge_13_config_standardMID16256FHDDistribuzione Linux",null,"Converge","MID",16,256,"FHD","Distribuzione Linux","13_config_standard","SI",1]
["Converge_13_config_standardMID16256FHDWindows 11 Pro Education",null,"Converge","MID",16,256,"FHD","Windows 11 Pro Education","13_config_standard","SI",1]
["Converge_13_config_standardMID16256FHDWindows 11 Pro",null,"Converge","MID",16,256,"FHD","Windows 11 Pro","13_config_standard","SI",1]
["Converge_13_config_standardMID8512FHDDistribuzione Linux",null,"Converge","MID",8,512,"FHD","Distribuzione Linux","13_config_standard","SI",1]
["Converge_13_config_standardMID8512FHDWindows 11 Pro Education",null,"Converge","MID",8,512,"FHD","Windows 11 Pro Education","13_config_standard","SI",1]
["Converge_13_config_standardMID8512FHDWindows 11 Pro",null,"Converge","MID",8,512,"FHD","Windows 11 Pro","13_config_standard","SI",1]
["Converge_13_config_standardMID16512FHDDistribuzione Linux",null,"Converge","MID",16,512,"FHD","Distribuzione Linux","13_config_standard","SI",1]
["Converge_13_config_standardMID16512FHDWindows 11 Pro Education",null,"Converge","MID",16,512,"FHD","Windows 11 Pro Education","13_config_standard","SI",1]
["Converge_13_config_standardMID16512FHDWindows 11 Pro",null,"Converge","MID",16,512,"FHD","Windows 11 Pro","13_config_standard","SI",1]
["Converge_13_config_standardHIGH8256HDDistribuzione Linux",null,"Converge","HIGH",8,256,"HD","Distribuzione Linux","13_config_standard","NO",0]
["Converge_13_config_standardHIGH8256HDWindows 11 Pro Education",null,"Converge","HIGH",8,256,"HD","Windows 11 Pro Education","13_config_standard","NO",{"$f":"+IF(J1997=\"NO\",0,1)","v":0}]
["Converge_13_config_standardHIGH8256HDWindows 11 Pro",null,"Converge","HIGH",8,256,"HD","Windows 11 Pro","13_config_standard","NO",0]
["Converge_13_config_standardHIGH16256HDDistribuzione Linux",null,"Converge","HIGH",16,256,"HD","Distribuzione Linux","13_config_standard","NO",0]
["Converge_13_config_standardHIGH16256HDWindows 11 Pro Education",null,"Converge","HIGH",16,256,"HD","Windows 11 Pro Education","13_config_standard","NO",0]
["Converge_13_config_standardHIGH16256HDWindows 11 Pro",null,"Converge","HIGH",16,256,"HD","Windows 11 Pro","13_config_standard","NO",0]
["Converge_13_config_standardHIGH8512HDDistribuzione Linux",null,"Converge","HIGH",8,512,"HD","Distribuzione Linux","13_config_standard","NO",0]
["Converge_13_config_standardHIGH8512HDWindows 11 Pro Education",null,"Converge","HIGH",8,512,"HD","Windows 11 Pro Education","13_config_standard","NO",0]
["Converge_13_config_standardHIGH8512HDWindows 11 Pro",null,"Converge","HIGH",8,512,"HD","Windows 11 Pro","13_config_standard","NO",0]
["Converge_13_config_standardHIGH16512HDDistribuzione Linux",null,"Converge","HIGH",16,512,"HD","Distribuzione Linux","13_config_standard","NO",0]
["Converge_13_config_standardHIGH16512HDWindows 11 Pro Education",null,"Converge","HIGH",16,512,"HD","Windows 11 Pro Education","13_config_standard","NO",0]
["Converge_13_config_standardHIGH16512HDWindows 11 Pro",null,"Converge","HIGH",16,512,"HD","Windows 11 Pro","13_config_standard","NO",0]
["Converge_13_config_standardHIGH8256FHDDistribuzione Linux",null,"Converge","HIGH",8,256,"FHD","Distribuzione Linux","13_config_standard","NO",0]
["Converge_13_config_standardHIGH8256FHDWindows 11 Pro Education",null,"Converge","HIGH",8,256,"FHD","Windows 11 Pro Education","13_config_standard","NO",0]
["Converge_13_config_standardHIGH8256FHDWindows 11 Pro",null,"Converge","HIGH",8,256,"FHD","Windows 11 Pro","13_config_standard","NO",0]
["Converge_13_config_standardHIGH16256FHDDistribuzione Linux",null,"Converge","HIGH",16,256,"FHD","Distribuzione Linux","13_config_standard","SI",1]
["Converge_13_config_standardHIGH16256FHDWindows 11 Pro Education",null,"Converge","HIGH",16,256,"FHD","Windows 11 Pro Education","13_config_standard","NO",0]
["Converge_13_config_standardHIGH16256FHDWindows 11 Pro",null,"Converge","HIGH",16,256,"FHD","Windows 11 Pro","13_config_standard","SI",1]
["Converge_13_config_standardHIGH8512FHDDistribuzione Linux",null,"Converge","HIGH",8,512,"FHD","Distribuzione Linux","13_config_standard","NO",0]
["Converge_13_config_standardHIGH8512FHDWindows 11 Pro Education",null,"Converge","HIGH",8,512,"FHD","Windows 11 Pro Education","13_config_standard","NO",0]
["Converge_13_config_standardHIGH8512FHDWindows 11 Pro",null,"Converge","HIGH",8,512,"FHD","Windows 11 Pro","13_config_standard","NO",0]
["Converge_13_config_standardHIGH16512FHDDistribuzione Linux",null,"Converge","HIGH",16,512,"FHD","Distribuzione Linux","13_config_standard","SI",1]
["Converge_13_config_standardHIGH16512FHDWindows 11 Pro Education",null,"Converge","HIGH",16,512,"FHD","Windows 11 Pro Education","13_config_standard","NO",0]
["Converge_13_config_standardHIGH16512FHDWindows 11 Pro",null,"Converge","HIGH",16,512,"FHD","Windows 11 Pro","13_config_standard","SI",1]
["Converge_13_config_TCOLOW8256HDDistribuzione Linux",null,"Converge","LOW",8,256,"HD","Distribuzione Linux","13_config_TCO","NO",0]
[{"$f":"C2021&\"_\"&I2021&D2021&E2021&F2021&G2021&H2021","v":"Converge_13_config_TCOLOW8256HDWindows 11 Pro Education"},null,"Converge","LOW",8,256,"HD","Windows 11 Pro Education","13_config_TCO","NO",0]
["Converge_13_config_TCOLOW8256HDWindows 11 Pro",null,"Converge","LOW",8,256,"HD","Windows 11 Pro","13_config_TCO","NO",0]
["Converge_13_config_TCOLOW16256HDDistribuzione Linux",null,"Converge","LOW",16,256,"HD","Distribuzione Linux","13_config_TCO","NO",0]
["Converge_13_config_TCOLOW16256HDWindows 11 Pro Education",null,"Converge","LOW",16,256,"HD","Windows 11 Pro Education","13_config_TCO","NO",0]
["Converge_13_config_TCOLOW16256HDWindows 11 Pro",null,"Converge","LOW",16,256,"HD","Windows 11 Pro","13_config_TCO","NO",0]
["Converge_13_config_TCOLOW8512HDDistribuzione Linux",null,"Converge","LOW",8,512,"HD","Distribuzione Linux","13_config_TCO","NO",0]
["Converge_13_config_TCOLOW8512HDWindows 11 Pro Education",null,"Converge","LOW",8,512,"HD","Windows 11 Pro Education","13_config_TCO","NO",0]
["Converge_13_config_TCOLOW8512HDWindows 11 Pro",null,"Converge","LOW",8,512,"HD","Windows 11 Pro","13_config_TCO","NO",0]
["Converge_13_config_TCOLOW16512HDDistribuzione Linux",null,"Converge","LOW",16,512,"HD","Distribuzione Linux","13_config_TCO","NO",0]
["Converge_13_config_TCOLOW16512HDWindows 11 Pro Education",null,"Converge","LOW",16,512,"HD","Windows 11 Pro Education","13_config_TCO","NO",0]
["Converge_13_config_TCOLOW16512HDWindows 11 Pro",null,"Converge","LOW",16,512,"HD","Windows 11 Pro","13_config_TCO","NO",0]
["Converge_13_config_TCOLOW8256FHDDistribuzione Linux",null,"Converge","LOW",8,256,"FHD","Distribuzione Linux","13_config_TCO","SI",1]
["Converge_13_config_TCOLOW8256FHDWindows 11 Pro Education",null,"Converge","LOW",8,256,"FHD","Windows 11 Pro Education","13_config_TCO","SI",1]
["Converge_13_config_TCOLOW8256FHDWindows 11 Pro",null,"Converge","LOW",8,256,"FHD","Windows 11 Pro","13_config_TCO","SI",1]
["Converge_13_config_TCOLOW16256FHDDistribuzione Linux",null,"Converge","LOW",16,256,"FHD","Distribuzione Linux","13_config_TCO","SI",1]
["Converge_13_config_TCOLOW16256FHDWindows 11 Pro Education",null,"Converge","LOW",16,256,"FHD","Windows 11 Pro Education","13_config_TCO","SI",1]
["Converge_13_config_TCOLOW16256FHDWindows 11 Pro",null,"Converge","LOW",16,256,"FHD","Windows 11 Pro","13_config_TCO","SI",1]
["Converge_13_config_TCOLOW8512FHDDistribuzione Linux",null,"Converge","LOW",8,512,"FHD","Distribuzione Linux","13_config_TCO","SI",1]
["Converge_13_config_TCOLOW8512FHDWindows 11 Pro Education",null,"Converge","LOW",8,512,"FHD","Windows 11 Pro Education","13_config_TCO","SI",1]
["Converge_13_config_TCOLOW8512FHDWindows 11 Pro",null,"Converge","LOW",8,512,"FHD","Windows 11 Pro","13_config_TCO","SI",1]
["Converge_13_config_TCOLOW16512FHDDistribuzione Linux",null,"Converge","LOW",16,512,"FHD","Distribuzione Linux","13_config_TCO","SI",1]
["Converge_13_config_TCOLOW16512FHDWindows 11 Pro Education",null,"Converge","LOW",16,512,"FHD","Windows 11 Pro Education","13_config_TCO","SI",1]
["Converge_13_config_TCOLOW16512FHDWindows 11 Pro",null,"Converge","LOW",16,512,"FHD","Windows 11 Pro","13_config_TCO","SI",1]
["Converge_13_config_TCOMID8256HDDistribuzione Linux",null,"Converge","MID",8,256,"HD","Distribuzione Linux","13_config_TCO","NO",0]
["Converge_13_config_TCOMID8256HDWindows 11 Pro Education",null,"Converge","MID",8,256,"HD","Windows 11 Pro Education","13_config_TCO","NO",0]
["Converge_13_config_TCOMID8256HDWindows 11 Pro",null,"Converge","MID",8,256,"HD","Windows 11 Pro","13_config_TCO","NO",0]
["Converge_13_config_TCOMID16256HDDistribuzione Linux",null,"Converge","MID",16,256,"HD","Distribuzione Linux","13_config_TCO","NO",0]
["Converge_13_config_TCOMID16256HDWindows 11 Pro Education",null,"Converge","MID",16,256,"HD","Windows 11 Pro Education","13_config_TCO","NO",0]
["Converge_13_config_TCOMID16256HDWindows 11 Pro",null,"Converge","MID",16,256,"HD","Windows 11 Pro","13_config_TCO","NO",0]
["Converge_13_config_TCOMID8512HDDistribuzione Linux",null,"Converge","MID",8,512,"HD","Distribuzione Linux","13_config_TCO","NO",0]
["Converge_13_config_TCOMID8512HDWindows 11 Pro Education",null,"Converge","MID",8,512,"HD","Windows 11 Pro Education","13_config_TCO","NO",0]
["Converge_13_config_TCOMID8512HDWindows 11 Pro",null,"Converge","MID",8,512,"HD","Windows 11 Pro","13_config_TCO","NO",0]
["Converge_13_config_TCOMID16512HDDistribuzione Linux",null,"Converge","MID",16,512,"HD","Distribuzione Linux","13_config_TCO","NO",0]
["Converge_13_config_TCOMID16512HDWindows 11 Pro Education",null,"Converge","MID",16,512,"HD","Windows 11 Pro Education","13_config_TCO","NO",0]
["Converge_13_config_TCOMID16512HDWindows 11 Pro",null,"Converge","MID",16,512,"HD","Windows 11 Pro","13_config_TCO","NO",0]
["Converge_13_config_TCOMID8256FHDDistribuzione Linux",null,"Converge","MID",8,256,"FHD","Distribuzione Linux","13_config_TCO","SI",1]
["Converge_13_config_TCOMID8256FHDWindows 11 Pro Education",null,"Converge","MID",8,256,"FHD","Windows 11 Pro Education","13_config_TCO","SI",1]
["Converge_13_config_TCOMID8256FHDWindows 11 Pro",null,"Converge","MID",8,256,"FHD","Windows 11 Pro","13_config_TCO","SI",1]
["Converge_13_config_TCOMID16256FHDDistribuzione Linux",null,"Converge","MID",16,256,"FHD","Distribuzione Linux","13_config_TCO","SI",1]
["Converge_13_config_TCOMID16256FHDWindows 11 Pro Education",null,"Converge","MID",16,256,"FHD","Windows 11 Pro Education","13_config_TCO","SI",1]
["Converge_13_config_TCOMID16256FHDWindows 11 Pro",null,"Converge","MID",16,256,"FHD","Windows 11 Pro","13_config_TCO","SI",{"$f":"+IF(J2061=\"NO\",0,1)","v":1}]
["Converge_13_config_TCOMID8512FHDDistribuzione Linux",null,"Converge","MID",8,512,"FHD","Distribuzione Linux","13_config_TCO","SI",1]
["Converge_13_config_TCOMID8512FHDWindows 11 Pro Education",null,"Converge","MID",8,512,"FHD","Windows 11 Pro Education","13_config_TCO","SI",1]
["Converge_13_config_TCOMID8512FHDWindows 11 Pro",null,"Converge","MID",8,512,"FHD","Windows 11 Pro","13_config_TCO","SI",1]
["Converge_13_config_TCOMID16512FHDDistribuzione Linux",null,"Converge","MID",16,512,"FHD","Distribuzione Linux","13_config_TCO","SI",1]
["Converge_13_config_TCOMID16512FHDWindows 11 Pro Education",null,"Converge","MID",16,512,"FHD","Windows 11 Pro Education","13_config_TCO","SI",1]
["Converge_13_config_TCOMID16512FHDWindows 11 Pro",null,"Converge","MID",16,512,"FHD","Windows 11 Pro","13_config_TCO","SI",1]
["Converge_13_config_TCOHIGH8256HDDistribuzione Linux",null,"Converge","HIGH",8,256,"HD","Distribuzione Linux","13_config_TCO","NO",0]
["Converge_13_config_TCOHIGH8256HDWindows 11 Pro Education",null,"Converge","HIGH",8,256,"HD","Windows 11 Pro Education","13_config_TCO","NO",0]
["Converge_13_config_TCOHIGH8256HDWindows 11 Pro",null,"Converge","HIGH",8,256,"HD","Windows 11 Pro","13_config_TCO","NO",0]
["Converge_13_config_TCOHIGH16256HDDistribuzione Linux",null,"Converge","HIGH",16,256,"HD","Distribuzione Linux","13_config_TCO","NO",0]
["Converge_13_config_TCOHIGH16256HDWindows 11 Pro Education",null,"Converge","HIGH",16,256,"HD","Windows 11 Pro Education","13_config_TCO","NO",0]
["Converge_13_config_TCOHIGH16256HDWindows 11 Pro",null,"Converge","HIGH",16,256,"HD","Windows 11 Pro","13_config_TCO","NO",0]
["Converge_13_config_TCOHIGH8512HDDistribuzione Linux",null,"Converge","HIGH",8,512,"HD","Distribuzione Linux","13_config_TCO","NO",0]
["Converge_13_config_TCOHIGH8512HDWindows 11 Pro Education",null,"Converge","HIGH",8,512,"HD","Windows 11 Pro Education","13_config_TCO","NO",0]
["Converge_13_config_TCOHIGH8512HDWindows 11 Pro",null,"Converge","HIGH",8,512,"HD","Windows 11 Pro","13_config_TCO","NO",0]
["Converge_13_config_TCOHIGH16512HDDistribuzione Linux",null,"Converge","HIGH",16,512,"HD","Distribuzione Linux","13_config_TCO","NO",0]
["Converge_13_config_TCOHIGH16512HDWindows 11 Pro Education",null,"Converge","HIGH",16,512,"HD","Windows 11 Pro Education","13_config_TCO","NO",0]
["Converge_13_config_TCOHIGH16512HDWindows 11 Pro",null,"Converge","HIGH",16,512,"HD","Windows 11 Pro","13_config_TCO","NO",0]
["Converge_13_config_TCOHIGH8256FHDDistribuzione Linux",null,"Converge","HIGH",8,256,"FHD","Distribuzione Linux","13_config_TCO","NO",0]
["Converge_13_config_TCOHIGH8256FHDWindows 11 Pro Education",null,"Converge","HIGH",8,256,"FHD","Windows 11 Pro Education","13_config_TCO","NO",0]
["Converge_13_config_TCOHIGH8256FHDWindows 11 Pro",null,"Converge","HIGH",8,256,"FHD","Windows 11 Pro","13_config_TCO","NO",0]
["Converge_13_config_TCOHIGH16256FHDDistribuzione Linux",null,"Converge","HIGH",16,256,"FHD","Distribuzione Linux","13_config_TCO","SI",1]
["Converge_13_config_TCOHIGH16256FHDWindows 11 Pro Education",null,"Converge","HIGH",16,256,"FHD","Windows 11 Pro Education","13_config_TCO","NO",0]
[{"$f":"C2085&\"_\"&I2085&D2085&E2085&F2085&G2085&H2085","v":"Converge_13_config_TCOHIGH16256FHDWindows 11 Pro"},null,"Converge","HIGH",16,256,"FHD","Windows 11 Pro","13_config_TCO","SI",1]
["Converge_13_config_TCOHIGH8512FHDDistribuzione Linux",null,"Converge","HIGH",8,512,"FHD","Distribuzione Linux","13_config_TCO","NO",0]
["Converge_13_config_TCOHIGH8512FHDWindows 11 Pro Education",null,"Converge","HIGH",8,512,"FHD","Windows 11 Pro Education","13_config_TCO","NO",0]
["Converge_13_config_TCOHIGH8512FHDWindows 11 Pro",null,"Converge","HIGH",8,512,"FHD","Windows 11 Pro","13_config_TCO","NO",0]
["Converge_13_config_TCOHIGH16512FHDDistribuzione Linux",null,"Converge","HIGH",16,512,"FHD","Distribuzione Linux","13_config_TCO","SI",1]
["Converge_13_config_TCOHIGH16512FHDWindows 11 Pro Education",null,"Converge","HIGH",16,512,"FHD","Windows 11 Pro Education","13_config_TCO","NO",0]
["Converge_13_config_TCOHIGH16512FHDWindows 11 Pro",null,"Converge","HIGH",16,512,"FHD","Windows 11 Pro","13_config_TCO","SI",1]
["Italware_15_config_standardLOW8256HDDistribuzione Linux",null,"Italware","LOW",8,256,"HD","Distribuzione Linux","15_config_standard","SI",1]
["Italware_15_config_standardLOW8256HDWindows 11 Pro Education",null,"Italware","LOW",8,256,"HD","Windows 11 Pro Education","15_config_standard","SI",1]
["Italware_15_config_standardLOW8256HDWindows 11 Pro",null,"Italware","LOW",8,256,"HD","Windows 11 Pro","15_config_standard","SI",1]
["Italware_15_config_standardLOW16256HDDistribuzione Linux",null,"Italware","LOW",16,256,"HD","Distribuzione Linux","15_config_standard","SI",1]
["Italware_15_config_standardLOW16256HDWindows 11 Pro Education",null,"Italware","LOW",16,256,"HD","Windows 11 Pro Education","15_config_standard","SI",1]
["Italware_15_config_standardLOW16256HDWindows 11 Pro",null,"Italware","LOW",16,256,"HD","Windows 11 Pro","15_config_standard","SI",1]
["Italware_15_config_standardLOW8512HDDistribuzione Linux",null,"Italware","LOW",8,512,"HD","Distribuzione Linux","15_config_standard","SI",1]
["Italware_15_config_standardLOW8512HDWindows 11 Pro Education",null,"Italware","LOW",8,512,"HD","Windows 11 Pro Education","15_config_standard","SI",1]
["Italware_15_config_standardLOW8512HDWindows 11 Pro",null,"Italware","LOW",8,512,"HD","Windows 11 Pro","15_config_standard","SI",1]
["Italware_15_config_standardLOW16512HDDistribuzione Linux",null,"Italware","LOW",16,512,"HD","Distribuzione Linux","15_config_standard","SI",1]
["Italware_15_config_standardLOW16512HDWindows 11 Pro Education",null,"Italware","LOW",16,512,"HD","Windows 11 Pro Education","15_config_standard","SI",1]
["Italware_15_config_standardLOW16512HDWindows 11 Pro",null,"Italware","LOW",16,512,"HD","Windows 11 Pro","15_config_standard","SI",1]
["Italware_15_config_standardLOW8256FHDDistribuzione Linux",null,"Italware","LOW",8,256,"FHD","Distribuzione Linux","15_config_standard","SI",1]
["Italware_15_config_standardLOW8256FHDWindows 11 Pro Education",null,"Italware","LOW",8,256,"FHD","Windows 11 Pro Education","15_config_standard","SI",1]
["Italware_15_config_standardLOW8256FHDWindows 11 Pro",null,"Italware","LOW",8,256,"FHD","Windows 11 Pro","15_config_standard","SI",1]
["Italware_15_config_standardLOW16256FHDDistribuzione Linux",null,"Italware","LOW",16,256,"FHD","Distribuzione Linux","15_config_standard","SI",1]
["Italware_15_config_standardLOW16256FHDWindows 11 Pro Education",null,"Italware","LOW",16,256,"FHD","Windows 11 Pro Education","15_config_standard","SI",1]
["Italware_15_config_standardLOW16256FHDWindows 11 Pro",null,"Italware","LOW",16,256,"FHD","Windows 11 Pro","15_config_standard","SI",1]
["Italware_15_config_standardLOW8512FHDDistribuzione Linux",null,"Italware","LOW",8,512,"FHD","Distribuzione Linux","15_config_standard","SI",1]
["Italware_15_config_standardLOW8512FHDWindows 11 Pro Education",null,"Italware","LOW",8,512,"FHD","Windows 11 Pro Education","15_config_standard","SI",1]
["Italware_15_config_standardLOW8512FHDWindows 11 Pro",null,"Italware","LOW",8,512,"FHD","Windows 11 Pro","15_config_standard","SI",1]
["Italware_15_config_standardLOW16512FHDDistribuzione Linux",null,"Italware","LOW",16,512,"FHD","Distribuzione Linux","15_config_standard","SI",1]
["Italware_15_config_standardLOW16512FHDWindows 11 Pro Education",null,"Italware","LOW",16,512,"FHD","Windows 11 Pro Education","15_config_standard","SI",1]
["Italware_15_config_standardLOW16512FHDWindows 11 Pro",null,"Italware","LOW",16,512,"FHD","Windows 11 Pro","15_config_standard","SI",1]
["Italware_15_config_standardMID8256HDDistribuzione Linux",null,"Italware","MID",8,256,"HD","Distribuzione Linux","15_config_standard","SI",1]
["Italware_15_config_standardMID8256HDWindows 11 Pro Education",null,"Italware","MID",8,256,"HD","Windows 11 Pro Education","15_config_standard","SI",1]
["Italware_15_config_standardMID8256HDWindows 11 Pro",null,"Italware","MID",8,256,"HD","Windows 11 Pro","15_config_standard","SI",1]
["Italware_15_config_standardMID16256HDDistribuzione Linux",null,"Italware","MID",16,256,"HD","Distribuzione Linux","15_config_standard","SI",1]
["Italware_15_config_standardMID16256HDWindows 11 Pro Education",null,"Italware","MID",16,256,"HD","Windows 11 Pro Education","15_config_standard","SI",1]
["Italware_15_config_standardMID16256HDWindows 11 Pro",null,"Italware","MID",16,256,"HD","Windows 11 Pro","15_config_standard","SI",1]
["Italware_15_config_standardMID8512HDDistribuzione Linux",null,"Italware","MID",8,512,"HD","Distribuzione Linux","15_config_standard","SI",1]
["Italware_15_config_standardMID8512HDWindows 11 Pro Education",null,"Italware","MID",8,512,"HD","Windows 11 Pro Education","15_config_standard","SI",1]
["Italware_15_config_standardMID8512HDWindows 11 Pro",null,"Italware","MID",8,512,"HD","Windows 11 Pro","15_config_standard","SI",1]
["Italware_15_config_standardMID16512HDDistribuzione Linux",null,"Italware","MID",16,512,"HD","Distribuzione Linux","15_config_standard","SI",{"$f":"+IF(J2125=\"NO\",0,1)","v":1}]
["Italware_15_config_standardMID16512HDWindows 11 Pro Education",null,"Italware","MID",16,512,"HD","Windows 11 Pro Education","15_config_standard","SI",1]
["Italware_15_config_standardMID16512HDWindows 11 Pro",null,"Italware","MID",16,512,"HD","Windows 11 Pro","15_config_standard","SI",1]
["Italware_15_config_standardMID8256FHDDistribuzione Linux",null,"Italware","MID",8,256,"FHD","Distribuzione Linux","15_config_standard","SI",1]
["Italware_15_config_standardMID8256FHDWindows 11 Pro Education",null,"Italware","MID",8,256,"FHD","Windows 11 Pro Education","15_config_standard","SI",1]
["Italware_15_config_standardMID8256FHDWindows 11 Pro",null,"Italware","MID",8,256,"FHD","Windows 11 Pro","15_config_standard","SI",1]
["Italware_15_config_standardMID16256FHDDistribuzione Linux",null,"Italware","MID",16,256,"FHD","Distribuzione Linux","15_config_standard","SI",1]
["Italware_15_config_standardMID16256FHDWindows 11 Pro Education",null,"Italware","MID",16,256,"FHD","Windows 11 Pro Education","15_config_standard","SI",1]
["Italware_15_config_standardMID16256FHDWindows 11 Pro",null,"Italware","MID",16,256,"FHD","Windows 11 Pro","15_config_standard","SI",1]
["Italware_15_config_standardMID8512FHDDistribuzione Linux",null,"Italware","MID",8,512,"FHD","Distribuzione Linux","15_config_standard","SI",1]
["Italware_15_config_standardMID8512FHDWindows 11 Pro Education",null,"Italware","MID",8,512,"FHD","Windows 11 Pro Education","15_config_standard","SI",1]
["Italware_15_config_standardMID8512FHDWindows 11 Pro",null,"Italware","MID",8,512,"FHD","Windows 11 Pro","15_config_standard","SI",1]
["Italware_15_config_standardMID16512FHDDistribuzione Linux",null,"Italware","MID",16,512,"FHD","Distribuzione Linux","15_config_standard","SI",1]
["Italware_15_config_standardMID16512FHDWindows 11 Pro Education",null,"Italware","MID",16,512,"FHD","Windows 11 Pro Education","15_config_standard","SI",1]
["Italware_15_config_standardMID16512FHDWindows 11 Pro",null,"Italware","MID",16,512,"FHD","Windows 11 Pro","15_config_standard","SI",1]
["Italware_15_config_standardHIGH8256HDDistribuzione Linux",null,"Italware","HIGH",8,256,"HD","Distribuzione Linux","15_config_standard","SI",1]
["Italware_15_config_standardHIGH8256HDWindows 11 Pro Education",null,"Italware","HIGH",8,256,"HD","Windows 11 Pro Education","15_config_standard","SI",1]
["Italware_15_config_standardHIGH8256HDWindows 11 Pro",null,"Italware","HIGH",8,256,"HD","Windows 11 Pro","15_config_standard","SI",1]
["Italware_15_config_standardHIGH16256HDDistribuzione Linux",null,"Italware","HIGH",16,256,"HD","Distribuzione Linux","15_config_standard","SI",1]
["Italware_15_config_standardHIGH16256HDWindows 11 Pro Education",null,"Italware","HIGH",16,256,"HD","Windows 11 Pro Education","15_config_standard","SI",1]
["Italware_15_config_standardHIGH16256HDWindows 11 Pro",null,"Italware","HIGH",16,256,"HD","Windows 11 Pro","15_config_standard","SI",1]
["Italware_15_config_standardHIGH8512HDDistribuzione Linux",null,"Italware","HIGH",8,512,"HD","Distribuzione Linux","15_config_standard","SI",1]
["Italware_15_config_standardHIGH8512HDWindows 11 Pro Education",null,"Italware","HIGH",8,512,"HD","Windows 11 Pro Education","15_config_standard","SI",1]
["Italware_15_config_standardHIGH8512HDWindows 11 Pro",null,"Italware","HIGH",8,512,"HD","Windows 11 Pro","15_config_standard","SI",1]
[{"$f":"C2149&\"_\"&I2149&D2149&E2149&F2149&G2149&H2149","v":"Italware_15_config_standardHIGH16512HDDistribuzione Linux"},null,"Italware","HIGH",16,512,"HD","Distribuzione Linux","15_config_standard","SI",1]
["Italware_15_config_standardHIGH16512HDWindows 11 Pro Education",null,"Italware","HIGH",16,512,"HD","Windows 11 Pro Education","15_config_standard","SI",1]
["Italware_15_config_standardHIGH16512HDWindows 11 Pro",null,"Italware","HIGH",16,512,"HD","Windows 11 Pro","15_config_standard","SI",1]
["Italware_15_config_standardHIGH8256FHDDistribuzione Linux",null,"Italware","HIGH",8,256,"FHD","Distribuzione Linux","15_config_standard","SI",1]
["Italware_15_config_standardHIGH8256FHDWindows 11 Pro Education",null,"Italware","HIGH",8,256,"FHD","Windows 11 Pro Education","15_config_standard","SI",1]
["Italware_15_config_standardHIGH8256FHDWindows 11 Pro",null,"Italware","HIGH",8,256,"FHD","Windows 11 Pro","15_config_standard","SI",1]
["Italware_15_config_standardHIGH16256FHDDistribuzione Linux",null,"Italware","HIGH",16,256,"FHD","Distribuzione Linux","15_config_standard","SI",1]
["Italware_15_config_standardHIGH16256FHDWindows 11 Pro Education",null,"Italware","HIGH",16,256,"FHD","Windows 11 Pro Education","15_config_standard","SI",1]
["Italware_15_config_standardHIGH16256FHDWindows 11 Pro",null,"Italware","HIGH",16,256,"FHD","Windows 11 Pro","15_config_standard","SI",1]
["Italware_15_config_standardHIGH8512FHDDistribuzione Linux",null,"Italware","HIGH",8,512,"FHD","Distribuzione Linux","15_config_standard","SI",1]
["Italware_15_config_standardHIGH8512FHDWindows 11 Pro Education",null,"Italware","HIGH",8,512,"FHD","Windows 11 Pro Education","15_config_standard","SI",1]
["Italware_15_config_standardHIGH8512FHDWindows 11 Pro",null,"Italware","HIGH",8,512,"FHD","Windows 11 Pro","15_config_standard","SI",1]
["Italware_15_config_standardHIGH16512FHDDistribuzione Linux",null,"Italware","HIGH",16,512,"FHD","Distribuzione Linux","15_config_standard","SI",1]
["Italware_15_config_standardHIGH16512FHDWindows 11 Pro Education",null,"Italware","HIGH",16,512,"FHD","Windows 11 Pro Education","15_config_standard","SI",1]
["Italware_15_config_standardHIGH16512FHDWindows 11 Pro",null,"Italware","HIGH",16,512,"FHD","Windows 11 Pro","15_config_standard","SI",1]
["Italware_15_config_TCOLOW8256HDDistribuzione Linux",null,"Italware","LOW",8,256,"HD","Distribuzione Linux","15_config_TCO","NO",0]
["Italware_15_config_TCOLOW8256HDWindows 11 Pro Education",null,"Italware","LOW",8,256,"HD","Windows 11 Pro Education","15_config_TCO","SI",1]
["Italware_15_config_TCOLOW8256HDWindows 11 Pro",null,"Italware","LOW",8,256,"HD","Windows 11 Pro","15_config_TCO","SI",1]
["Italware_15_config_TCOLOW16256HDDistribuzione Linux",null,"Italware","LOW",16,256,"HD","Distribuzione Linux","15_config_TCO","SI",1]
["Italware_15_config_TCOLOW16256HDWindows 11 Pro Education",null,"Italware","LOW",16,256,"HD","Windows 11 Pro Education","15_config_TCO","SI",1]
["Italware_15_config_TCOLOW16256HDWindows 11 Pro",null,"Italware","LOW",16,256,"HD","Windows 11 Pro","15_config_TCO","SI",1]
["Italware_15_config_TCOLOW8512HDDistribuzione Linux",null,"Italware","LOW",8,512,"HD","Distribuzione Linux","15_config_TCO","SI",1]
["Italware_15_config_TCOLOW8512HDWindows 11 Pro Education",null,"Italware","LOW",8,512,"HD","Windows 11 Pro Education","15_config_TCO","SI",1]
["Italware_15_config_TCOLOW8512HDWindows 11 Pro",null,"Italware","LOW",8,512,"HD","Windows 11 Pro","15_config_TCO","SI",1]
["Italware_15_config_TCOLOW16512HDDistribuzione Linux",null,"Italware","LOW",16,512,"HD","Distribuzione Linux","15_config_TCO","SI",1]
["Italware_15_config_TCOLOW16512HDWindows 11 Pro Education",null,"Italware","LOW",16,512,"HD","Windows 11 Pro Education","15_config_TCO","SI",1]
["Italware_15_config_TCOLOW16512HDWindows 11 Pro",null,"Italware","LOW",16,512,"HD","Windows 11 Pro","15_config_TCO","SI",1]
["Italware_15_config_TCOLOW8256FHDDistribuzione Linux",null,"Italware","LOW",8,256,"FHD","Distribuzione Linux","15_config_TCO","SI",1]
["Italware_15_config_TCOLOW8256FHDWindows 11 Pro Education",null,"Italware","LOW",8,256,"FHD","Windows 11 Pro Education","15_config_TCO","SI",1]
["Italware_15_config_TCOLOW8256FHDWindows 11 Pro",null,"Italware","LOW",8,256,"FHD","Windows 11 Pro","15_config_TCO","SI",1]
["Italware_15_config_TCOLOW16256FHDDistribuzione Linux",null,"Italware","LOW",16,256,"FHD","Distribuzione Linux","15_config_TCO","SI",1]
["Italware_15_config_TCOLOW16256FHDWindows 11 Pro Education",null,"Italware","LOW",16,256,"FHD","Windows 11 Pro Education","15_config_TCO","SI",1]
["Italware_15_config_TCOLOW16256FHDWindows 11 Pro",null,"Italware","LOW",16,256,"FHD","Windows 11 Pro","15_config_TCO","SI",1]
["Italware_15_config_TCOLOW8512FHDDistribuzione Linux",null,"Italware","LOW",8,512,"FHD","Distribuzione Linux","15_config_TCO","SI",1]
["Italware_15_config_TCOLOW8512FHDWindows 11 Pro Education",null,"Italware","LOW",8,512,"FHD","Windows 11 Pro Education","15_config_TCO","SI",1]
["Italware_15_config_TCOLOW8512FHDWindows 11 Pro",null,"Italware","LOW",8,512,"FHD","Windows 11 Pro","15_config_TCO","SI",1]
["Italware_15_config_TCOLOW16512FHDDistribuzione Linux",null,"Italware","LOW",16,512,"FHD","Distribuzione Linux","15_config_TCO","SI",1]
["Italware_15_config_TCOLOW16512FHDWindows 11 Pro Education",null,"Italware","LOW",16,512,"FHD","Windows 11 Pro Education","15_config_TCO","SI",1]
["Italware_15_config_TCOLOW16512FHDWindows 11 Pro",null,"Italware","LOW",16,512,"FHD","Windows 11 Pro","15_config_TCO","SI",1]
["Italware_15_config_TCOMID8256HDDistribuzione Linux",null,"Italware","MID",8,256,"HD","Distribuzione Linux","15_config_TCO","SI",1]
["Italware_15_config_TCOMID8256HDWindows 11 Pro Education",null,"Italware","MID",8,256,"HD","Windows 11 Pro Education","15_config_TCO","SI",{"$f":"+IF(J2189=\"NO\",0,1)","v":1}]
["Italware_15_config_TCOMID8256HDWindows 11 Pro",null,"Italware","MID",8,256,"HD","Windows 11 Pro","15_config_TCO","SI",1]
["Italware_15_config_TCOMID16256HDDistribuzione Linux",null,"Italware","MID",16,256,"HD","Distribuzione Linux","15_config_TCO","SI",1]
["Italware_15_config_TCOMID16256HDWindows 11 Pro Education",null,"Italware","MID",16,256,"HD","Windows 11 Pro Education","15_config_TCO","SI",1]
["Italware_15_config_TCOMID16256HDWindows 11 Pro",null,"Italware","MID",16,256,"HD","Windows 11 Pro","15_config_TCO","SI",1]
["Italware_15_config_TCOMID8512HDDistribuzione Linux",null,"Italware","MID",8,512,"HD","Distribuzione Linux","15_config_TCO","SI",1]
["Italware_15_config_TCOMID8512HDWindows 11 Pro Education",null,"Italware","MID",8,512,"HD","Windows 11 Pro Education","15_config_TCO","SI",1]
["Italware_15_config_TCOMID8512HDWindows 11 Pro",null,"Italware","MID",8,512,"HD","Windows 11 Pro","15_config_TCO","SI",1]
["Italware_15_config_TCOMID16512HDDistribuzione Linux",null,"Italware","MID",16,512,"HD","Distribuzione Linux","15_config_TCO","SI",1]
["Italware_15_config_TCOMID16512HDWindows 11 Pro Education",null,"Italware","MID",16,512,"HD","Windows 11 Pro Education","15_config_TCO","SI",1]
["Italware_15_config_TCOMID16512HDWindows 11 Pro",null,"Italware","MID",16,512,"HD","Windows 11 Pro","15_config_TCO","SI",1]
["Italware_15_config_TCOMID8256FHDDistribuzione Linux",null,"Italware","MID",8,256,"FHD","Distribuzione Linux","15_config_TCO","SI",1]
["Italware_15_config_TCOMID8256FHDWindows 11 Pro Education",null,"Italware","MID",8,256,"FHD","Windows 11 Pro Education","15_config_TCO","SI",1]
["Italware_15_config_TCOMID8256FHDWindows 11 Pro",null,"Italware","MID",8,256,"FHD","Windows 11 Pro","15_config_TCO","SI",1]
["Italware_15_config_TCOMID16256FHDDistribuzione Linux",null,"Italware","MID",16,256,"FHD","Distribuzione Linux","15_config_TCO","SI",1]
["Italware_15_config_TCOMID16256FHDWindows 11 Pro Education",null,"Italware","MID",16,256,"FHD","Windows 11 Pro Education","15_config_TCO","SI",1]
["Italware_15_config_TCOMID16256FHDWindows 11 Pro",null,"Italware","MID",16,256,"FHD","Windows 11 Pro","15_config_TCO","SI",1]
["Italware_15_config_TCOMID8512FHDDistribuzione Linux",null,"Italware","MID",8,512,"FHD","Distribuzione Linux","15_config_TCO","SI",1]
["Italware_15_config_TCOMID8512FHDWindows 11 Pro Education",null,"Italware","MID",8,512,"FHD","Windows 11 Pro Education","15_config_TCO","SI",1]
["Italware_15_config_TCOMID8512FHDWindows 11 Pro",null,"Italware","MID",8,512,"FHD","Windows 11 Pro","15_config_TCO","SI",1]
["Italware_15_config_TCOMID16512FHDDistribuzione Linux",null,"Italware","MID",16,512,"FHD","Distribuzione Linux","15_config_TCO","SI",1]
["Italware_15_config_TCOMID16512FHDWindows 11 Pro Education",null,"Italware","MID",16,512,"FHD","Windows 11 Pro Education","15_config_TCO","SI",1]
["Italware_15_config_TCOMID16512FHDWindows 11 Pro",null,"Italware","MID",16,512,"FHD","Windows 11 Pro","15_config_TCO","SI",1]
["Italware_15_config_TCOHIGH8256HDDistribuzione Linux",null,"Italware","HIGH",8,256,"HD","Distribuzione Linux","15_config_TCO","SI",1]
[{"$f":"C2213&\"_\"&I2213&D2213&E2213&F2213&G2213&H2213","v":"Italware_15_config_TCOHIGH8256HDWindows 11 Pro Education"},null,"Italware","HIGH",8,256,"HD","Windows 11 Pro Education","15_config_TCO","SI",1]
["Italware_15_config_TCOHIGH8256HDWindows 11 Pro",null,"Italware","HIGH",8,256,"HD","Windows 11 Pro","15_config_TCO","SI",1]
["Italware_15_config_TCOHIGH16256HDDistribuzione Linux",null,"Italware","HIGH",16,256,"HD","Distribuzione Linux","15_config_TCO","SI",1]
["Italware_15_config_TCOHIGH16256HDWindows 11 Pro Education",null,"Italware","HIGH",16,256,"HD","Windows 11 Pro Education","15_config_TCO","SI",1]
["Italware_15_config_TCOHIGH16256HDWindows 11 Pro",null,"Italware","HIGH",16,256,"HD","Windows 11 Pro","15_config_TCO","SI",1]
["Italware_15_config_TCOHIGH8512HDDistribuzione Linux",null,"Italware","HIGH",8,512,"HD","Distribuzione Linux","15_config_TCO","SI",1]
["Italware_15_config_TCOHIGH8512HDWindows 11 Pro Education",null,"Italware","HIGH",8,512,"HD","Windows 11 Pro Education","15_config_TCO","SI",1]
["Italware_15_config_TCOHIGH8512HDWindows 11 Pro",null,"Italware","HIGH",8,512,"HD","Windows 11 Pro","15_config_TCO","SI",1]
["Italware_15_config_TCOHIGH16512HDDistribuzione Linux",null,"Italware","HIGH",16,512,"HD","Distribuzione Linux","15_config_TCO","SI",1]
["Italware_15_config_TCOHIGH16512HDWindows 11 Pro Education",null,"Italware","HIGH",16,512,"HD","Windows 11 Pro Education","15_config_TCO","SI",1]
["Italware_15_config_TCOHIGH16512HDWindows 11 Pro",null,"Italware","HIGH",16,512,"HD","Windows 11 Pro","15_config_TCO","SI",1]
["Italware_15_config_TCOHIGH8256FHDDistribuzione Linux",null,"Italware","HIGH",8,256,"FHD","Distribuzione Linux","15_config_TCO","SI",1]
["Italware_15_config_TCOHIGH8256FHDWindows 11 Pro Education",null,"Italware","HIGH",8,256,"FHD","Windows 11 Pro Education","15_config_TCO","SI",1]
["Italware_15_config_TCOHIGH8256FHDWindows 11 Pro",null,"Italware","HIGH",8,256,"FHD","Windows 11 Pro","15_config_TCO","SI",1]
["Italware_15_config_TCOHIGH16256FHDDistribuzione Linux",null,"Italware","HIGH",16,256,"FHD","Distribuzione Linux","15_config_TCO","SI",1]
["Italware_15_config_TCOHIGH16256FHDWindows 11 Pro Education",null,"Italware","HIGH",16,256,"FHD","Windows 11 Pro Education","15_config_TCO","SI",1]
["Italware_15_config_TCOHIGH16256FHDWindows 11 Pro",null,"Italware","HIGH",16,256,"FHD","Windows 11 Pro","15_config_TCO","SI",1]
["Italware_15_config_TCOHIGH8512FHDDistribuzione Linux",null,"Italware","HIGH",8,512,"FHD","Distribuzione Linux","15_config_TCO","SI",1]
["Italware_15_config_TCOHIGH8512FHDWindows 11 Pro Education",null,"Italware","HIGH",8,512,"FHD","Windows 11 Pro Education","15_config_TCO","SI",1]
["Italware_15_config_TCOHIGH8512FHDWindows 11 Pro",null,"Italware","HIGH",8,512,"FHD","Windows 11 Pro","15_config_TCO","SI",1]
["Italware_15_config_TCOHIGH16512FHDDistribuzione Linux",null,"Italware","HIGH",16,512,"FHD","Distribuzione Linux","15_config_TCO","SI",1]
["Italware_15_config_TCOHIGH16512FHDWindows 11 Pro Education",null,"Italware","HIGH",16,512,"FHD","Windows 11 Pro Education","15_config_TCO","SI",1]
["Italware_15_config_TCOHIGH16512FHDWindows 11 Pro",null,"Italware","HIGH",16,512,"FHD","Windows 11 Pro","15_config_TCO","SI",1]
["Italware_14_config_standardLOW8256HDDistribuzione Linux",null,"Italware","LOW",8,256,"HD","Distribuzione Linux","14_config_standard","SI",1]
["Italware_14_config_standardLOW8256HDWindows 11 Pro Education",null,"Italware","LOW",8,256,"HD","Windows 11 Pro Education","14_config_standard","SI",1]
["Italware_14_config_standardLOW8256HDWindows 11 Pro",null,"Italware","LOW",8,256,"HD","Windows 11 Pro","14_config_standard","SI",1]
["Italware_14_config_standardLOW16256HDDistribuzione Linux",null,"Italware","LOW",16,256,"HD","Distribuzione Linux","14_config_standard","SI",1]
["Italware_14_config_standardLOW16256HDWindows 11 Pro Education",null,"Italware","LOW",16,256,"HD","Windows 11 Pro Education","14_config_standard","SI",1]
["Italware_14_config_standardLOW16256HDWindows 11 Pro",null,"Italware","LOW",16,256,"HD","Windows 11 Pro","14_config_standard","SI",1]
["Italware_14_config_standardLOW8512HDDistribuzione Linux",null,"Italware","LOW",8,512,"HD","Distribuzione Linux","14_config_standard","SI",1]
["Italware_14_config_standardLOW8512HDWindows 11 Pro Education",null,"Italware","LOW",8,512,"HD","Windows 11 Pro Education","14_config_standard","SI",1]
["Italware_14_config_standardLOW8512HDWindows 11 Pro",null,"Italware","LOW",8,512,"HD","Windows 11 Pro","14_config_standard","SI",1]
["Italware_14_config_standardLOW16512HDDistribuzione Linux",null,"Italware","LOW",16,512,"HD","Distribuzione Linux","14_config_standard","SI",1]
["Italware_14_config_standardLOW16512HDWindows 11 Pro Education",null,"Italware","LOW",16,512,"HD","Windows 11 Pro Education","14_config_standard","SI",1]
["Italware_14_config_standardLOW16512HDWindows 11 Pro",null,"Italware","LOW",16,512,"HD","Windows 11 Pro","14_config_standard","SI",1]
["Italware_14_config_standardLOW8256FHDDistribuzione Linux",null,"Italware","LOW",8,256,"FHD","Distribuzione Linux","14_config_standard","SI",1]
["Italware_14_config_standardLOW8256FHDWindows 11 Pro Education",null,"Italware","LOW",8,256,"FHD","Windows 11 Pro Education","14_config_standard","SI",1]
["Italware_14_config_standardLOW8256FHDWindows 11 Pro",null,"Italware","LOW",8,256,"FHD","Windows 11 Pro","14_config_standard","SI",1]
["Italware_14_config_standardLOW16256FHDDistribuzione Linux",null,"Italware","LOW",16,256,"FHD","Distribuzione Linux","14_config_standard","SI",1]
["Italware_14_config_standardLOW16256FHDWindows 11 Pro Education",null,"Italware","LOW",16,256,"FHD","Windows 11 Pro Education","14_config_standard","SI",1]
["Italware_14_config_standardLOW16256FHDWindows 11 Pro",null,"Italware","LOW",16,256,"FHD","Windows 11 Pro","14_config_standard","SI",{"$f":"+IF(J2253=\"NO\",0,1)","v":1}]
["Italware_14_config_standardLOW8512FHDDistribuzione Linux",null,"Italware","LOW",8,512,"FHD","Distribuzione Linux","14_config_standard","SI",1]
["Italware_14_config_standardLOW8512FHDWindows 11 Pro Education",null,"Italware","LOW",8,512,"FHD","Windows 11 Pro Education","14_config_standard","SI",1]
["Italware_14_config_standardLOW8512FHDWindows 11 Pro",null,"Italware","LOW",8,512,"FHD","Windows 11 Pro","14_config_standard","SI",1]
["Italware_14_config_standardLOW16512FHDDistribuzione Linux",null,"Italware","LOW",16,512,"FHD","Distribuzione Linux","14_config_standard","SI",1]
["Italware_14_config_standardLOW16512FHDWindows 11 Pro Education",null,"Italware","LOW",16,512,"FHD","Windows 11 Pro Education","14_config_standard","SI",1]
["Italware_14_config_standardLOW16512FHDWindows 11 Pro",null,"Italware","LOW",16,512,"FHD","Windows 11 Pro","14_config_standard","SI",1]
["Italware_14_config_standardMID8256HDDistribuzione Linux",null,"Italware","MID",8,256,"HD","Distribuzione Linux","14_config_standard","SI",1]
["Italware_14_config_standardMID8256HDWindows 11 Pro Education",null,"Italware","MID",8,256,"HD","Windows 11 Pro Education","14_config_standard","SI",1]
["Italware_14_config_standardMID8256HDWindows 11 Pro",null,"Italware","MID",8,256,"HD","Windows 11 Pro","14_config_standard","SI",1]
["Italware_14_config_standardMID16256HDDistribuzione Linux",null,"Italware","MID",16,256,"HD","Distribuzione Linux","14_config_standard","SI",1]
["Italware_14_config_standardMID16256HDWindows 11 Pro Education",null,"Italware","MID",16,256,"HD","Windows 11 Pro Education","14_config_standard","SI",1]
["Italware_14_config_standardMID16256HDWindows 11 Pro",null,"Italware","MID",16,256,"HD","Windows 11 Pro","14_config_standard","SI",1]
["Italware_14_config_standardMID8512HDDistribuzione Linux",null,"Italware","MID",8,512,"HD","Distribuzione Linux","14_config_standard","SI",1]
["Italware_14_config_standardMID8512HDWindows 11 Pro Education",null,"Italware","MID",8,512,"HD","Windows 11 Pro Education","14_config_standard","SI",1]
["Italware_14_config_standardMID8512HDWindows 11 Pro",null,"Italware","MID",8,512,"HD","Windows 11 Pro","14_config_standard","SI",1]
["Italware_14_config_standardMID16512HDDistribuzione Linux",null,"Italware","MID",16,512,"HD","Distribuzione Linux","14_config_standard","SI",1]
["Italware_14_config_standardMID16512HDWindows 11 Pro Education",null,"Italware","MID",16,512,"HD","Windows 11 Pro Education","14_config_standard","SI",1]
["Italware_14_config_standardMID16512HDWindows 11 Pro",null,"Italware","MID",16,512,"HD","Windows 11 Pro","14_config_standard","SI",1]
["Italware_14_config_standardMID8256FHDDistribuzione Linux",null,"Italware","MID",8,256,"FHD","Distribuzione Linux","14_config_standard","SI",1]
["Italware_14_config_standardMID8256FHDWindows 11 Pro Education",null,"Italware","MID",8,256,"FHD","Windows 11 Pro Education","14_config_standard","SI",1]
["Italware_14_config_standardMID8256FHDWindows 11 Pro",null,"Italware","MID",8,256,"FHD","Windows 11 Pro","14_config_standard","SI",1]
["Italware_14_config_standardMID16256FHDDistribuzione Linux",null,"Italware","MID",16,256,"FHD","Distribuzione Linux","14_config_standard","SI",1]
["Italware_14_config_standardMID16256FHDWindows 11 Pro Education",null,"Italware","MID",16,256,"FHD","Windows 11 Pro Education","14_config_standard","SI",1]
[{"$f":"C2277&\"_\"&I2277&D2277&E2277&F2277&G2277&H2277","v":"Italware_14_config_standardMID16256FHDWindows 11 Pro"},null,"Italware","MID",16,256,"FHD","Windows 11 Pro","14_config_standard","SI",1]
["Italware_14_config_standardMID8512FHDDistribuzione Linux",null,"Italware","MID",8,512,"FHD","Distribuzione Linux","14_config_standard","SI",1]
["Italware_14_config_standardMID8512FHDWindows 11 Pro Education",null,"Italware","MID",8,512,"FHD","Windows 11 Pro Education","14_config_standard","SI",1]
["Italware_14_config_standardMID8512FHDWindows 11 Pro",null,"Italware","MID",8,512,"FHD","Windows 11 Pro","14_config_standard","SI",1]
["Italware_14_config_standardMID16512FHDDistribuzione Linux",null,"Italware","MID",16,512,"FHD","Distribuzione Linux","14_config_standard","SI",1]
["Italware_14_config_standardMID16512FHDWindows 11 Pro Education",null,"Italware","MID",16,512,"FHD","Windows 11 Pro Education","14_config_standard","SI",1]
["Italware_14_config_standardMID16512FHDWindows 11 Pro",null,"Italware","MID",16,512,"FHD","Windows 11 Pro","14_config_standard","SI",1]
["Italware_14_config_standardHIGH8256HDDistribuzione Linux",null,"Italware","HIGH",8,256,"HD","Distribuzione Linux","14_config_standard","SI",1]
["Italware_14_config_standardHIGH8256HDWindows 11 Pro Education",null,"Italware","HIGH",8,256,"HD","Windows 11 Pro Education","14_config_standard","SI",1]
["Italware_14_config_standardHIGH8256HDWindows 11 Pro",null,"Italware","HIGH",8,256,"HD","Windows 11 Pro","14_config_standard","SI",1]
["Italware_14_config_standardHIGH16256HDDistribuzione Linux",null,"Italware","HIGH",16,256,"HD","Distribuzione Linux","14_config_standard","SI",1]
["Italware_14_config_standardHIGH16256HDWindows 11 Pro Education",null,"Italware","HIGH",16,256,"HD","Windows 11 Pro Education","14_config_standard","SI",1]
["Italware_14_config_standardHIGH16256HDWindows 11 Pro",null,"Italware","HIGH",16,256,"HD","Windows 11 Pro","14_config_standard","SI",1]
["Italware_14_config_standardHIGH8512HDDistribuzione Linux",null,"Italware","HIGH",8,512,"HD","Distribuzione Linux","14_config_standard","SI",1]
["Italware_14_config_standardHIGH8512HDWindows 11 Pro Education",null,"Italware","HIGH",8,512,"HD","Windows 11 Pro Education","14_config_standard","SI",1]
["Italware_14_config_standardHIGH8512HDWindows 11 Pro",null,"Italware","HIGH",8,512,"HD","Windows 11 Pro","14_config_standard","SI",1]
["Italware_14_config_standardHIGH16512HDDistribuzione Linux",null,"Italware","HIGH",16,512,"HD","Distribuzione Linux","14_config_standard","SI",1]
["Italware_14_config_standardHIGH16512HDWindows 11 Pro Education",null,"Italware","HIGH",16,512,"HD","Windows 11 Pro Education","14_config_standard","SI",1]
["Italware_14_config_standardHIGH16512HDWindows 11 Pro",null,"Italware","HIGH",16,512,"HD","Windows 11 Pro","14_config_standard","SI",1]
["Italware_14_config_standardHIGH8256FHDDistribuzione Linux",null,"Italware","HIGH",8,256,"FHD","Distribuzione Linux","14_config_standard","SI",1]
["Italware_14_config_standardHIGH8256FHDWindows 11 Pro Education",null,"Italware","HIGH",8,256,"FHD","Windows 11 Pro Education","14_config_standard","SI",1]
["Italware_14_config_standardHIGH8256FHDWindows 11 Pro",null,"Italware","HIGH",8,256,"FHD","Windows 11 Pro","14_config_standard","SI",1]
["Italware_14_config_standardHIGH16256FHDDistribuzione Linux",null,"Italware","HIGH",16,256,"FHD","Distribuzione Linux","14_config_standard","SI",1]
["Italware_14_config_standardHIGH16256FHDWindows 11 Pro Education",null,"Italware","HIGH",16,256,"FHD","Windows 11 Pro Education","14_config_standard","SI",1]
["Italware_14_config_standardHIGH16256FHDWindows 11 Pro",null,"Italware","HIGH",16,256,"FHD","Windows 11 Pro","14_config_standard","SI",1]
["Italware_14_config_standardHIGH8512FHDDistribuzione Linux",null,"Italware","HIGH",8,512,"FHD","Distribuzione Linux","14_config_standard","SI",1]
["Italware_14_config_standardHIGH8512FHDWindows 11 Pro Education",null,"Italware","HIGH",8,512,"FHD","Windows 11 Pro Education","14_config_standard","SI",1]
["Italware_14_config_standardHIGH8512FHDWindows 11 Pro",null,"Italware","HIGH",8,512,"FHD","Windows 11 Pro","14_config_standard","SI",1]
["Italware_14_config_standardHIGH16512FHDDistribuzione Linux",null,"Italware","HIGH",16,512,"FHD","Distribuzione Linux","14_config_standard","SI",1]
["Italware_14_config_standardHIGH16512FHDWindows 11 Pro Education",null,"Italware","HIGH",16,512,"FHD","Windows 11 Pro Education","14_config_standard","SI",1]
["Italware_14_config_standardHIGH16512FHDWindows 11 Pro",null,"Italware","HIGH",16,512,"FHD","Windows 11 Pro","14_config_standard","SI",1]
["Italware_14_config_TCOLOW8256HDDistribuzione Linux",null,"Italware","LOW",8,256,"HD","Distribuzione Linux","14_config_TCO","SI",1]
["Italware_14_config_TCOLOW8256HDWindows 11 Pro Education",null,"Italware","LOW",8,256,"HD","Windows 11 Pro Education","14_config_TCO","SI",1]
["Italware_14_config_TCOLOW8256HDWindows 11 Pro",null,"Italware","LOW",8,256,"HD","Windows 11 Pro","14_config_TCO","SI",1]
["Italware_14_config_TCOLOW16256HDDistribuzione Linux",null,"Italware","LOW",16,256,"HD","Distribuzione Linux","14_config_TCO","SI",1]
["Italware_14_config_TCOLOW16256HDWindows 11 Pro Education",null,"Italware","LOW",16,256,"HD","Windows 11 Pro Education","14_config_TCO","SI",1]
["Italware_14_config_TCOLOW16256HDWindows 11 Pro",null,"Italware","LOW",16,256,"HD","Windows 11 Pro","14_config_TCO","SI",1]
["Italware_14_config_TCOLOW8512HDDistribuzione Linux",null,"Italware","LOW",8,512,"HD","Distribuzione Linux","14_config_TCO","SI",1]
["Italware_14_config_TCOLOW8512HDWindows 11 Pro Education",null,"Italware","LOW",8,512,"HD","Windows 11 Pro Education","14_config_TCO","SI",1]
["Italware_14_config_TCOLOW8512HDWindows 11 Pro",null,"Italware","LOW",8,512,"HD","Windows 11 Pro","14_config_TCO","SI",1]
["Italware_14_config_TCOLOW16512HDDistribuzione Linux",null,"Italware","LOW",16,512,"HD","Distribuzione Linux","14_config_TCO","SI",{"$f":"+IF(J2317=\"NO\",0,1)","v":1}]
["Italware_14_config_TCOLOW16512HDWindows 11 Pro Education",null,"Italware","LOW",16,512,"HD","Windows 11 Pro Education","14_config_TCO","SI",1]
["Italware_14_config_TCOLOW16512HDWindows 11 Pro",null,"Italware","LOW",16,512,"HD","Windows 11 Pro","14_config_TCO","SI",1]
["Italware_14_config_TCOLOW8256FHDDistribuzione Linux",null,"Italware","LOW",8,256,"FHD","Distribuzione Linux","14_config_TCO","SI",1]
["Italware_14_config_TCOLOW8256FHDWindows 11 Pro Education",null,"Italware","LOW",8,256,"FHD","Windows 11 Pro Education","14_config_TCO","SI",1]
["Italware_14_config_TCOLOW8256FHDWindows 11 Pro",null,"Italware","LOW",8,256,"FHD","Windows 11 Pro","14_config_TCO","SI",1]
["Italware_14_config_TCOLOW16256FHDDistribuzione Linux",null,"Italware","LOW",16,256,"FHD","Distribuzione Linux","14_config_TCO","SI",1]
["Italware_14_config_TCOLOW16256FHDWindows 11 Pro Education",null,"Italware","LOW",16,256,"FHD","Windows 11 Pro Education","14_config_TCO","SI",1]
["Italware_14_config_TCOLOW16256FHDWindows 11 Pro",null,"Italware","LOW",16,256,"FHD","Windows 11 Pro","14_config_TCO","SI",1]
["Italware_14_config_TCOLOW8512FHDDistribuzione Linux",null,"Italware","LOW",8,512,"FHD","Distribuzione Linux","14_config_TCO","SI",1]
["Italware_14_config_TCOLOW8512FHDWindows 11 Pro Education",null,"Italware","LOW",8,512,"FHD","Windows 11 Pro Education","14_config_TCO","SI",1]
["Italware_14_config_TCOLOW8512FHDWindows 11 Pro",null,"Italware","LOW",8,512,"FHD","Windows 11 Pro","14_config_TCO","SI",1]
["Italware_14_config_TCOLOW16512FHDDistribuzione Linux",null,"Italware","LOW",16,512,"FHD","Distribuzione Linux","14_config_TCO","SI",1]
["Italware_14_config_TCOLOW16512FHDWindows 11 Pro Education",null,"Italware","LOW",16,512,"FHD","Windows 11 Pro Education","14_config_TCO","SI",1]
["Italware_14_config_TCOLOW16512FHDWindows 11 Pro",null,"Italware","LOW",16,512,"FHD","Windows 11 Pro","14_config_TCO","SI",1]
["Italware_14_config_TCOMID8256HDDistribuzione Linux",null,"Italware","MID",8,256,"HD","Distribuzione Linux","14_config_TCO","SI",1]
["Italware_14_config_TCOMID8256HDWindows 11 Pro Education",null,"Italware","MID",8,256,"HD","Windows 11 Pro Education","14_config_TCO","SI",1]
["Italware_14_config_TCOMID8256HDWindows 11 Pro",null,"Italware","MID",8,256,"HD","Windows 11 Pro","14_config_TCO","SI",1]
["Italware_14_config_TCOMID16256HDDistribuzione Linux",null,"Italware","MID",16,256,"HD","Distribuzione Linux","14_config_TCO","SI",1]
["Italware_14_config_TCOMID16256HDWindows 11 Pro Education",null,"Italware","MID",16,256,"HD","Windows 11 Pro Education","14_config_TCO","SI",1]
["Italware_14_config_TCOMID16256HDWindows 11 Pro",null,"Italware","MID",16,256,"HD","Windows 11 Pro","14_config_TCO","SI",1]
["Italware_14_config_TCOMID8512HDDistribuzione Linux",null,"Italware","MID",8,512,"HD","Distribuzione Linux","14_config_TCO","SI",1]
["Italware_14_config_TCOMID8512HDWindows 11 Pro Education",null,"Italware","MID",8,512,"HD","Windows 11 Pro Education","14_config_TCO","SI",1]
["Italware_14_config_TCOMID8512HDWindows 11 Pro",null,"Italware","MID",8,512,"HD","Windows 11 Pro","14_config_TCO","SI",1]
[{"$f":"C2341&\"_\"&I2341&D2341&E2341&F2341&G2341&H2341","v":"Italware_14_config_TCOMID16512HDDistribuzione Linux"},null,"Italware","MID",16,512,"HD","Distribuzione Linux","14_config_TCO","SI",1]
["Italware_14_config_TCOMID16512HDWindows 11 Pro Education",null,"Italware","MID",16,512,"HD","Windows 11 Pro Education","14_config_TCO","SI",1]
["Italware_14_config_TCOMID16512HDWindows 11 Pro",null,"Italware","MID",16,512,"HD","Windows 11 Pro","14_config_TCO","SI",1]
["Italware_14_config_TCOMID8256FHDDistribuzione Linux",null,"Italware","MID",8,256,"FHD","Distribuzione Linux","14_config_TCO","SI",1]
["Italware_14_config_TCOMID8256FHDWindows 11 Pro Education",null,"Italware","MID",8,256,"FHD","Windows 11 Pro Education","14_config_TCO","SI",1]
["Italware_14_config_TCOMID8256FHDWindows 11 Pro",null,"Italware","MID",8,256,"FHD","Windows 11 Pro","14_config_TCO","SI",1]
["Italware_14_config_TCOMID16256FHDDistribuzione Linux",null,"Italware","MID",16,256,"FHD","Distribuzione Linux","14_config_TCO","SI",1]
["Italware_14_config_TCOMID16256FHDWindows 11 Pro Education",null,"Italware","MID",16,256,"FHD","Windows 11 Pro Education","14_config_TCO","SI",1]
["Italware_14_config_TCOMID16256FHDWindows 11 Pro",null,"Italware","MID",16,256,"FHD","Windows 11 Pro","14_config_TCO","SI",1]
["Italware_14_config_TCOMID8512FHDDistribuzione Linux",null,"Italware","MID",8,512,"FHD","Distribuzione Linux","14_config_TCO","SI",1]
["Italware_14_config_TCOMID8512FHDWindows 11 Pro Education",null,"Italware","MID",8,512,"FHD","Windows 11 Pro Education","14_config_TCO","SI",1]
["Italware_14_config_TCOMID8512FHDWindows 11 Pro",null,"Italware","MID",8,512,"FHD","Windows 11 Pro","14_config_TCO","SI",1]
["Italware_14_config_TCOMID16512FHDDistribuzione Linux",null,"Italware","MID",16,512,"FHD","Distribuzione Linux","14_config_TCO","SI",1]
["Italware_14_config_TCOMID16512FHDWindows 11 Pro Education",null,"Italware","MID",16,512,"FHD","Windows 11 Pro Education","14_config_TCO","SI",1]
["Italware_14_config_TCOMID16512FHDWindows 11 Pro",null,"Italware","MID",16,512,"FHD","Windows 11 Pro","14_config_TCO","SI",1]
["Italware_14_config_TCOHIGH8256HDDistribuzione Linux",null,"Italware","HIGH",8,256,"HD","Distribuzione Linux","14_config_TCO","SI",1]
["Italware_14_config_TCOHIGH8256HDWindows 11 Pro Education",null,"Italware","HIGH",8,256,"HD","Windows 11 Pro Education","14_config_TCO","SI",1]
["Italware_14_config_TCOHIGH8256HDWindows 11 Pro",null,"Italware","HIGH",8,256,"HD","Windows 11 Pro","14_config_TCO","SI",1]
["Italware_14_config_TCOHIGH16256HDDistribuzione Linux",null,"Italware","HIGH",16,256,"HD","Distribuzione Linux","14_config_TCO","SI",1]
["Italware_14_config_TCOHIGH16256HDWindows 11 Pro Education",null,"Italware","HIGH",16,256,"HD","Windows 11 Pro Education","14_config_TCO","SI",1]
["Italware_14_config_TCOHIGH16256HDWindows 11 Pro",null,"Italware","HIGH",16,256,"HD","Windows 11 Pro","14_config_TCO","SI",1]
["Italware_14_config_TCOHIGH8512HDDistribuzione Linux",null,"Italware","HIGH",8,512,"HD","Distribuzione Linux","14_config_TCO","SI",1]
["Italware_14_config_TCOHIGH8512HDWindows 11 Pro Education",null,"Italware","HIGH",8,512,"HD","Windows 11 Pro Education","14_config_TCO","SI",1]
["Italware_14_config_TCOHIGH8512HDWindows 11 Pro",null,"Italware","HIGH",8,512,"HD","Windows 11 Pro","14_config_TCO","SI",1]
["Italware_14_config_TCOHIGH16512HDDistribuzione Linux",null,"Italware","HIGH",16,512,"HD","Distribuzione Linux","14_config_TCO","SI",1]
["Italware_14_config_TCOHIGH16512HDWindows 11 Pro Education",null,"Italware","HIGH",16,512,"HD","Windows 11 Pro Education","14_config_TCO","SI",1]
["Italware_14_config_TCOHIGH16512HDWindows 11 Pro",null,"Italware","HIGH",16,512,"HD","Windows 11 Pro","14_config_TCO","SI",1]
["Italware_14_config_TCOHIGH8256FHDDistribuzione Linux",null,"Italware","HIGH",8,256,"FHD","Distribuzione Linux","14_config_TCO","SI",1]
["Italware_14_config_TCOHIGH8256FHDWindows 11 Pro Education",null,"Italware","HIGH",8,256,"FHD","Windows 11 Pro Education","14_config_TCO","SI",1]
["Italware_14_config_TCOHIGH8256FHDWindows 11 Pro",null,"Italware","HIGH",8,256,"FHD","Windows 11 Pro","14_config_TCO","SI",1]
["Italware_14_config_TCOHIGH16256FHDDistribuzione Linux",null,"Italware","HIGH",16,256,"FHD","Distribuzione Linux","14_config_TCO","SI",1]
["Italware_14_config_TCOHIGH16256FHDWindows 11 Pro Education",null,"Italware","HIGH",16,256,"FHD","Windows 11 Pro Education","14_config_TCO","SI",1]
["Italware_14_config_TCOHIGH16256FHDWindows 11 Pro",null,"Italware","HIGH",16,256,"FHD","Windows 11 Pro","14_config_TCO","SI",1]
["Italware_14_config_TCOHIGH8512FHDDistribuzione Linux",null,"Italware","HIGH",8,512,"FHD","Distribuzione Linux","14_config_TCO","SI",1]
["Italware_14_config_TCOHIGH8512FHDWindows 11 Pro Education",null,"Italware","HIGH",8,512,"FHD","Windows 11 Pro Education","14_config_TCO","SI",1]
["Italware_14_config_TCOHIGH8512FHDWindows 11 Pro",null,"Italware","HIGH",8,512,"FHD","Windows 11 Pro","14_config_TCO","SI",1]
["Italware_14_config_TCOHIGH16512FHDDistribuzione Linux",null,"Italware","HIGH",16,512,"FHD","Distribuzione Linux","14_config_TCO","SI",1]
["Italware_14_config_TCOHIGH16512FHDWindows 11 Pro Education",null,"Italware","HIGH",16,512,"FHD","Windows 11 Pro Education","14_config_TCO","SI",1]
["Italware_14_config_TCOHIGH16512FHDWindows 11 Pro",null,"Italware","HIGH",16,512,"FHD","Windows 11 Pro","14_config_TCO","SI",1]
["Italware_13_config_standardLOW8256HDDistribuzione Linux",null,"Italware","LOW",8,256,"HD","Distribuzione Linux","13_config_standard","NO",0]
["Italware_13_config_standardLOW8256HDWindows 11 Pro Education",null,"Italware","LOW",8,256,"HD","Windows 11 Pro Education","13_config_standard","NO",{"$f":"+IF(J2381=\"NO\",0,1)","v":0}]
["Italware_13_config_standardLOW8256HDWindows 11 Pro",null,"Italware","LOW",8,256,"HD","Windows 11 Pro","13_config_standard","NO",0]
["Italware_13_config_standardLOW16256HDDistribuzione Linux",null,"Italware","LOW",16,256,"HD","Distribuzione Linux","13_config_standard","NO",0]
["Italware_13_config_standardLOW16256HDWindows 11 Pro Education",null,"Italware","LOW",16,256,"HD","Windows 11 Pro Education","13_config_standard","NO",0]
["Italware_13_config_standardLOW16256HDWindows 11 Pro",null,"Italware","LOW",16,256,"HD","Windows 11 Pro","13_config_standard","NO",0]
["Italware_13_config_standardLOW8512HDDistribuzione Linux",null,"Italware","LOW",8,512,"HD","Distribuzione Linux","13_config_standard","NO",0]
["Italware_13_config_standardLOW8512HDWindows 11 Pro Education",null,"Italware","LOW",8,512,"HD","Windows 11 Pro Education","13_config_standard","NO",0]
["Italware_13_config_standardLOW8512HDWindows 11 Pro",null,"Italware","LOW",8,512,"HD","Windows 11 Pro","13_config_standard","NO",0]
["Italware_13_config_standardLOW16512HDDistribuzione Linux",null,"Italware","LOW",16,512,"HD","Distribuzione Linux","13_config_standard","NO",0]
["Italware_13_config_standardLOW16512HDWindows 11 Pro Education",null,"Italware","LOW",16,512,"HD","Windows 11 Pro Education","13_config_standard","NO",0]
["Italware_13_config_standardLOW16512HDWindows 11 Pro",null,"Italware","LOW",16,512,"HD","Windows 11 Pro","13_config_standard","NO",0]
["Italware_13_config_standardLOW8256FHDDistribuzione Linux",null,"Italware","LOW",8,256,"FHD","Distribuzione Linux","13_config_standard","SI",1]
["Italware_13_config_standardLOW8256FHDWindows 11 Pro Education",null,"Italware","LOW",8,256,"FHD","Windows 11 Pro Education","13_config_standard","SI",1]
["Italware_13_config_standardLOW8256FHDWindows 11 Pro",null,"Italware","LOW",8,256,"FHD","Windows 11 Pro","13_config_standard","SI",1]
["Italware_13_config_standardLOW16256FHDDistribuzione Linux",null,"Italware","LOW",16,256,"FHD","Distribuzione Linux","13_config_standard","SI",1]
["Italware_13_config_standardLOW16256FHDWindows 11 Pro Education",null,"Italware","LOW",16,256,"FHD","Windows 11 Pro Education","13_config_standard","SI",1]
["Italware_13_config_standardLOW16256FHDWindows 11 Pro",null,"Italware","LOW",16,256,"FHD","Windows 11 Pro","13_config_standard","SI",1]
["Italware_13_config_standardLOW8512FHDDistribuzione Linux",null,"Italware","LOW",8,512,"FHD","Distribuzione Linux","13_config_standard","SI",1]
["Italware_13_config_standardLOW8512FHDWindows 11 Pro Education",null,"Italware","LOW",8,512,"FHD","Windows 11 Pro Education","13_config_standard","SI",1]
["Italware_13_config_standardLOW8512FHDWindows 11 Pro",null,"Italware","LOW",8,512,"FHD","Windows 11 Pro","13_config_standard","SI",1]
["Italware_13_config_standardLOW16512FHDDistribuzione Linux",null,"Italware","LOW",16,512,"FHD","Distribuzione Linux","13_config_standard","SI",1]
["Italware_13_config_standardLOW16512FHDWindows 11 Pro Education",null,"Italware","LOW",16,512,"FHD","Windows 11 Pro Education","13_config_standard","SI",1]
["Italware_13_config_standardLOW16512FHDWindows 11 Pro",null,"Italware","LOW",16,512,"FHD","Windows 11 Pro","13_config_standard","SI",1]
["Italware_13_config_standardMID8256HDDistribuzione Linux",null,"Italware","MID",8,256,"HD","Distribuzione Linux","13_config_standard","NO",0]
[{"$f":"C2405&\"_\"&I2405&D2405&E2405&F2405&G2405&H2405","v":"Italware_13_config_standardMID8256HDWindows 11 Pro Education"},null,"Italware","MID",8,256,"HD","Windows 11 Pro Education","13_config_standard","NO",0]
["Italware_13_config_standardMID8256HDWindows 11 Pro",null,"Italware","MID",8,256,"HD","Windows 11 Pro","13_config_standard","NO",0]
["Italware_13_config_standardMID16256HDDistribuzione Linux",null,"Italware","MID",16,256,"HD","Distribuzione Linux","13_config_standard","NO",0]
["Italware_13_config_standardMID16256HDWindows 11 Pro Education",null,"Italware","MID",16,256,"HD","Windows 11 Pro Education","13_config_standard","NO",0]
["Italware_13_config_standardMID16256HDWindows 11 Pro",null,"Italware","MID",16,256,"HD","Windows 11 Pro","13_config_standard","NO",0]
["Italware_13_config_standardMID8512HDDistribuzione Linux",null,"Italware","MID",8,512,"HD","Distribuzione Linux","13_config_standard","NO",0]
["Italware_13_config_standardMID8512HDWindows 11 Pro Education",null,"Italware","MID",8,512,"HD","Windows 11 Pro Education","13_config_standard","NO",0]
["Italware_13_config_standardMID8512HDWindows 11 Pro",null,"Italware","MID",8,512,"HD","Windows 11 Pro","13_config_standard","NO",0]
["Italware_13_config_standardMID16512HDDistribuzione Linux",null,"Italware","MID",16,512,"HD","Distribuzione Linux","13_config_standard","NO",0]
["Italware_13_config_standardMID16512HDWindows 11 Pro Education",null,"Italware","MID",16,512,"HD","Windows 11 Pro Education","13_config_standard","NO",0]
["Italware_13_config_standardMID16512HDWindows 11 Pro",null,"Italware","MID",16,512,"HD","Windows 11 Pro","13_config_standard","NO",0]
["Italware_13_config_standardMID8256FHDDistribuzione Linux",null,"Italware","MID",8,256,"FHD","Distribuzione Linux","13_config_standard","SI",1]
["Italware_13_config_standardMID8256FHDWindows 11 Pro Education",null,"Italware","MID",8,256,"FHD","Windows 11 Pro Education","13_config_standard","SI",1]
["Italware_13_config_standardMID8256FHDWindows 11 Pro",null,"Italware","MID",8,256,"FHD","Windows 11 Pro","13_config_standard","SI",1]
["Italware_13_config_standardMID16256FHDDistribuzione Linux",null,"Italware","MID",16,256,"FHD","Distribuzione Linux","13_config_standard","SI",1]
["Italware_13_config_standardMID16256FHDWindows 11 Pro Education",null,"Italware","MID",16,256,"FHD","Windows 11 Pro Education","13_config_standard","SI",1]
["Italware_13_config_standardMID16256FHDWindows 11 Pro",null,"Italware","MID",16,256,"FHD","Windows 11 Pro","13_config_standard","SI",1]
["Italware_13_config_standardMID8512FHDDistribuzione Linux",null,"Italware","MID",8,512,"FHD","Distribuzione Linux","13_config_standard","SI",1]
["Italware_13_config_standardMID8512FHDWindows 11 Pro Education",null,"Italware","MID",8,512,"FHD","Windows 11 Pro Education","13_config_standard","SI",1]
["Italware_13_config_standardMID8512FHDWindows 11 Pro",null,"Italware","MID",8,512,"FHD","Windows 11 Pro","13_config_standard","SI",1]
["Italware_13_config_standardMID16512FHDDistribuzione Linux",null,"Italware","MID",16,512,"FHD","Distribuzione Linux","13_config_standard","SI",1]
["Italware_13_config_standardMID16512FHDWindows 11 Pro Education",null,"Italware","MID",16,512,"FHD","Windows 11 Pro Education","13_config_standard","SI",1]
["Italware_13_config_standardMID16512FHDWindows 11 Pro",null,"Italware","MID",16,512,"FHD","Windows 11 Pro","13_config_standard","SI",1]
["Italware_13_config_standardHIGH8256HDDistribuzione Linux",null,"Italware","HIGH",8,256,"HD","Distribuzione Linux","13_config_standard","NO",0]
["Italware_13_config_standardHIGH8256HDWindows 11 Pro Education",null,"Italware","HIGH",8,256,"HD","Windows 11 Pro Education","13_config_standard","NO",0]
["Italware_13_config_standardHIGH8256HDWindows 11 Pro",null,"Italware","HIGH",8,256,"HD","Windows 11 Pro","13_config_standard","NO",0]
["Italware_13_config_standardHIGH16256HDDistribuzione Linux",null,"Italware","HIGH",16,256,"HD","Distribuzione Linux","13_config_standard","NO",0]
["Italware_13_config_standardHIGH16256HDWindows 11 Pro Education",null,"Italware","HIGH",16,256,"HD","Windows 11 Pro Education","13_config_standard","NO",0]
["Italware_13_config_standardHIGH16256HDWindows 11 Pro",null,"Italware","HIGH",16,256,"HD","Windows 11 Pro","13_config_standard","NO",0]
["Italware_13_config_standardHIGH8512HDDistribuzione Linux",null,"Italware","HIGH",8,512,"HD","Distribuzione Linux","13_config_standard","NO",0]
["Italware_13_config_standardHIGH8512HDWindows 11 Pro Education",null,"Italware","HIGH",8,512,"HD","Windows 11 Pro Education","13_config_standard","NO",0]
["Italware_13_config_standardHIGH8512HDWindows 11 Pro",null,"Italware","HIGH",8,512,"HD","Windows 11 Pro","13_config_standard","NO",0]
["Italware_13_config_standardHIGH16512HDDistribuzione Linux",null,"Italware","HIGH",16,512,"HD","Distribuzione Linux","13_config_standard","NO",0]
["Italware_13_config_standardHIGH16512HDWindows 11 Pro Education",null,"Italware","HIGH",16,512,"HD","Windows 11 Pro Education","13_config_standard","NO",0]
["Italware_13_config_standardHIGH16512HDWindows 11 Pro",null,"Italware","HIGH",16,512,"HD","Windows 11 Pro","13_config_standard","NO",0]
["Italware_13_config_standardHIGH8256FHDDistribuzione Linux",null,"Italware","HIGH",8,256,"FHD","Distribuzione Linux","13_config_standard","SI",1]
["Italware_13_config_standardHIGH8256FHDWindows 11 Pro Education",null,"Italware","HIGH",8,256,"FHD","Windows 11 Pro Education","13_config_standard","SI",1]
["Italware_13_config_standardHIGH8256FHDWindows 11 Pro",null,"Italware","HIGH",8,256,"FHD","Windows 11 Pro","13_config_standard","SI",1]
["Italware_13_config_standardHIGH16256FHDDistribuzione Linux",null,"Italware","HIGH",16,256,"FHD","Distribuzione Linux","13_config_standard","SI",1]
["Italware_13_config_standardHIGH16256FHDWindows 11 Pro Education",null,"Italware","HIGH",16,256,"FHD","Windows 11 Pro Education","13_config_standard","SI",1]
["Italware_13_config_standardHIGH16256FHDWindows 11 Pro",null,"Italware","HIGH",16,256,"FHD","Windows 11 Pro","13_config_standard","SI",{"$f":"+IF(J2445=\"NO\",0,1)","v":1}]
["Italware_13_config_standardHIGH8512FHDDistribuzione Linux",null,"Italware","HIGH",8,512,"FHD","Distribuzione Linux","13_config_standard","SI",1]
["Italware_13_config_standardHIGH8512FHDWindows 11 Pro Education",null,"Italware","HIGH",8,512,"FHD","Windows 11 Pro Education","13_config_standard","SI",1]
["Italware_13_config_standardHIGH8512FHDWindows 11 Pro",null,"Italware","HIGH",8,512,"FHD","Windows 11 Pro","13_config_standard","SI",1]
["Italware_13_config_standardHIGH16512FHDDistribuzione Linux",null,"Italware","HIGH",16,512,"FHD","Distribuzione Linux","13_config_standard","SI",1]
["Italware_13_config_standardHIGH16512FHDWindows 11 Pro Education",null,"Italware","HIGH",16,512,"FHD","Windows 11 Pro Education","13_config_standard","SI",1]
["Italware_13_config_standardHIGH16512FHDWindows 11 Pro",null,"Italware","HIGH",16,512,"FHD","Windows 11 Pro","13_config_standard","SI",1]
["Italware_13_config_TCOLOW8256HDDistribuzione Linux",null,"Italware","LOW",8,256,"HD","Distribuzione Linux","13_config_TCO","NO",0]
["Italware_13_config_TCOLOW8256HDWindows 11 Pro Education",null,"Italware","LOW",8,256,"HD","Windows 11 Pro Education","13_config_TCO","NO",0]
["Italware_13_config_TCOLOW8256HDWindows 11 Pro",null,"Italware","LOW",8,256,"HD","Windows 11 Pro","13_config_TCO","NO",0]
["Italware_13_config_TCOLOW16256HDDistribuzione Linux",null,"Italware","LOW",16,256,"HD","Distribuzione Linux","13_config_TCO","NO",0]
["Italware_13_config_TCOLOW16256HDWindows 11 Pro Education",null,"Italware","LOW",16,256,"HD","Windows 11 Pro Education","13_config_TCO","NO",0]
["Italware_13_config_TCOLOW16256HDWindows 11 Pro",null,"Italware","LOW",16,256,"HD","Windows 11 Pro","13_config_TCO","NO",0]
["Italware_13_config_TCOLOW8512HDDistribuzione Linux",null,"Italware","LOW",8,512,"HD","Distribuzione Linux","13_config_TCO","NO",0]
["Italware_13_config_TCOLOW8512HDWindows 11 Pro Education",null,"Italware","LOW",8,512,"HD","Windows 11 Pro Education","13_config_TCO","NO",0]
["Italware_13_config_TCOLOW8512HDWindows 11 Pro",null,"Italware","LOW",8,512,"HD","Windows 11 Pro","13_config_TCO","NO",0]
["Italware_13_config_TCOLOW16512HDDistribuzione Linux",null,"Italware","LOW",16,512,"HD","Distribuzione Linux","13_config_TCO","NO",0]
["Italware_13_config_TCOLOW16512HDWindows 11 Pro Education",null,"Italware","LOW",16,512,"HD","Windows 11 Pro Education","13_config_TCO","NO",0]
["Italware_13_config_TCOLOW16512HDWindows 11 Pro",null,"Italware","LOW",16,512,"HD","Windows 11 Pro","13_config_TCO","NO",0]
["Italware_13_config_TCOLOW8256FHDDistribuzione Linux",null,"Italware","LOW",8,256,"FHD","Distribuzione Linux","13_config_TCO","SI",1]
["Italware_13_config_TCOLOW8256FHDWindows 11 Pro Education",null,"Italware","LOW",8,256,"FHD","Windows 11 Pro Education","13_config_TCO","SI",1]
["Italware_13_config_TCOLOW8256FHDWindows 11 Pro",null,"Italware","LOW",8,256,"FHD","Windows 11 Pro","13_config_TCO","SI",1]
["Italware_13_config_TCOLOW16256FHDDistribuzione Linux",null,"Italware","LOW",16,256,"FHD","Distribuzione Linux","13_config_TCO","SI",1]
["Italware_13_config_TCOLOW16256FHDWindows 11 Pro Education",null,"Italware","LOW",16,256,"FHD","Windows 11 Pro Education","13_config_TCO","SI",1]
[{"$f":"C2469&\"_\"&I2469&D2469&E2469&F2469&G2469&H2469","v":"Italware_13_config_TCOLOW16256FHDWindows 11 Pro"},null,"Italware","LOW",16,256,"FHD","Windows 11 Pro","13_config_TCO","SI",1]
["Italware_13_config_TCOLOW8512FHDDistribuzione Linux",null,"Italware","LOW",8,512,"FHD","Distribuzione Linux","13_config_TCO","SI",1]
["Italware_13_config_TCOLOW8512FHDWindows 11 Pro Education",null,"Italware","LOW",8,512,"FHD","Windows 11 Pro Education","13_config_TCO","SI",1]
["Italware_13_config_TCOLOW8512FHDWindows 11 Pro",null,"Italware","LOW",8,512,"FHD","Windows 11 Pro","13_config_TCO","SI",1]
["Italware_13_config_TCOLOW16512FHDDistribuzione Linux",null,"Italware","LOW",16,512,"FHD","Distribuzione Linux","13_config_TCO","SI",1]
["Italware_13_config_TCOLOW16512FHDWindows 11 Pro Education",null,"Italware","LOW",16,512,"FHD","Windows 11 Pro Education","13_config_TCO","SI",1]
["Italware_13_config_TCOLOW16512FHDWindows 11 Pro",null,"Italware","LOW",16,512,"FHD","Windows 11 Pro","13_config_TCO","SI",1]
["Italware_13_config_TCOMID8256HDDistribuzione Linux",null,"Italware","MID",8,256,"HD","Distribuzione Linux","13_config_TCO","NO",0]
["Italware_13_config_TCOMID8256HDWindows 11 Pro Education",null,"Italware","MID",8,256,"HD","Windows 11 Pro Education","13_config_TCO","NO",0]
["Italware_13_config_TCOMID8256HDWindows 11 Pro",null,"Italware","MID",8,256,"HD","Windows 11 Pro","13_config_TCO","NO",0]
["Italware_13_config_TCOMID16256HDDistribuzione Linux",null,"Italware","MID",16,256,"HD","Distribuzione Linux","13_config_TCO","NO",0]
["Italware_13_config_TCOMID16256HDWindows 11 Pro Education",null,"Italware","MID",16,256,"HD","Windows 11 Pro Education","13_config_TCO","NO",0]
["Italware_13_config_TCOMID16256HDWindows 11 Pro",null,"Italware","MID",16,256,"HD","Windows 11 Pro","13_config_TCO","NO",0]
["Italware_13_config_TCOMID8512HDDistribuzione Linux",null,"Italware","MID",8,512,"HD","Distribuzione Linux","13_config_TCO","NO",0]
["Italware_13_config_TCOMID8512HDWindows 11 Pro Education",null,"Italware","MID",8,512,"HD","Windows 11 Pro Education","13_config_TCO","NO",0]
["Italware_13_config_TCOMID8512HDWindows 11 Pro",null,"Italware","MID",8,512,"HD","Windows 11 Pro","13_config_TCO","NO",0]
["Italware_13_config_TCOMID16512HDDistribuzione Linux",null,"Italware","MID",16,512,"HD","Distribuzione Linux","13_config_TCO","NO",0]
["Italware_13_config_TCOMID16512HDWindows 11 Pro Education",null,"Italware","MID",16,512,"HD","Windows 11 Pro Education","13_config_TCO","NO",0]
["Italware_13_config_TCOMID16512HDWindows 11 Pro",null,"Italware","MID",16,512,"HD","Windows 11 Pro","13_config_TCO","NO",0]
["Italware_13_config_TCOMID8256FHDDistribuzione Linux",null,"Italware","MID",8,256,"FHD","Distribuzione Linux","13_config_TCO","SI",1]
["Italware_13_config_TCOMID8256FHDWindows 11 Pro Education",null,"Italware","MID",8,256,"FHD","Windows 11 Pro Education","13_config_TCO","SI",1]
["Italware_13_config_TCOMID8256FHDWindows 11 Pro",null,"Italware","MID",8,256,"FHD","Windows 11 Pro","13_config_TCO","SI",1]
["Italware_13_config_TCOMID16256FHDDistribuzione Linux",null,"Italware","MID",16,256,"FHD","Distribuzione Linux","13_config_TCO","SI",1]
["Italware_13_config_TCOMID16256FHDWindows 11 Pro Education",null,"Italware","MID",16,256,"FHD","Windows 11 Pro Education","13_config_TCO","SI",1]
["Italware_13_config_TCOMID16256FHDWindows 11 Pro",null,"Italware","MID",16,256,"FHD","Windows 11 Pro","13_config_TCO","SI",1]
["Italware_13_config_TCOMID8512FHDDistribuzione Linux",null,"Italware","MID",8,512,"FHD","Distribuzione Linux","13_config_TCO","SI",1]
["Italware_13_config_TCOMID8512FHDWindows 11 Pro Education",null,"Italware","MID",8,512,"FHD","Windows 11 Pro Education","13_config_TCO","SI",1]
["Italware_13_config_TCOMID8512FHDWindows 11 Pro",null,"Italware","MID",8,512,"FHD","Windows 11 Pro","13_config_TCO","SI",1]
["Italware_13_config_TCOMID16512FHDDistribuzione Linux",null,"Italware","MID",16,512,"FHD","Distribuzione Linux","13_config_TCO","SI",1]
["Italware_13_config_TCOMID16512FHDWindows 11 Pro Education",null,"Italware","MID",16,512,"FHD","Windows 11 Pro Education","13_config_TCO","SI",1]
["Italware_13_config_TCOMID16512FHDWindows 11 Pro",null,"Italware","MID",16,512,"FHD","Windows 11 Pro","13_config_TCO","SI",1]
["Italware_13_config_TCOHIGH8256HDDistribuzione Linux",null,"Italware","HIGH",8,256,"HD","Distribuzione Linux","13_config_TCO","NO",0]
["Italware_13_config_TCOHIGH8256HDWindows 11 Pro Education",null,"Italware","HIGH",8,256,"HD","Windows 11 Pro Education","13_config_TCO","NO",0]
["Italware_13_config_TCOHIGH8256HDWindows 11 Pro",null,"Italware","HIGH",8,256,"HD","Windows 11 Pro","13_config_TCO","NO",0]
["Italware_13_config_TCOHIGH16256HDDistribuzione Linux",null,"Italware","HIGH",16,256,"HD","Distribuzione Linux","13_config_TCO","NO",0]
["Italware_13_config_TCOHIGH16256HDWindows 11 Pro Education",null,"Italware","HIGH",16,256,"HD","Windows 11 Pro Education","13_config_TCO","NO",0]
["Italware_13_config_TCOHIGH16256HDWindows 11 Pro",null,"Italware","HIGH",16,256,"HD","Windows 11 Pro","13_config_TCO","NO",0]
["Italware_13_config_TCOHIGH8512HDDistribuzione Linux",null,"Italware","HIGH",8,512,"HD","Distribuzione Linux","13_config_TCO","NO",0]
["Italware_13_config_TCOHIGH8512HDWindows 11 Pro Education",null,"Italware","HIGH",8,512,"HD","Windows 11 Pro Education","13_config_TCO","NO",0]
["Italware_13_config_TCOHIGH8512HDWindows 11 Pro",null,"Italware","HIGH",8,512,"HD","Windows 11 Pro","13_config_TCO","NO",0]
["Italware_13_config_TCOHIGH16512HDDistribuzione Linux",null,"Italware","HIGH",16,512,"HD","Distribuzione Linux","13_config_TCO","NO",{"$f":"+IF(J2509=\"NO\",0,1)","v":0}]
["Italware_13_config_TCOHIGH16512HDWindows 11 Pro Education",null,"Italware","HIGH",16,512,"HD","Windows 11 Pro Education","13_config_TCO","NO",0]
["Italware_13_config_TCOHIGH16512HDWindows 11 Pro",null,"Italware","HIGH",16,512,"HD","Windows 11 Pro","13_config_TCO","NO",0]
["Italware_13_config_TCOHIGH8256FHDDistribuzione Linux",null,"Italware","HIGH",8,256,"FHD","Distribuzione Linux","13_config_TCO","SI",1]
["Italware_13_config_TCOHIGH8256FHDWindows 11 Pro Education",null,"Italware","HIGH",8,256,"FHD","Windows 11 Pro Education","13_config_TCO","SI",1]
["Italware_13_config_TCOHIGH8256FHDWindows 11 Pro",null,"Italware","HIGH",8,256,"FHD","Windows 11 Pro","13_config_TCO","SI",1]
["Italware_13_config_TCOHIGH16256FHDDistribuzione Linux",null,"Italware","HIGH",16,256,"FHD","Distribuzione Linux","13_config_TCO","SI",1]
["Italware_13_config_TCOHIGH16256FHDWindows 11 Pro Education",null,"Italware","HIGH",16,256,"FHD","Windows 11 Pro Education","13_config_TCO","SI",1]
["Italware_13_config_TCOHIGH16256FHDWindows 11 Pro",null,"Italware","HIGH",16,256,"FHD","Windows 11 Pro","13_config_TCO","SI",1]
["Italware_13_config_TCOHIGH8512FHDDistribuzione Linux",null,"Italware","HIGH",8,512,"FHD","Distribuzione Linux","13_config_TCO","SI",1]
["Italware_13_config_TCOHIGH8512FHDWindows 11 Pro Education",null,"Italware","HIGH",8,512,"FHD","Windows 11 Pro Education","13_config_TCO","SI",1]
["Italware_13_config_TCOHIGH8512FHDWindows 11 Pro",null,"Italware","HIGH",8,512,"FHD","Windows 11 Pro","13_config_TCO","SI",1]
["Italware_13_config_TCOHIGH16512FHDDistribuzione Linux",null,"Italware","HIGH",16,512,"FHD","Distribuzione Linux","13_config_TCO","SI",1]
["Italware_13_config_TCOHIGH16512FHDWindows 11 Pro Education",null,"Italware","HIGH",16,512,"FHD","Windows 11 Pro Education","13_config_TCO","SI",1]
["Italware_13_config_TCOHIGH16512FHDWindows 11 Pro",null,"Italware","HIGH",16,512,"FHD","Windows 11 Pro","13_config_TCO","SI",1]
["Eurome_15_config_standardLOW8256HDDistribuzione Linux",null,"Eurome","LOW",8,256,"HD","Distribuzione Linux","15_config_standard","SI",1]
["Eurome_15_config_standardLOW8256HDWindows 11 Pro Education",null,"Eurome","LOW",8,256,"HD","Windows 11 Pro Education","15_config_standard","SI",1]
["Eurome_15_config_standardLOW8256HDWindows 11 Pro",null,"Eurome","LOW",8,256,"HD","Windows 11 Pro","15_config_standard","SI",1]
["Eurome_15_config_standardLOW16256HDDistribuzione Linux",null,"Eurome","LOW",16,256,"HD","Distribuzione Linux","15_config_standard","SI",1]
["Eurome_15_config_standardLOW16256HDWindows 11 Pro Education",null,"Eurome","LOW",16,256,"HD","Windows 11 Pro Education","15_config_standard","SI",1]
["Eurome_15_config_standardLOW16256HDWindows 11 Pro",null,"Eurome","LOW",16,256,"HD","Windows 11 Pro","15_config_standard","SI",1]
["Eurome_15_config_standardLOW8512HDDistribuzione Linux",null,"Eurome","LOW",8,512,"HD","Distribuzione Linux","15_config_standard","SI",1]
["Eurome_15_config_standardLOW8512HDWindows 11 Pro Education",null,"Eurome","LOW",8,512,"HD","Windows 11 Pro Education","15_config_standard","SI",1]
["Eurome_15_config_standardLOW8512HDWindows 11 Pro",null,"Eurome","LOW",8,512,"HD","Windows 11 Pro","15_config_standard","SI",1]
[{"$f":"C2533&\"_\"&I2533&D2533&E2533&F2533&G2533&H2533","v":"Eurome_15_config_standardLOW16512HDDistribuzione Linux"},null,"Eurome","LOW",16,512,"HD","Distribuzione Linux","15_config_standard","SI",1]
["Eurome_15_config_standardLOW16512HDWindows 11 Pro Education",null,"Eurome","LOW",16,512,"HD","Windows 11 Pro Education","15_config_standard","SI",1]
["Eurome_15_config_standardLOW16512HDWindows 11 Pro",null,"Eurome","LOW",16,512,"HD","Windows 11 Pro","15_config_standard","SI",1]
["Eurome_15_config_standardLOW8256FHDDistribuzione Linux",null,"Eurome","LOW",8,256,"FHD","Distribuzione Linux","15_config_standard","SI",1]
["Eurome_15_config_standardLOW8256FHDWindows 11 Pro Education",null,"Eurome","LOW",8,256,"FHD","Windows 11 Pro Education","15_config_standard","SI",1]
["Eurome_15_config_standardLOW8256FHDWindows 11 Pro",null,"Eurome","LOW",8,256,"FHD","Windows 11 Pro","15_config_standard","SI",1]
["Eurome_15_config_standardLOW16256FHDDistribuzione Linux",null,"Eurome","LOW",16,256,"FHD","Distribuzione Linux","15_config_standard","SI",1]
["Eurome_15_config_standardLOW16256FHDWindows 11 Pro Education",null,"Eurome","LOW",16,256,"FHD","Windows 11 Pro Education","15_config_standard","SI",1]
["Eurome_15_config_standardLOW16256FHDWindows 11 Pro",null,"Eurome","LOW",16,256,"FHD","Windows 11 Pro","15_config_standard","SI",1]
["Eurome_15_config_standardLOW8512FHDDistribuzione Linux",null,"Eurome","LOW",8,512,"FHD","Distribuzione Linux","15_config_standard","SI",1]
["Eurome_15_config_standardLOW8512FHDWindows 11 Pro Education",null,"Eurome","LOW",8,512,"FHD","Windows 11 Pro Education","15_config_standard","SI",1]
["Eurome_15_config_standardLOW8512FHDWindows 11 Pro",null,"Eurome","LOW",8,512,"FHD","Windows 11 Pro","15_config_standard","SI",1]
["Eurome_15_config_standardLOW16512FHDDistribuzione Linux",null,"Eurome","LOW",16,512,"FHD","Distribuzione Linux","15_config_standard","SI",1]
["Eurome_15_config_standardLOW16512FHDWindows 11 Pro Education",null,"Eurome","LOW",16,512,"FHD","Windows 11 Pro Education","15_config_standard","SI",1]
["Eurome_15_config_standardLOW16512FHDWindows 11 Pro",null,"Eurome","LOW",16,512,"FHD","Windows 11 Pro","15_config_standard","SI",1]
["Eurome_15_config_standardMID8256HDDistribuzione Linux",null,"Eurome","MID",8,256,"HD","Distribuzione Linux","15_config_standard","SI",1]
["Eurome_15_config_standardMID8256HDWindows 11 Pro Education",null,"Eurome","MID",8,256,"HD","Windows 11 Pro Education","15_config_standard","SI",1]
["Eurome_15_config_standardMID8256HDWindows 11 Pro",null,"Eurome","MID",8,256,"HD","Windows 11 Pro","15_config_standard","SI",1]
["Eurome_15_config_standardMID16256HDDistribuzione Linux",null,"Eurome","MID",16,256,"HD","Distribuzione Linux","15_config_standard","SI",1]
["Eurome_15_config_standardMID16256HDWindows 11 Pro Education",null,"Eurome","MID",16,256,"HD","Windows 11 Pro Education","15_config_standard","SI",1]
["Eurome_15_config_standardMID16256HDWindows 11 Pro",null,"Eurome","MID",16,256,"HD","Windows 11 Pro","15_config_standard","SI",1]
["Eurome_15_config_standardMID8512HDDistribuzione Linux",null,"Eurome","MID",8,512,"HD","Distribuzione Linux","15_config_standard","SI",1]
["Eurome_15_config_standardMID8512HDWindows 11 Pro Education",null,"Eurome","MID",8,512,"HD","Windows 11 Pro Education","15_config_standard","SI",1]
["Eurome_15_config_standardMID8512HDWindows 11 Pro",null,"Eurome","MID",8,512,"HD","Windows 11 Pro","15_config_standard","SI",1]
["Eurome_15_config_standardMID16512HDDistribuzione Linux",null,"Eurome","MID",16,512,"HD","Distribuzione Linux","15_config_standard","SI",1]
["Eurome_15_config_standardMID16512HDWindows 11 Pro Education",null,"Eurome","MID",16,512,"HD","Windows 11 Pro Education","15_config_standard","SI",1]
["Eurome_15_config_standardMID16512HDWindows 11 Pro",null,"Eurome","MID",16,512,"HD","Windows 11 Pro","15_config_standard","SI",1]
["Eurome_15_config_standardMID8256FHDDistribuzione Linux",null,"Eurome","MID",8,256,"FHD","Distribuzione Linux","15_config_standard","SI",1]
["Eurome_15_config_standardMID8256FHDWindows 11 Pro Education",null,"Eurome","MID",8,256,"FHD","Windows 11 Pro Education","15_config_standard","SI",1]
["Eurome_15_config_standardMID8256FHDWindows 11 Pro",null,"Eurome","MID",8,256,"FHD","Windows 11 Pro","15_config_standard","SI",1]
["Eurome_15_config_standardMID16256FHDDistribuzione Linux",null,"Eurome","MID",16,256,"FHD","Distribuzione Linux","15_config_standard","SI",1]
["Eurome_15_config_standardMID16256FHDWindows 11 Pro Education",null,"Eurome","MID",16,256,"FHD","Windows 11 Pro Education","15_config_standard","SI",1]
["Eurome_15_config_standardMID16256FHDWindows 11 Pro",null,"Eurome","MID",16,256,"FHD","Windows 11 Pro","15_config_standard","SI",1]
["Eurome_15_config_standardMID8512FHDDistribuzione Linux",null,"Eurome","MID",8,512,"FHD","Distribuzione Linux","15_config_standard","SI",1]
["Eurome_15_config_standardMID8512FHDWindows 11 Pro Education",null,"Eurome","MID",8,512,"FHD","Windows 11 Pro Education","15_config_standard","SI",1]
["Eurome_15_config_standardMID8512FHDWindows 11 Pro",null,"Eurome","MID",8,512,"FHD","Windows 11 Pro","15_config_standard","SI",1]
["Eurome_15_config_standardMID16512FHDDistribuzione Linux",null,"Eurome","MID",16,512,"FHD","Distribuzione Linux","15_config_standard","SI",1]
["Eurome_15_config_standardMID16512FHDWindows 11 Pro Education",null,"Eurome","MID",16,512,"FHD","Windows 11 Pro Education","15_config_standard","SI",1]
["Eurome_15_config_standardMID16512FHDWindows 11 Pro",null,"Eurome","MID",16,512,"FHD","Windows 11 Pro","15_config_standard","SI",1]
["Eurome_15_config_standardHIGH8256HDDistribuzione Linux",null,"Eurome","HIGH",8,256,"HD","Distribuzione Linux","15_config_standard","SI",1]
["Eurome_15_config_standardHIGH8256HDWindows 11 Pro Education",null,"Eurome","HIGH",8,256,"HD","Windows 11 Pro Education","15_config_standard","SI",{"$f":"+IF(J2573=\"NO\",0,1)","v":1}]
["Eurome_15_config_standardHIGH8256HDWindows 11 Pro",null,"Eurome","HIGH",8,256,"HD","Windows 11 Pro","15_config_standard","SI",1]
["Eurome_15_config_standardHIGH16256HDDistribuzione Linux",null,"Eurome","HIGH",16,256,"HD","Distribuzione Linux","15_config_standard","SI",1]
["Eurome_15_config_standardHIGH16256HDWindows 11 Pro Education",null,"Eurome","HIGH",16,256,"HD","Windows 11 Pro Education","15_config_standard","SI",1]
["Eurome_15_config_standardHIGH16256HDWindows 11 Pro",null,"Eurome","HIGH",16,256,"HD","Windows 11 Pro","15_config_standard","SI",1]
["Eurome_15_config_standardHIGH8512HDDistribuzione Linux",null,"Eurome","HIGH",8,512,"HD","Distribuzione Linux","15_config_standard","SI",1]
["Eurome_15_config_standardHIGH8512HDWindows 11 Pro Education",null,"Eurome","HIGH",8,512,"HD","Windows 11 Pro Education","15_config_standard","SI",1]
["Eurome_15_config_standardHIGH8512HDWindows 11 Pro",null,"Eurome","HIGH",8,512,"HD","Windows 11 Pro","15_config_standard","SI",1]
["Eurome_15_config_standardHIGH16512HDDistribuzione Linux",null,"Eurome","HIGH",16,512,"HD","Distribuzione Linux","15_config_standard","SI",1]
["Eurome_15_config_standardHIGH16512HDWindows 11 Pro Education",null,"Eurome","HIGH",16,512,"HD","Windows 11 Pro Education","15_config_standard","SI",1]
["Eurome_15_config_standardHIGH16512HDWindows 11 Pro",null,"Eurome","HIGH",16,512,"HD","Windows 11 Pro","15_config_standard","SI",1]
["Eurome_15_config_standardHIGH8256FHDDistribuzione Linux",null,"Eurome","HIGH",8,256,"FHD","Distribuzione Linux","15_config_standard","SI",1]
["Eurome_15_config_standardHIGH8256FHDWindows 11 Pro Education",null,"Eurome","HIGH",8,256,"FHD","Windows 11 Pro Education","15_config_standard","SI",1]
["Eurome_15_config_standardHIGH8256FHDWindows 11 Pro",null,"Eurome","HIGH",8,256,"FHD","Windows 11 Pro","15_config_standard","SI",1]
["Eurome_15_config_standardHIGH16256FHDDistribuzione Linux",null,"Eurome","HIGH",16,256,"FHD","Distribuzione Linux","15_config_standard","SI",1]
["Eurome_15_config_standardHIGH16256FHDWindows 11 Pro Education",null,"Eurome","HIGH",16,256,"FHD","Windows 11 Pro Education","15_config_standard","SI",1]
["Eurome_15_config_standardHIGH16256FHDWindows 11 Pro",null,"Eurome","HIGH",16,256,"FHD","Windows 11 Pro","15_config_standard","SI",1]
["Eurome_15_config_standardHIGH8512FHDDistribuzione Linux",null,"Eurome","HIGH",8,512,"FHD","Distribuzione Linux","15_config_standard","SI",1]
["Eurome_15_config_standardHIGH8512FHDWindows 11 Pro Education",null,"Eurome","HIGH",8,512,"FHD","Windows 11 Pro Education","15_config_standard","SI",1]
["Eurome_15_config_standardHIGH8512FHDWindows 11 Pro",null,"Eurome","HIGH",8,512,"FHD","Windows 11 Pro","15_config_standard","SI",1]
["Eurome_15_config_standardHIGH16512FHDDistribuzione Linux",null,"Eurome","HIGH",16,512,"FHD","Distribuzione Linux","15_config_standard","SI",1]
["Eurome_15_config_standardHIGH16512FHDWindows 11 Pro Education",null,"Eurome","HIGH",16,512,"FHD","Windows 11 Pro Education","15_config_standard","SI",1]
["Eurome_15_config_standardHIGH16512FHDWindows 11 Pro",null,"Eurome","HIGH",16,512,"FHD","Windows 11 Pro","15_config_standard","SI",1]
["Eurome_15_config_TCOLOW8256HDDistribuzione Linux",null,"Eurome","LOW",8,256,"HD","Distribuzione Linux","15_config_TCO","SI",1]
[{"$f":"C2597&\"_\"&I2597&D2597&E2597&F2597&G2597&H2597","v":"Eurome_15_config_TCOLOW8256HDWindows 11 Pro Education"},null,"Eurome","LOW",8,256,"HD","Windows 11 Pro Education","15_config_TCO","SI",1]
["Eurome_15_config_TCOLOW8256HDWindows 11 Pro",null,"Eurome","LOW",8,256,"HD","Windows 11 Pro","15_config_TCO","SI",1]
["Eurome_15_config_TCOLOW16256HDDistribuzione Linux",null,"Eurome","LOW",16,256,"HD","Distribuzione Linux","15_config_TCO","SI",1]
["Eurome_15_config_TCOLOW16256HDWindows 11 Pro Education",null,"Eurome","LOW",16,256,"HD","Windows 11 Pro Education","15_config_TCO","SI",1]
["Eurome_15_config_TCOLOW16256HDWindows 11 Pro",null,"Eurome","LOW",16,256,"HD","Windows 11 Pro","15_config_TCO","SI",1]
["Eurome_15_config_TCOLOW8512HDDistribuzione Linux",null,"Eurome","LOW",8,512,"HD","Distribuzione Linux","15_config_TCO","SI",1]
["Eurome_15_config_TCOLOW8512HDWindows 11 Pro Education",null,"Eurome","LOW",8,512,"HD","Windows 11 Pro Education","15_config_TCO","SI",1]
["Eurome_15_config_TCOLOW8512HDWindows 11 Pro",null,"Eurome","LOW",8,512,"HD","Windows 11 Pro","15_config_TCO","SI",1]
["Eurome_15_config_TCOLOW16512HDDistribuzione Linux",null,"Eurome","LOW",16,512,"HD","Distribuzione Linux","15_config_TCO","SI",1]
["Eurome_15_config_TCOLOW16512HDWindows 11 Pro Education",null,"Eurome","LOW",16,512,"HD","Windows 11 Pro Education","15_config_TCO","SI",1]
["Eurome_15_config_TCOLOW16512HDWindows 11 Pro",null,"Eurome","LOW",16,512,"HD","Windows 11 Pro","15_config_TCO","SI",1]
["Eurome_15_config_TCOLOW8256FHDDistribuzione Linux",null,"Eurome","LOW",8,256,"FHD","Distribuzione Linux","15_config_TCO","SI",1]
["Eurome_15_config_TCOLOW8256FHDWindows 11 Pro Education",null,"Eurome","LOW",8,256,"FHD","Windows 11 Pro Education","15_config_TCO","SI",1]
["Eurome_15_config_TCOLOW8256FHDWindows 11 Pro",null,"Eurome","LOW",8,256,"FHD","Windows 11 Pro","15_config_TCO","SI",1]
["Eurome_15_config_TCOLOW16256FHDDistribuzione Linux",null,"Eurome","LOW",16,256,"FHD","Distribuzione Linux","15_config_TCO","SI",1]
["Eurome_15_config_TCOLOW16256FHDWindows 11 Pro Education",null,"Eurome","LOW",16,256,"FHD","Windows 11 Pro Education","15_config_TCO","SI",1]
["Eurome_15_config_TCOLOW16256FHDWindows 11 Pro",null,"Eurome","LOW",16,256,"FHD","Windows 11 Pro","15_config_TCO","SI",1]
["Eurome_15_config_TCOLOW8512FHDDistribuzione Linux",null,"Eurome","LOW",8,512,"FHD","Distribuzione Linux","15_config_TCO","SI",1]
["Eurome_15_config_TCOLOW8512FHDWindows 11 Pro Education",null,"Eurome","LOW",8,512,"FHD","Windows 11 Pro Education","15_config_TCO","SI",1]
["Eurome_15_config_TCOLOW8512FHDWindows 11 Pro",null,"Eurome","LOW",8,512,"FHD","Windows 11 Pro","15_config_TCO","SI",1]
["Eurome_15_config_TCOLOW16512FHDDistribuzione Linux",null,"Eurome","LOW",16,512,"FHD","Distribuzione Linux","15_config_TCO","SI",1]
["Eurome_15_config_TCOLOW16512FHDWindows 11 Pro Education",null,"Eurome","LOW",16,512,"FHD","Windows 11 Pro Education","15_config_TCO","SI",1]
["Eurome_15_config_TCOLOW16512FHDWindows 11 Pro",null,"Eurome","LOW",16,512,"FHD","Windows 11 Pro","15_config_TCO","SI",1]
["Eurome_15_config_TCOMID8256HDDistribuzione Linux",null,"Eurome","MID",8,256,"HD","Distribuzione Linux","15_config_TCO","SI",1]
["Eurome_15_config_TCOMID8256HDWindows 11 Pro Education",null,"Eurome","MID",8,256,"HD","Windows 11 Pro Education","15_config_TCO","SI",1]
["Eurome_15_config_TCOMID8256HDWindows 11 Pro",null,"Eurome","MID",8,256,"HD","Windows 11 Pro","15_config_TCO","SI",1]
["Eurome_15_config_TCOMID16256HDDistribuzione Linux",null,"Eurome","MID",16,256,"HD","Distribuzione Linux","15_config_TCO","SI",1]
["Eurome_15_config_TCOMID16256HDWindows 11 Pro Education",null,"Eurome","MID",16,256,"HD","Windows 11 Pro Education","15_config_TCO","SI",1]
["Eurome_15_config_TCOMID16256HDWindows 11 Pro",null,"Eurome","MID",16,256,"HD","Windows 11 Pro","15_config_TCO","SI",1]
["Eurome_15_config_TCOMID8512HDDistribuzione Linux",null,"Eurome","MID",8,512,"HD","Distribuzione Linux","15_config_TCO","SI",1]
["Eurome_15_config_TCOMID8512HDWindows 11 Pro Education",null,"Eurome","MID",8,512,"HD","Windows 11 Pro Education","15_config_TCO","SI",1]
["Eurome_15_config_TCOMID8512HDWindows 11 Pro",null,"Eurome","MID",8,512,"HD","Windows 11 Pro","15_config_TCO","SI",1]
["Eurome_15_config_TCOMID16512HDDistribuzione Linux",null,"Eurome","MID",16,512,"HD","Distribuzione Linux","15_config_TCO","SI",1]
["Eurome_15_config_TCOMID16512HDWindows 11 Pro Education",null,"Eurome","MID",16,512,"HD","Windows 11 Pro Education","15_config_TCO","SI",1]
["Eurome_15_config_TCOMID16512HDWindows 11 Pro",null,"Eurome","MID",16,512,"HD","Windows 11 Pro","15_config_TCO","SI",1]
["Eurome_15_config_TCOMID8256FHDDistribuzione Linux",null,"Eurome","MID",8,256,"FHD","Distribuzione Linux","15_config_TCO","SI",1]
["Eurome_15_config_TCOMID8256FHDWindows 11 Pro Education",null,"Eurome","MID",8,256,"FHD","Windows 11 Pro Education","15_config_TCO","SI",1]
["Eurome_15_config_TCOMID8256FHDWindows 11 Pro",null,"Eurome","MID",8,256,"FHD","Windows 11 Pro","15_config_TCO","SI",1]
["Eurome_15_config_TCOMID16256FHDDistribuzione Linux",null,"Eurome","MID",16,256,"FHD","Distribuzione Linux","15_config_TCO","SI",1]
["Eurome_15_config_TCOMID16256FHDWindows 11 Pro Education",null,"Eurome","MID",16,256,"FHD","Windows 11 Pro Education","15_config_TCO","SI",1]
["Eurome_15_config_TCOMID16256FHDWindows 11 Pro",null,"Eurome","MID",16,256,"FHD","Windows 11 Pro","15_config_TCO","SI",{"$f":"+IF(J2637=\"NO\",0,1)","v":1}]
["Eurome_15_config_TCOMID8512FHDDistribuzione Linux",null,"Eurome","MID",8,512,"FHD","Distribuzione Linux","15_config_TCO","SI",1]
["Eurome_15_config_TCOMID8512FHDWindows 11 Pro Education",null,"Eurome","MID",8,512,"FHD","Windows 11 Pro Education","15_config_TCO","SI",1]
["Eurome_15_config_TCOMID8512FHDWindows 11 Pro",null,"Eurome","MID",8,512,"FHD","Windows 11 Pro","15_config_TCO","SI",1]
["Eurome_15_config_TCOMID16512FHDDistribuzione Linux",null,"Eurome","MID",16,512,"FHD","Distribuzione Linux","15_config_TCO","SI",1]
["Eurome_15_config_TCOMID16512FHDWindows 11 Pro Education",null,"Eurome","MID",16,512,"FHD","Windows 11 Pro Education","15_config_TCO","SI",1]
["Eurome_15_config_TCOMID16512FHDWindows 11 Pro",null,"Eurome","MID",16,512,"FHD","Windows 11 Pro","15_config_TCO","SI",1]
["Eurome_15_config_TCOHIGH8256HDDistribuzione Linux",null,"Eurome","HIGH",8,256,"HD","Distribuzione Linux","15_config_TCO","SI",1]
["Eurome_15_config_TCOHIGH8256HDWindows 11 Pro Education",null,"Eurome","HIGH",8,256,"HD","Windows 11 Pro Education","15_config_TCO","SI",1]
["Eurome_15_config_TCOHIGH8256HDWindows 11 Pro",null,"Eurome","HIGH",8,256,"HD","Windows 11 Pro","15_config_TCO","SI",1]
["Eurome_15_config_TCOHIGH16256HDDistribuzione Linux",null,"Eurome","HIGH",16,256,"HD","Distribuzione Linux","15_config_TCO","SI",1]
["Eurome_15_config_TCOHIGH16256HDWindows 11 Pro Education",null,"Eurome","HIGH",16,256,"HD","Windows 11 Pro Education","15_config_TCO","SI",1]
["Eurome_15_config_TCOHIGH16256HDWindows 11 Pro",null,"Eurome","HIGH",16,256,"HD","Windows 11 Pro","15_config_TCO","SI",1]
["Eurome_15_config_TCOHIGH8512HDDistribuzione Linux",null,"Eurome","HIGH",8,512,"HD","Distribuzione Linux","15_config_TCO","SI",1]
["Eurome_15_config_TCOHIGH8512HDWindows 11 Pro Education",null,"Eurome","HIGH",8,512,"HD","Windows 11 Pro Education","15_config_TCO","SI",1]
["Eurome_15_config_TCOHIGH8512HDWindows 11 Pro",null,"Eurome","HIGH",8,512,"HD","Windows 11 Pro","15_config_TCO","SI",1]
["Eurome_15_config_TCOHIGH16512HDDistribuzione Linux",null,"Eurome","HIGH",16,512,"HD","Distribuzione Linux","15_config_TCO","SI",1]
["Eurome_15_config_TCOHIGH16512HDWindows 11 Pro Education",null,"Eurome","HIGH",16,512,"HD","Windows 11 Pro Education","15_config_TCO","SI",1]
["Eurome_15_config_TCOHIGH16512HDWindows 11 Pro",null,"Eurome","HIGH",16,512,"HD","Windows 11 Pro","15_config_TCO","SI",1]
["Eurome_15_config_TCOHIGH8256FHDDistribuzione Linux",null,"Eurome","HIGH",8,256,"FHD","Distribuzione Linux","15_config_TCO","SI",1]
["Eurome_15_config_TCOHIGH8256FHDWindows 11 Pro Education",null,"Eurome","HIGH",8,256,"FHD","Windows 11 Pro Education","15_config_TCO","SI",1]
["Eurome_15_config_TCOHIGH8256FHDWindows 11 Pro",null,"Eurome","HIGH",8,256,"FHD","Windows 11 Pro","15_config_TCO","SI",1]
["Eurome_15_config_TCOHIGH16256FHDDistribuzione Linux",null,"Eurome","HIGH",16,256,"FHD","Distribuzione Linux","15_config_TCO","SI",1]
["Eurome_15_config_TCOHIGH16256FHDWindows 11 Pro Education",null,"Eurome","HIGH",16,256,"FHD","Windows 11 Pro Education","15_config_TCO","SI",1]
[{"$f":"C2661&\"_\"&I2661&D2661&E2661&F2661&G2661&H2661","v":"Eurome_15_config_TCOHIGH16256FHDWindows 11 Pro"},null,"Eurome","HIGH",16,256,"FHD","Windows 11 Pro","15_config_TCO","SI",1]
["Eurome_15_config_TCOHIGH8512FHDDistribuzione Linux",null,"Eurome","HIGH",8,512,"FHD","Distribuzione Linux","15_config_TCO","SI",1]
["Eurome_15_config_TCOHIGH8512FHDWindows 11 Pro Education",null,"Eurome","HIGH",8,512,"FHD","Windows 11 Pro Education","15_config_TCO","SI",1]
["Eurome_15_config_TCOHIGH8512FHDWindows 11 Pro",null,"Eurome","HIGH",8,512,"FHD","Windows 11 Pro","15_config_TCO","SI",1]
["Eurome_15_config_TCOHIGH16512FHDDistribuzione Linux",null,"Eurome","HIGH",16,512,"FHD","Distribuzione Linux","15_config_TCO","SI",1]
["Eurome_15_config_TCOHIGH16512FHDWindows 11 Pro Education",null,"Eurome","HIGH",16,512,"FHD","Windows 11 Pro Education","15_config_TCO","SI",1]
["Eurome_15_config_TCOHIGH16512FHDWindows 11 Pro",null,"Eurome","HIGH",16,512,"FHD","Windows 11 Pro","15_config_TCO","SI",1]
["Eurome_14_config_standardLOW8256HDDistribuzione Linux",null,"Eurome","LOW",8,256,"HD","Distribuzione Linux","14_config_standard","SI",1]
["Eurome_14_config_standardLOW8256HDWindows 11 Pro Education",null,"Eurome","LOW",8,256,"HD","Windows 11 Pro Education","14_config_standard","SI",1]
["Eurome_14_config_standardLOW8256HDWindows 11 Pro",null,"Eurome","LOW",8,256,"HD","Windows 11 Pro","14_config_standard","SI",1]
["Eurome_14_config_standardLOW16256HDDistribuzione Linux",null,"Eurome","LOW",16,256,"HD","Distribuzione Linux","14_config_standard","SI",1]
["Eurome_14_config_standardLOW16256HDWindows 11 Pro Education",null,"Eurome","LOW",16,256,"HD","Windows 11 Pro Education","14_config_standard","SI",1]
["Eurome_14_config_standardLOW16256HDWindows 11 Pro",null,"Eurome","LOW",16,256,"HD","Windows 11 Pro","14_config_standard","SI",1]
["Eurome_14_config_standardLOW8512HDDistribuzione Linux",null,"Eurome","LOW",8,512,"HD","Distribuzione Linux","14_config_standard","SI",1]
["Eurome_14_config_standardLOW8512HDWindows 11 Pro Education",null,"Eurome","LOW",8,512,"HD","Windows 11 Pro Education","14_config_standard","SI",1]
["Eurome_14_config_standardLOW8512HDWindows 11 Pro",null,"Eurome","LOW",8,512,"HD","Windows 11 Pro","14_config_standard","SI",1]
["Eurome_14_config_standardLOW16512HDDistribuzione Linux",null,"Eurome","LOW",16,512,"HD","Distribuzione Linux","14_config_standard","SI",1]
["Eurome_14_config_standardLOW16512HDWindows 11 Pro Education",null,"Eurome","LOW",16,512,"HD","Windows 11 Pro Education","14_config_standard","SI",1]
["Eurome_14_config_standardLOW16512HDWindows 11 Pro",null,"Eurome","LOW",16,512,"HD","Windows 11 Pro","14_config_standard","SI",1]
["Eurome_14_config_standardLOW8256FHDDistribuzione Linux",null,"Eurome","LOW",8,256,"FHD","Distribuzione Linux","14_config_standard","SI",1]
["Eurome_14_config_standardLOW8256FHDWindows 11 Pro Education",null,"Eurome","LOW",8,256,"FHD","Windows 11 Pro Education","14_config_standard","SI",1]
["Eurome_14_config_standardLOW8256FHDWindows 11 Pro",null,"Eurome","LOW",8,256,"FHD","Windows 11 Pro","14_config_standard","SI",1]
["Eurome_14_config_standardLOW16256FHDDistribuzione Linux",null,"Eurome","LOW",16,256,"FHD","Distribuzione Linux","14_config_standard","SI",1]
["Eurome_14_config_standardLOW16256FHDWindows 11 Pro Education",null,"Eurome","LOW",16,256,"FHD","Windows 11 Pro Education","14_config_standard","SI",1]
["Eurome_14_config_standardLOW16256FHDWindows 11 Pro",null,"Eurome","LOW",16,256,"FHD","Windows 11 Pro","14_config_standard","SI",1]
["Eurome_14_config_standardLOW8512FHDDistribuzione Linux",null,"Eurome","LOW",8,512,"FHD","Distribuzione Linux","14_config_standard","SI",1]
["Eurome_14_config_standardLOW8512FHDWindows 11 Pro Education",null,"Eurome","LOW",8,512,"FHD","Windows 11 Pro Education","14_config_standard","SI",1]
["Eurome_14_config_standardLOW8512FHDWindows 11 Pro",null,"Eurome","LOW",8,512,"FHD","Windows 11 Pro","14_config_standard","SI",1]
["Eurome_14_config_standardLOW16512FHDDistribuzione Linux",null,"Eurome","LOW",16,512,"FHD","Distribuzione Linux","14_config_standard","SI",1]
["Eurome_14_config_standardLOW16512FHDWindows 11 Pro Education",null,"Eurome","LOW",16,512,"FHD","Windows 11 Pro Education","14_config_standard","SI",1]
["Eurome_14_config_standardLOW16512FHDWindows 11 Pro",null,"Eurome","LOW",16,512,"FHD","Windows 11 Pro","14_config_standard","SI",1]
["Eurome_14_config_standardMID8256HDDistribuzione Linux",null,"Eurome","MID",8,256,"HD","Distribuzione Linux","14_config_standard","SI",1]
["Eurome_14_config_standardMID8256HDWindows 11 Pro Education",null,"Eurome","MID",8,256,"HD","Windows 11 Pro Education","14_config_standard","SI",1]
["Eurome_14_config_standardMID8256HDWindows 11 Pro",null,"Eurome","MID",8,256,"HD","Windows 11 Pro","14_config_standard","SI",1]
["Eurome_14_config_standardMID16256HDDistribuzione Linux",null,"Eurome","MID",16,256,"HD","Distribuzione Linux","14_config_standard","SI",1]
["Eurome_14_config_standardMID16256HDWindows 11 Pro Education",null,"Eurome","MID",16,256,"HD","Windows 11 Pro Education","14_config_standard","SI",1]
["Eurome_14_config_standardMID16256HDWindows 11 Pro",null,"Eurome","MID",16,256,"HD","Windows 11 Pro","14_config_standard","SI",1]
["Eurome_14_config_standardMID8512HDDistribuzione Linux",null,"Eurome","MID",8,512,"HD","Distribuzione Linux","14_config_standard","SI",1]
["Eurome_14_config_standardMID8512HDWindows 11 Pro Education",null,"Eurome","MID",8,512,"HD","Windows 11 Pro Education","14_config_standard","SI",1]
["Eurome_14_config_standardMID8512HDWindows 11 Pro",null,"Eurome","MID",8,512,"HD","Windows 11 Pro","14_config_standard","SI",1]
["Eurome_14_config_standardMID16512HDDistribuzione Linux",null,"Eurome","MID",16,512,"HD","Distribuzione Linux","14_config_standard","SI",{"$f":"+IF(J2701=\"NO\",0,1)","v":1}]
["Eurome_14_config_standardMID16512HDWindows 11 Pro Education",null,"Eurome","MID",16,512,"HD","Windows 11 Pro Education","14_config_standard","SI",1]
["Eurome_14_config_standardMID16512HDWindows 11 Pro",null,"Eurome","MID",16,512,"HD","Windows 11 Pro","14_config_standard","SI",1]
["Eurome_14_config_standardMID8256FHDDistribuzione Linux",null,"Eurome","MID",8,256,"FHD","Distribuzione Linux","14_config_standard","SI",1]
["Eurome_14_config_standardMID8256FHDWindows 11 Pro Education",null,"Eurome","MID",8,256,"FHD","Windows 11 Pro Education","14_config_standard","SI",1]
["Eurome_14_config_standardMID8256FHDWindows 11 Pro",null,"Eurome","MID",8,256,"FHD","Windows 11 Pro","14_config_standard","SI",1]
["Eurome_14_config_standardMID16256FHDDistribuzione Linux",null,"Eurome","MID",16,256,"FHD","Distribuzione Linux","14_config_standard","SI",1]
["Eurome_14_config_standardMID16256FHDWindows 11 Pro Education",null,"Eurome","MID",16,256,"FHD","Windows 11 Pro Education","14_config_standard","SI",1]
["Eurome_14_config_standardMID16256FHDWindows 11 Pro",null,"Eurome","MID",16,256,"FHD","Windows 11 Pro","14_config_standard","SI",1]
["Eurome_14_config_standardMID8512FHDDistribuzione Linux",null,"Eurome","MID",8,512,"FHD","Distribuzione Linux","14_config_standard","SI",1]
["Eurome_14_config_standardMID8512FHDWindows 11 Pro Education",null,"Eurome","MID",8,512,"FHD","Windows 11 Pro Education","14_config_standard","SI",1]
["Eurome_14_config_standardMID8512FHDWindows 11 Pro",null,"Eurome","MID",8,512,"FHD","Windows 11 Pro","14_config_standard","SI",1]
["Eurome_14_config_standardMID16512FHDDistribuzione Linux",null,"Eurome","MID",16,512,"FHD","Distribuzione Linux","14_config_standard","SI",1]
["Eurome_14_config_standardMID16512FHDWindows 11 Pro Education",null,"Eurome","MID",16,512,"FHD","Windows 11 Pro Education","14_config_standard","SI",1]
["Eurome_14_config_standardMID16512FHDWindows 11 Pro",null,"Eurome","MID",16,512,"FHD","Windows 11 Pro","14_config_standard","SI",1]
["Eurome_14_config_standardHIGH8256HDDistribuzione Linux",null,"Eurome","HIGH",8,256,"HD","Distribuzione Linux","14_config_standard","SI",1]
["Eurome_14_config_standardHIGH8256HDWindows 11 Pro Education",null,"Eurome","HIGH",8,256,"HD","Windows 11 Pro Education","14_config_standard","SI",1]
["Eurome_14_config_standardHIGH8256HDWindows 11 Pro",null,"Eurome","HIGH",8,256,"HD","Windows 11 Pro","14_config_standard","SI",1]
["Eurome_14_config_standardHIGH16256HDDistribuzione Linux",null,"Eurome","HIGH",16,256,"HD","Distribuzione Linux","14_config_standard","SI",1]
["Eurome_14_config_standardHIGH16256HDWindows 11 Pro Education",null,"Eurome","HIGH",16,256,"HD","Windows 11 Pro Education","14_config_standard","SI",1]
["Eurome_14_config_standardHIGH16256HDWindows 11 Pro",null,"Eurome","HIGH",16,256,"HD","Windows 11 Pro","14_config_standard","SI",1]
["Eurome_14_config_standardHIGH8512HDDistribuzione Linux",null,"Eurome","HIGH",8,512,"HD","Distribuzione Linux","14_config_standard","SI",1]
["Eurome_14_config_standardHIGH8512HDWindows 11 Pro Education",null,"Eurome","HIGH",8,512,"HD","Windows 11 Pro Education","14_config_standard","SI",1]
["Eurome_14_config_standardHIGH8512HDWindows 11 Pro",null,"Eurome","HIGH",8,512,"HD","Windows 11 Pro","14_config_standard","SI",1]
[{"$f":"C2725&\"_\"&I2725&D2725&E2725&F2725&G2725&H2725","v":"Eurome_14_config_standardHIGH16512HDDistribuzione Linux"},null,"Eurome","HIGH",16,512,"HD","Distribuzione Linux","14_config_standard","SI",1]
["Eurome_14_config_standardHIGH16512HDWindows 11 Pro Education",null,"Eurome","HIGH",16,512,"HD","Windows 11 Pro Education","14_config_standard","SI",1]
["Eurome_14_config_standardHIGH16512HDWindows 11 Pro",null,"Eurome","HIGH",16,512,"HD","Windows 11 Pro","14_config_standard","SI",1]
["Eurome_14_config_standardHIGH8256FHDDistribuzione Linux",null,"Eurome","HIGH",8,256,"FHD","Distribuzione Linux","14_config_standard","SI",1]
["Eurome_14_config_standardHIGH8256FHDWindows 11 Pro Education",null,"Eurome","HIGH",8,256,"FHD","Windows 11 Pro Education","14_config_standard","SI",1]
["Eurome_14_config_standardHIGH8256FHDWindows 11 Pro",null,"Eurome","HIGH",8,256,"FHD","Windows 11 Pro","14_config_standard","SI",1]
["Eurome_14_config_standardHIGH16256FHDDistribuzione Linux",null,"Eurome","HIGH",16,256,"FHD","Distribuzione Linux","14_config_standard","SI",1]
["Eurome_14_config_standardHIGH16256FHDWindows 11 Pro Education",null,"Eurome","HIGH",16,256,"FHD","Windows 11 Pro Education","14_config_standard","SI",1]
["Eurome_14_config_standardHIGH16256FHDWindows 11 Pro",null,"Eurome","HIGH",16,256,"FHD","Windows 11 Pro","14_config_standard","SI",1]
["Eurome_14_config_standardHIGH8512FHDDistribuzione Linux",null,"Eurome","HIGH",8,512,"FHD","Distribuzione Linux","14_config_standard","SI",1]
["Eurome_14_config_standardHIGH8512FHDWindows 11 Pro Education",null,"Eurome","HIGH",8,512,"FHD","Windows 11 Pro Education","14_config_standard","SI",1]
["Eurome_14_config_standardHIGH8512FHDWindows 11 Pro",null,"Eurome","HIGH",8,512,"FHD","Windows 11 Pro","14_config_standard","SI",1]
["Eurome_14_config_standardHIGH16512FHDDistribuzione Linux",null,"Eurome","HIGH",16,512,"FHD","Distribuzione Linux","14_config_standard","SI",1]
["Eurome_14_config_standardHIGH16512FHDWindows 11 Pro Education",null,"Eurome","HIGH",16,512,"FHD","Windows 11 Pro Education","14_config_standard","SI",1]
["Eurome_14_config_standardHIGH16512FHDWindows 11 Pro",null,"Eurome","HIGH",16,512,"FHD","Windows 11 Pro","14_config_standard","SI",1]
["Eurome_14_config_TCOLOW8256HDDistribuzione Linux",null,"Eurome","LOW",8,256,"HD","Distribuzione Linux","14_config_TCO","SI",1]
["Eurome_14_config_TCOLOW8256HDWindows 11 Pro Education",null,"Eurome","LOW",8,256,"HD","Windows 11 Pro Education","14_config_TCO","SI",1]
["Eurome_14_config_TCOLOW8256HDWindows 11 Pro",null,"Eurome","LOW",8,256,"HD","Windows 11 Pro","14_config_TCO","SI",1]
["Eurome_14_config_TCOLOW16256HDDistribuzione Linux",null,"Eurome","LOW",16,256,"HD","Distribuzione Linux","14_config_TCO","SI",1]
["Eurome_14_config_TCOLOW16256HDWindows 11 Pro Education",null,"Eurome","LOW",16,256,"HD","Windows 11 Pro Education","14_config_TCO","SI",1]
["Eurome_14_config_TCOLOW16256HDWindows 11 Pro",null,"Eurome","LOW",16,256,"HD","Windows 11 Pro","14_config_TCO","SI",1]
["Eurome_14_config_TCOLOW8512HDDistribuzione Linux",null,"Eurome","LOW",8,512,"HD","Distribuzione Linux","14_config_TCO","SI",1]
["Eurome_14_config_TCOLOW8512HDWindows 11 Pro Education",null,"Eurome","LOW",8,512,"HD","Windows 11 Pro Education","14_config_TCO","SI",1]
["Eurome_14_config_TCOLOW8512HDWindows 11 Pro",null,"Eurome","LOW",8,512,"HD","Windows 11 Pro","14_config_TCO","SI",1]
["Eurome_14_config_TCOLOW16512HDDistribuzione Linux",null,"Eurome","LOW",16,512,"HD","Distribuzione Linux","14_config_TCO","SI",1]
["Eurome_14_config_TCOLOW16512HDWindows 11 Pro Education",null,"Eurome","LOW",16,512,"HD","Windows 11 Pro Education","14_config_TCO","SI",1]
["Eurome_14_config_TCOLOW16512HDWindows 11 Pro",null,"Eurome","LOW",16,512,"HD","Windows 11 Pro","14_config_TCO","SI",1]
["Eurome_14_config_TCOLOW8256FHDDistribuzione Linux",null,"Eurome","LOW",8,256,"FHD","Distribuzione Linux","14_config_TCO","SI",1]
["Eurome_14_config_TCOLOW8256FHDWindows 11 Pro Education",null,"Eurome","LOW",8,256,"FHD","Windows 11 Pro Education","14_config_TCO","SI",1]
["Eurome_14_config_TCOLOW8256FHDWindows 11 Pro",null,"Eurome","LOW",8,256,"FHD","Windows 11 Pro","14_config_TCO","SI",1]
["Eurome_14_config_TCOLOW16256FHDDistribuzione Linux",null,"Eurome","LOW",16,256,"FHD","Distribuzione Linux","14_config_TCO","SI",1]
["Eurome_14_config_TCOLOW16256FHDWindows 11 Pro Education",null,"Eurome","LOW",16,256,"FHD","Windows 11 Pro Education","14_config_TCO","SI",1]
["Eurome_14_config_TCOLOW16256FHDWindows 11 Pro",null,"Eurome","LOW",16,256,"FHD","Windows 11 Pro","14_config_TCO","SI",1]
["Eurome_14_config_TCOLOW8512FHDDistribuzione Linux",null,"Eurome","LOW",8,512,"FHD","Distribuzione Linux","14_config_TCO","SI",1]
["Eurome_14_config_TCOLOW8512FHDWindows 11 Pro Education",null,"Eurome","LOW",8,512,"FHD","Windows 11 Pro Education","14_config_TCO","SI",1]
["Eurome_14_config_TCOLOW8512FHDWindows 11 Pro",null,"Eurome","LOW",8,512,"FHD","Windows 11 Pro","14_config_TCO","SI",1]
["Eurome_14_config_TCOLOW16512FHDDistribuzione Linux",null,"Eurome","LOW",16,512,"FHD","Distribuzione Linux","14_config_TCO","SI",1]
["Eurome_14_config_TCOLOW16512FHDWindows 11 Pro Education",null,"Eurome","LOW",16,512,"FHD","Windows 11 Pro Education","14_config_TCO","SI",1]
["Eurome_14_config_TCOLOW16512FHDWindows 11 Pro",null,"Eurome","LOW",16,512,"FHD","Windows 11 Pro","14_config_TCO","SI",1]
["Eurome_14_config_TCOMID8256HDDistribuzione Linux",null,"Eurome","MID",8,256,"HD","Distribuzione Linux","14_config_TCO","SI",1]
["Eurome_14_config_TCOMID8256HDWindows 11 Pro Education",null,"Eurome","MID",8,256,"HD","Windows 11 Pro Education","14_config_TCO","SI",{"$f":"+IF(J2765=\"NO\",0,1)","v":1}]
["Eurome_14_config_TCOMID8256HDWindows 11 Pro",null,"Eurome","MID",8,256,"HD","Windows 11 Pro","14_config_TCO","SI",1]
["Eurome_14_config_TCOMID16256HDDistribuzione Linux",null,"Eurome","MID",16,256,"HD","Distribuzione Linux","14_config_TCO","SI",1]
["Eurome_14_config_TCOMID16256HDWindows 11 Pro Education",null,"Eurome","MID",16,256,"HD","Windows 11 Pro Education","14_config_TCO","SI",1]
["Eurome_14_config_TCOMID16256HDWindows 11 Pro",null,"Eurome","MID",16,256,"HD","Windows 11 Pro","14_config_TCO","SI",1]
["Eurome_14_config_TCOMID8512HDDistribuzione Linux",null,"Eurome","MID",8,512,"HD","Distribuzione Linux","14_config_TCO","SI",1]
["Eurome_14_config_TCOMID8512HDWindows 11 Pro Education",null,"Eurome","MID",8,512,"HD","Windows 11 Pro Education","14_config_TCO","SI",1]
["Eurome_14_config_TCOMID8512HDWindows 11 Pro",null,"Eurome","MID",8,512,"HD","Windows 11 Pro","14_config_TCO","SI",1]
["Eurome_14_config_TCOMID16512HDDistribuzione Linux",null,"Eurome","MID",16,512,"HD","Distribuzione Linux","14_config_TCO","SI",1]
["Eurome_14_config_TCOMID16512HDWindows 11 Pro Education",null,"Eurome","MID",16,512,"HD","Windows 11 Pro Education","14_config_TCO","SI",1]
["Eurome_14_config_TCOMID16512HDWindows 11 Pro",null,"Eurome","MID",16,512,"HD","Windows 11 Pro","14_config_TCO","SI",1]
["Eurome_14_config_TCOMID8256FHDDistribuzione Linux",null,"Eurome","MID",8,256,"FHD","Distribuzione Linux","14_config_TCO","SI",1]
["Eurome_14_config_TCOMID8256FHDWindows 11 Pro Education",null,"Eurome","MID",8,256,"FHD","Windows 11 Pro Education","14_config_TCO","SI",1]
["Eurome_14_config_TCOMID8256FHDWindows 11 Pro",null,"Eurome","MID",8,256,"FHD","Windows 11 Pro","14_config_TCO","SI",1]
["Eurome_14_config_TCOMID16256FHDDistribuzione Linux",null,"Eurome","MID",16,256,"FHD","Distribuzione Linux","14_config_TCO","SI",1]
["Eurome_14_config_TCOMID16256FHDWindows 11 Pro Education",null,"Eurome","MID",16,256,"FHD","Windows 11 Pro Education","14_config_TCO","SI",1]
["Eurome_14_config_TCOMID16256FHDWindows 11 Pro",null,"Eurome","MID",16,256,"FHD","Windows 11 Pro","14_config_TCO","SI",1]
["Eurome_14_config_TCOMID8512FHDDistribuzione Linux",null,"Eurome","MID",8,512,"FHD","Distribuzione Linux","14_config_TCO","SI",1]
["Eurome_14_config_TCOMID8512FHDWindows 11 Pro Education",null,"Eurome","MID",8,512,"FHD","Windows 11 Pro Education","14_config_TCO","SI",1]
["Eurome_14_config_TCOMID8512FHDWindows 11 Pro",null,"Eurome","MID",8,512,"FHD","Windows 11 Pro","14_config_TCO","SI",1]
["Eurome_14_config_TCOMID16512FHDDistribuzione Linux",null,"Eurome","MID",16,512,"FHD","Distribuzione Linux","14_config_TCO","SI",1]
["Eurome_14_config_TCOMID16512FHDWindows 11 Pro Education",null,"Eurome","MID",16,512,"FHD","Windows 11 Pro Education","14_config_TCO","SI",1]
["Eurome_14_config_TCOMID16512FHDWindows 11 Pro",null,"Eurome","MID",16,512,"FHD","Windows 11 Pro","14_config_TCO","SI",1]
["Eurome_14_config_TCOHIGH8256HDDistribuzione Linux",null,"Eurome","HIGH",8,256,"HD","Distribuzione Linux","14_config_TCO","SI",1]
[{"$f":"C2789&\"_\"&I2789&D2789&E2789&F2789&G2789&H2789","v":"Eurome_14_config_TCOHIGH8256HDWindows 11 Pro Education"},null,"Eurome","HIGH",8,256,"HD","Windows 11 Pro Education","14_config_TCO","SI",1]
["Eurome_14_config_TCOHIGH8256HDWindows 11 Pro",null,"Eurome","HIGH",8,256,"HD","Windows 11 Pro","14_config_TCO","SI",1]
["Eurome_14_config_TCOHIGH16256HDDistribuzione Linux",null,"Eurome","HIGH",16,256,"HD","Distribuzione Linux","14_config_TCO","SI",1]
["Eurome_14_config_TCOHIGH16256HDWindows 11 Pro Education",null,"Eurome","HIGH",16,256,"HD","Windows 11 Pro Education","14_config_TCO","SI",1]
["Eurome_14_config_TCOHIGH16256HDWindows 11 Pro",null,"Eurome","HIGH",16,256,"HD","Windows 11 Pro","14_config_TCO","SI",1]
["Eurome_14_config_TCOHIGH8512HDDistribuzione Linux",null,"Eurome","HIGH",8,512,"HD","Distribuzione Linux","14_config_TCO","SI",1]
["Eurome_14_config_TCOHIGH8512HDWindows 11 Pro Education",null,"Eurome","HIGH",8,512,"HD","Windows 11 Pro Education","14_config_TCO","SI",1]
["Eurome_14_config_TCOHIGH8512HDWindows 11 Pro",null,"Eurome","HIGH",8,512,"HD","Windows 11 Pro","14_config_TCO","SI",1]
["Eurome_14_config_TCOHIGH16512HDDistribuzione Linux",null,"Eurome","HIGH",16,512,"HD","Distribuzione Linux","14_config_TCO","SI",1]
["Eurome_14_config_TCOHIGH16512HDWindows 11 Pro Education",null,"Eurome","HIGH",16,512,"HD","Windows 11 Pro Education","14_config_TCO","SI",1]
["Eurome_14_config_TCOHIGH16512HDWindows 11 Pro",null,"Eurome","HIGH",16,512,"HD","Windows 11 Pro","14_config_TCO","SI",1]
["Eurome_14_config_TCOHIGH8256FHDDistribuzione Linux",null,"Eurome","HIGH",8,256,"FHD","Distribuzione Linux","14_config_TCO","SI",1]
["Eurome_14_config_TCOHIGH8256FHDWindows 11 Pro Education",null,"Eurome","HIGH",8,256,"FHD","Windows 11 Pro Education","14_config_TCO","SI",1]
["Eurome_14_config_TCOHIGH8256FHDWindows 11 Pro",null,"Eurome","HIGH",8,256,"FHD","Windows 11 Pro","14_config_TCO","SI",1]
["Eurome_14_config_TCOHIGH16256FHDDistribuzione Linux",null,"Eurome","HIGH",16,256,"FHD","Distribuzione Linux","14_config_TCO","SI",1]
["Eurome_14_config_TCOHIGH16256FHDWindows 11 Pro Education",null,"Eurome","HIGH",16,256,"FHD","Windows 11 Pro Education","14_config_TCO","SI",1]
["Eurome_14_config_TCOHIGH16256FHDWindows 11 Pro",null,"Eurome","HIGH",16,256,"FHD","Windows 11 Pro","14_config_TCO","SI",1]
["Eurome_14_config_TCOHIGH8512FHDDistribuzione Linux",null,"Eurome","HIGH",8,512,"FHD","Distribuzione Linux","14_config_TCO","SI",1]
["Eurome_14_config_TCOHIGH8512FHDWindows 11 Pro Education",null,"Eurome","HIGH",8,512,"FHD","Windows 11 Pro Education","14_config_TCO","SI",1]
["Eurome_14_config_TCOHIGH8512FHDWindows 11 Pro",null,"Eurome","HIGH",8,512,"FHD","Windows 11 Pro","14_config_TCO","SI",1]
["Eurome_14_config_TCOHIGH16512FHDDistribuzione Linux",null,"Eurome","HIGH",16,512,"FHD","Distribuzione Linux","14_config_TCO","SI",1]
["Eurome_14_config_TCOHIGH16512FHDWindows 11 Pro Education",null,"Eurome","HIGH",16,512,"FHD","Windows 11 Pro Education","14_config_TCO","SI",1]
["Eurome_14_config_TCOHIGH16512FHDWindows 11 Pro",null,"Eurome","HIGH",16,512,"FHD","Windows 11 Pro","14_config_TCO","SI",1]
["Eurome_13_config_standardLOW8256HDDistribuzione Linux",null,"Eurome","LOW",8,256,"HD","Distribuzione Linux","13_config_standard","NO",0]
["Eurome_13_config_standardLOW8256HDWindows 11 Pro Education",null,"Eurome","LOW",8,256,"HD","Windows 11 Pro Education","13_config_standard","NO",0]
["Eurome_13_config_standardLOW8256HDWindows 11 Pro",null,"Eurome","LOW",8,256,"HD","Windows 11 Pro","13_config_standard","NO",0]
["Eurome_13_config_standardLOW16256HDDistribuzione Linux",null,"Eurome","LOW",16,256,"HD","Distribuzione Linux","13_config_standard","NO",0]
["Eurome_13_config_standardLOW16256HDWindows 11 Pro Education",null,"Eurome","LOW",16,256,"HD","Windows 11 Pro Education","13_config_standard","NO",0]
["Eurome_13_config_standardLOW16256HDWindows 11 Pro",null,"Eurome","LOW",16,256,"HD","Windows 11 Pro","13_config_standard","NO",0]
["Eurome_13_config_standardLOW8512HDDistribuzione Linux",null,"Eurome","LOW",8,512,"HD","Distribuzione Linux","13_config_standard","NO",0]
["Eurome_13_config_standardLOW8512HDWindows 11 Pro Education",null,"Eurome","LOW",8,512,"HD","Windows 11 Pro Education","13_config_standard","NO",0]
["Eurome_13_config_standardLOW8512HDWindows 11 Pro",null,"Eurome","LOW",8,512,"HD","Windows 11 Pro","13_config_standard","NO",0]
["Eurome_13_config_standardLOW16512HDDistribuzione Linux",null,"Eurome","LOW",16,512,"HD","Distribuzione Linux","13_config_standard","NO",0]
["Eurome_13_config_standardLOW16512HDWindows 11 Pro Education",null,"Eurome","LOW",16,512,"HD","Windows 11 Pro Education","13_config_standard","NO",0]
["Eurome_13_config_standardLOW16512HDWindows 11 Pro",null,"Eurome","LOW",16,512,"HD","Windows 11 Pro","13_config_standard","NO",0]
["Eurome_13_config_standardLOW8256FHDDistribuzione Linux",null,"Eurome","LOW",8,256,"FHD","Distribuzione Linux","13_config_standard","SI",1]
["Eurome_13_config_standardLOW8256FHDWindows 11 Pro Education",null,"Eurome","LOW",8,256,"FHD","Windows 11 Pro Education","13_config_standard","SI",1]
["Eurome_13_config_standardLOW8256FHDWindows 11 Pro",null,"Eurome","LOW",8,256,"FHD","Windows 11 Pro","13_config_standard","SI",1]
["Eurome_13_config_standardLOW16256FHDDistribuzione Linux",null,"Eurome","LOW",16,256,"FHD","Distribuzione Linux","13_config_standard","SI",1]
["Eurome_13_config_standardLOW16256FHDWindows 11 Pro Education",null,"Eurome","LOW",16,256,"FHD","Windows 11 Pro Education","13_config_standard","SI",1]
["Eurome_13_config_standardLOW16256FHDWindows 11 Pro",null,"Eurome","LOW",16,256,"FHD","Windows 11 Pro","13_config_standard","SI",{"$f":"+IF(J2829=\"NO\",0,1)","v":1}]
["Eurome_13_config_standardLOW8512FHDDistribuzione Linux",null,"Eurome","LOW",8,512,"FHD","Distribuzione Linux","13_config_standard","SI",1]
["Eurome_13_config_standardLOW8512FHDWindows 11 Pro Education",null,"Eurome","LOW",8,512,"FHD","Windows 11 Pro Education","13_config_standard","SI",1]
["Eurome_13_config_standardLOW8512FHDWindows 11 Pro",null,"Eurome","LOW",8,512,"FHD","Windows 11 Pro","13_config_standard","SI",1]
["Eurome_13_config_standardLOW16512FHDDistribuzione Linux",null,"Eurome","LOW",16,512,"FHD","Distribuzione Linux","13_config_standard","SI",1]
["Eurome_13_config_standardLOW16512FHDWindows 11 Pro Education",null,"Eurome","LOW",16,512,"FHD","Windows 11 Pro Education","13_config_standard","SI",1]
["Eurome_13_config_standardLOW16512FHDWindows 11 Pro",null,"Eurome","LOW",16,512,"FHD","Windows 11 Pro","13_config_standard","SI",1]
["Eurome_13_config_standardMID8256HDDistribuzione Linux",null,"Eurome","MID",8,256,"HD","Distribuzione Linux","13_config_standard","NO",0]
["Eurome_13_config_standardMID8256HDWindows 11 Pro Education",null,"Eurome","MID",8,256,"HD","Windows 11 Pro Education","13_config_standard","NO",0]
["Eurome_13_config_standardMID8256HDWindows 11 Pro",null,"Eurome","MID",8,256,"HD","Windows 11 Pro","13_config_standard","NO",0]
["Eurome_13_config_standardMID16256HDDistribuzione Linux",null,"Eurome","MID",16,256,"HD","Distribuzione Linux","13_config_standard","NO",0]
["Eurome_13_config_standardMID16256HDWindows 11 Pro Education",null,"Eurome","MID",16,256,"HD","Windows 11 Pro Education","13_config_standard","NO",0]
["Eurome_13_config_standardMID16256HDWindows 11 Pro",null,"Eurome","MID",16,256,"HD","Windows 11 Pro","13_config_standard","NO",0]
["Eurome_13_config_standardMID8512HDDistribuzione Linux",null,"Eurome","MID",8,512,"HD","Distribuzione Linux","13_config_standard","NO",0]
["Eurome_13_config_standardMID8512HDWindows 11 Pro Education",null,"Eurome","MID",8,512,"HD","Windows 11 Pro Education","13_config_standard","NO",0]
["Eurome_13_config_standardMID8512HDWindows 11 Pro",null,"Eurome","MID",8,512,"HD","Windows 11 Pro","13_config_standard","NO",0]
["Eurome_13_config_standardMID16512HDDistribuzione Linux",null,"Eurome","MID",16,512,"HD","Distribuzione Linux","13_config_standard","NO",0]
["Eurome_13_config_standardMID16512HDWindows 11 Pro Education",null,"Eurome","MID",16,512,"HD","Windows 11 Pro Education","13_config_standard","NO",0]
["Eurome_13_config_standardMID16512HDWindows 11 Pro",null,"Eurome","MID",16,512,"HD","Windows 11 Pro","13_config_standard","NO",0]
["Eurome_13_config_standardMID8256FHDDistribuzione Linux",null,"Eurome","MID",8,256,"FHD","Distribuzione Linux","13_config_standard","SI",1]
["Eurome_13_config_standardMID8256FHDWindows 11 Pro Education",null,"Eurome","MID",8,256,"FHD","Windows 11 Pro Education","13_config_standard","SI",1]
["Eurome_13_config_standardMID8256FHDWindows 11 Pro",null,"Eurome","MID",8,256,"FHD","Windows 11 Pro","13_config_standard","SI",1]
["Eurome_13_config_standardMID16256FHDDistribuzione Linux",null,"Eurome","MID",16,256,"FHD","Distribuzione Linux","13_config_standard","SI",1]
["Eurome_13_config_standardMID16256FHDWindows 11 Pro Education",null,"Eurome","MID",16,256,"FHD","Windows 11 Pro Education","13_config_standard","SI",1]
[{"$f":"C2853&\"_\"&I2853&D2853&E2853&F2853&G2853&H2853","v":"Eurome_13_config_standardMID16256FHDWindows 11 Pro"},null,"Eurome","MID",16,256,"FHD","Windows 11 Pro","13_config_standard","SI",1]
["Eurome_13_config_standardMID8512FHDDistribuzione Linux",null,"Eurome","MID",8,512,"FHD","Distribuzione Linux","13_config_standard","SI",1]
["Eurome_13_config_standardMID8512FHDWindows 11 Pro Education",null,"Eurome","MID",8,512,"FHD","Windows 11 Pro Education","13_config_standard","SI",1]
["Eurome_13_config_standardMID8512FHDWindows 11 Pro",null,"Eurome","MID",8,512,"FHD","Windows 11 Pro","13_config_standard","SI",1]
["Eurome_13_config_standardMID16512FHDDistribuzione Linux",null,"Eurome","MID",16,512,"FHD","Distribuzione Linux","13_config_standard","SI",1]
["Eurome_13_config_standardMID16512FHDWindows 11 Pro Education",null,"Eurome","MID",16,512,"FHD","Windows 11 Pro Education","13_config_standard","SI",1]
["Eurome_13_config_standardMID16512FHDWindows 11 Pro",null,"Eurome","MID",16,512,"FHD","Windows 11 Pro","13_config_standard","SI",1]
["Eurome_13_config_standardHIGH8256HDDistribuzione Linux",null,"Eurome","HIGH",8,256,"HD","Distribuzione Linux","13_config_standard","NO",0]
["Eurome_13_config_standardHIGH8256HDWindows 11 Pro Education",null,"Eurome","HIGH",8,256,"HD","Windows 11 Pro Education","13_config_standard","NO",0]
["Eurome_13_config_standardHIGH8256HDWindows 11 Pro",null,"Eurome","HIGH",8,256,"HD","Windows 11 Pro","13_config_standard","NO",0]
["Eurome_13_config_standardHIGH16256HDDistribuzione Linux",null,"Eurome","HIGH",16,256,"HD","Distribuzione Linux","13_config_standard","NO",0]
["Eurome_13_config_standardHIGH16256HDWindows 11 Pro Education",null,"Eurome","HIGH",16,256,"HD","Windows 11 Pro Education","13_config_standard","NO",0]
["Eurome_13_config_standardHIGH16256HDWindows 11 Pro",null,"Eurome","HIGH",16,256,"HD","Windows 11 Pro","13_config_standard","NO",0]
["Eurome_13_config_standardHIGH8512HDDistribuzione Linux",null,"Eurome","HIGH",8,512,"HD","Distribuzione Linux","13_config_standard","NO",0]
["Eurome_13_config_standardHIGH8512HDWindows 11 Pro Education",null,"Eurome","HIGH",8,512,"HD","Windows 11 Pro Education","13_config_standard","NO",0]
["Eurome_13_config_standardHIGH8512HDWindows 11 Pro",null,"Eurome","HIGH",8,512,"HD","Windows 11 Pro","13_config_standard","NO",0]
["Eurome_13_config_standardHIGH16512HDDistribuzione Linux",null,"Eurome","HIGH",16,512,"HD","Distribuzione Linux","13_config_standard","NO",0]
["Eurome_13_config_standardHIGH16512HDWindows 11 Pro Education",null,"Eurome","HIGH",16,512,"HD","Windows 11 Pro Education","13_config_standard","NO",0]
["Eurome_13_config_standardHIGH16512HDWindows 11 Pro",null,"Eurome","HIGH",16,512,"HD","Windows 11 Pro","13_config_standard","NO",0]
["Eurome_13_config_standardHIGH8256FHDDistribuzione Linux",null,"Eurome","HIGH",8,256,"FHD","Distribuzione Linux","13_config_standard","SI",1]
["Eurome_13_config_standardHIGH8256FHDWindows 11 Pro Education",null,"Eurome","HIGH",8,256,"FHD","Windows 11 Pro Education","13_config_standard","SI",1]
["Eurome_13_config_standardHIGH8256FHDWindows 11 Pro",null,"Eurome","HIGH",8,256,"FHD","Windows 11 Pro","13_config_standard","SI",1]
["Eurome_13_config_standardHIGH16256FHDDistribuzione Linux",null,"Eurome","HIGH",16,256,"FHD","Distribuzione Linux","13_config_standard","SI",1]
["Eurome_13_config_standardHIGH16256FHDWindows 11 Pro Education",null,"Eurome","HIGH",16,256,"FHD","Windows 11 Pro Education","13_config_standard","SI",1]
["Eurome_13_config_standardHIGH16256FHDWindows 11 Pro",null,"Eurome","HIGH",16,256,"FHD","Windows 11 Pro","13_config_standard","SI",1]
["Eurome_13_config_standardHIGH8512FHDDistribuzione Linux",null,"Eurome","HIGH",8,512,"FHD","Distribuzione Linux","13_config_standard","SI",1]
["Eurome_13_config_standardHIGH8512FHDWindows 11 Pro Education",null,"Eurome","HIGH",8,512,"FHD","Windows 11 Pro Education","13_config_standard","SI",1]
["Eurome_13_config_standardHIGH8512FHDWindows 11 Pro",null,"Eurome","HIGH",8,512,"FHD","Windows 11 Pro","13_config_standard","SI",1]
["Eurome_13_config_standardHIGH16512FHDDistribuzione Linux",null,"Eurome","HIGH",16,512,"FHD","Distribuzione Linux","13_config_standard","SI",1]
["Eurome_13_config_standardHIGH16512FHDWindows 11 Pro Education",null,"Eurome","HIGH",16,512,"FHD","Windows 11 Pro Education","13_config_standard","SI",1]
["Eurome_13_config_standardHIGH16512FHDWindows 11 Pro",null,"Eurome","HIGH",16,512,"FHD","Windows 11 Pro","13_config_standard","SI",1]
["Eurome_13_config_TCOLOW8256HDDistribuzione Linux",null,"Eurome","LOW",8,256,"HD","Distribuzione Linux","13_config_TCO","NO",0]
["Eurome_13_config_TCOLOW8256HDWindows 11 Pro Education",null,"Eurome","LOW",8,256,"HD","Windows 11 Pro Education","13_config_TCO","NO",0]
["Eurome_13_config_TCOLOW8256HDWindows 11 Pro",null,"Eurome","LOW",8,256,"HD","Windows 11 Pro","13_config_TCO","NO",0]
["Eurome_13_config_TCOLOW16256HDDistribuzione Linux",null,"Eurome","LOW",16,256,"HD","Distribuzione Linux","13_config_TCO","NO",0]
["Eurome_13_config_TCOLOW16256HDWindows 11 Pro Education",null,"Eurome","LOW",16,256,"HD","Windows 11 Pro Education","13_config_TCO","NO",0]
["Eurome_13_config_TCOLOW16256HDWindows 11 Pro",null,"Eurome","LOW",16,256,"HD","Windows 11 Pro","13_config_TCO","NO",0]
["Eurome_13_config_TCOLOW8512HDDistribuzione Linux",null,"Eurome","LOW",8,512,"HD","Distribuzione Linux","13_config_TCO","NO",0]
["Eurome_13_config_TCOLOW8512HDWindows 11 Pro Education",null,"Eurome","LOW",8,512,"HD","Windows 11 Pro Education","13_config_TCO","NO",0]
["Eurome_13_config_TCOLOW8512HDWindows 11 Pro",null,"Eurome","LOW",8,512,"HD","Windows 11 Pro","13_config_TCO","NO",0]
["Eurome_13_config_TCOLOW16512HDDistribuzione Linux",null,"Eurome","LOW",16,512,"HD","Distribuzione Linux","13_config_TCO","NO",{"$f":"+IF(J2893=\"NO\",0,1)","v":0}]
["Eurome_13_config_TCOLOW16512HDWindows 11 Pro Education",null,"Eurome","LOW",16,512,"HD","Windows 11 Pro Education","13_config_TCO","NO",0]
["Eurome_13_config_TCOLOW16512HDWindows 11 Pro",null,"Eurome","LOW",16,512,"HD","Windows 11 Pro","13_config_TCO","NO",0]
["Eurome_13_config_TCOLOW8256FHDDistribuzione Linux",null,"Eurome","LOW",8,256,"FHD","Distribuzione Linux","13_config_TCO","SI",1]
["Eurome_13_config_TCOLOW8256FHDWindows 11 Pro Education",null,"Eurome","LOW",8,256,"FHD","Windows 11 Pro Education","13_config_TCO","SI",1]
["Eurome_13_config_TCOLOW8256FHDWindows 11 Pro",null,"Eurome","LOW",8,256,"FHD","Windows 11 Pro","13_config_TCO","SI",1]
["Eurome_13_config_TCOLOW16256FHDDistribuzione Linux",null,"Eurome","LOW",16,256,"FHD","Distribuzione Linux","13_config_TCO","SI",1]
["Eurome_13_config_TCOLOW16256FHDWindows 11 Pro Education",null,"Eurome","LOW",16,256,"FHD","Windows 11 Pro Education","13_config_TCO","SI",1]
["Eurome_13_config_TCOLOW16256FHDWindows 11 Pro",null,"Eurome","LOW",16,256,"FHD","Windows 11 Pro","13_config_TCO","SI",1]
["Eurome_13_config_TCOLOW8512FHDDistribuzione Linux",null,"Eurome","LOW",8,512,"FHD","Distribuzione Linux","13_config_TCO","SI",1]
["Eurome_13_config_TCOLOW8512FHDWindows 11 Pro Education",null,"Eurome","LOW",8,512,"FHD","Windows 11 Pro Education","13_config_TCO","SI",1]
["Eurome_13_config_TCOLOW8512FHDWindows 11 Pro",null,"Eurome","LOW",8,512,"FHD","Windows 11 Pro","13_config_TCO","SI",1]
["Eurome_13_config_TCOLOW16512FHDDistribuzione Linux",null,"Eurome","LOW",16,512,"FHD","Distribuzione Linux","13_config_TCO","SI",1]
["Eurome_13_config_TCOLOW16512FHDWindows 11 Pro Education",null,"Eurome","LOW",16,512,"FHD","Windows 11 Pro Education","13_config_TCO","SI",1]
["Eurome_13_config_TCOLOW16512FHDWindows 11 Pro",null,"Eurome","LOW",16,512,"FHD","Windows 11 Pro","13_config_TCO","SI",1]
["Eurome_13_config_TCOMID8256HDDistribuzione Linux",null,"Eurome","MID",8,256,"HD","Distribuzione Linux","13_config_TCO","NO",0]
["Eurome_13_config_TCOMID8256HDWindows 11 Pro Education",null,"Eurome","MID",8,256,"HD","Windows 11 Pro Education","13_config_TCO","NO",0]
["Eurome_13_config_TCOMID8256HDWindows 11 Pro",null,"Eurome","MID",8,256,"HD","Windows 11 Pro","13_config_TCO","NO",0]
["Eurome_13_config_TCOMID16256HDDistribuzione Linux",null,"Eurome","MID",16,256,"HD","Distribuzione Linux","13_config_TCO","NO",0]
["Eurome_13_config_TCOMID16256HDWindows 11 Pro Education",null,"Eurome","MID",16,256,"HD","Windows 11 Pro Education","13_config_TCO","NO",0]
["Eurome_13_config_TCOMID16256HDWindows 11 Pro",null,"Eurome","MID",16,256,"HD","Windows 11 Pro","13_config_TCO","NO",0]
["Eurome_13_config_TCOMID8512HDDistribuzione Linux",null,"Eurome","MID",8,512,"HD","Distribuzione Linux","13_config_TCO","NO",0]
["Eurome_13_config_TCOMID8512HDWindows 11 Pro Education",null,"Eurome","MID",8,512,"HD","Windows 11 Pro Education","13_config_TCO","NO",0]
["Eurome_13_config_TCOMID8512HDWindows 11 Pro",null,"Eurome","MID",8,512,"HD","Windows 11 Pro","13_config_TCO","NO",0]
[{"$f":"C2917&\"_\"&I2917&D2917&E2917&F2917&G2917&H2917","v":"Eurome_13_config_TCOMID16512HDDistribuzione Linux"},null,"Eurome","MID",16,512,"HD","Distribuzione Linux","13_config_TCO","NO",0]
["Eurome_13_config_TCOMID16512HDWindows 11 Pro Education",null,"Eurome","MID",16,512,"HD","Windows 11 Pro Education","13_config_TCO","NO",0]
["Eurome_13_config_TCOMID16512HDWindows 11 Pro",null,"Eurome","MID",16,512,"HD","Windows 11 Pro","13_config_TCO","NO",0]
["Eurome_13_config_TCOMID8256FHDDistribuzione Linux",null,"Eurome","MID",8,256,"FHD","Distribuzione Linux","13_config_TCO","SI",1]
["Eurome_13_config_TCOMID8256FHDWindows 11 Pro Education",null,"Eurome","MID",8,256,"FHD","Windows 11 Pro Education","13_config_TCO","SI",1]
["Eurome_13_config_TCOMID8256FHDWindows 11 Pro",null,"Eurome","MID",8,256,"FHD","Windows 11 Pro","13_config_TCO","SI",1]
["Eurome_13_config_TCOMID16256FHDDistribuzione Linux",null,"Eurome","MID",16,256,"FHD","Distribuzione Linux","13_config_TCO","SI",1]
["Eurome_13_config_TCOMID16256FHDWindows 11 Pro Education",null,"Eurome","MID",16,256,"FHD","Windows 11 Pro Education","13_config_TCO","SI",1]
["Eurome_13_config_TCOMID16256FHDWindows 11 Pro",null,"Eurome","MID",16,256,"FHD","Windows 11 Pro","13_config_TCO","SI",1]
["Eurome_13_config_TCOMID8512FHDDistribuzione Linux",null,"Eurome","MID",8,512,"FHD","Distribuzione Linux","13_config_TCO","SI",1]
["Eurome_13_config_TCOMID8512FHDWindows 11 Pro Education",null,"Eurome","MID",8,512,"FHD","Windows 11 Pro Education","13_config_TCO","SI",1]
["Eurome_13_config_TCOMID8512FHDWindows 11 Pro",null,"Eurome","MID",8,512,"FHD","Windows 11 Pro","13_config_TCO","SI",1]
["Eurome_13_config_TCOMID16512FHDDistribuzione Linux",null,"Eurome","MID",16,512,"FHD","Distribuzione Linux","13_config_TCO","SI",1]
["Eurome_13_config_TCOMID16512FHDWindows 11 Pro Education",null,"Eurome","MID",16,512,"FHD","Windows 11 Pro Education","13_config_TCO","SI",1]
["Eurome_13_config_TCOMID16512FHDWindows 11 Pro",null,"Eurome","MID",16,512,"FHD","Windows 11 Pro","13_config_TCO","SI",1]
["Eurome_13_config_TCOHIGH8256HDDistribuzione Linux",null,"Eurome","HIGH",8,256,"HD","Distribuzione Linux","13_config_TCO","NO",0]
["Eurome_13_config_TCOHIGH8256HDWindows 11 Pro Education",null,"Eurome","HIGH",8,256,"HD","Windows 11 Pro Education","13_config_TCO","NO",0]
["Eurome_13_config_TCOHIGH8256HDWindows 11 Pro",null,"Eurome","HIGH",8,256,"HD","Windows 11 Pro","13_config_TCO","NO",0]
["Eurome_13_config_TCOHIGH16256HDDistribuzione Linux",null,"Eurome","HIGH",16,256,"HD","Distribuzione Linux","13_config_TCO","NO",0]
["Eurome_13_config_TCOHIGH16256HDWindows 11 Pro Education",null,"Eurome","HIGH",16,256,"HD","Windows 11 Pro Education","13_config_TCO","NO",0]
["Eurome_13_config_TCOHIGH16256HDWindows 11 Pro",null,"Eurome","HIGH",16,256,"HD","Windows 11 Pro","13_config_TCO","NO",0]
["Eurome_13_config_TCOHIGH8512HDDistribuzione Linux",null,"Eurome","HIGH",8,512,"HD","Distribuzione Linux","13_config_TCO","NO",0]
["Eurome_13_config_TCOHIGH8512HDWindows 11 Pro Education",null,"Eurome","HIGH",8,512,"HD","Windows 11 Pro Education","13_config_TCO","NO",0]
["Eurome_13_config_TCOHIGH8512HDWindows 11 Pro",null,"Eurome","HIGH",8,512,"HD","Windows 11 Pro","13_config_TCO","NO",0]
["Eurome_13_config_TCOHIGH16512HDDistribuzione Linux",null,"Eurome","HIGH",16,512,"HD","Distribuzione Linux","13_config_TCO","NO",0]
["Eurome_13_config_TCOHIGH16512HDWindows 11 Pro Education",null,"Eurome","HIGH",16,512,"HD","Windows 11 Pro Education","13_config_TCO","NO",0]
["Eurome_13_config_TCOHIGH16512HDWindows 11 Pro",null,"Eurome","HIGH",16,512,"HD","Windows 11 Pro","13_config_TCO","NO",0]
["Eurome_13_config_TCOHIGH8256FHDDistribuzione Linux",null,"Eurome","HIGH",8,256,"FHD","Distribuzione Linux","13_config_TCO","SI",1]
["Eurome_13_config_TCOHIGH8256FHDWindows 11 Pro Education",null,"Eurome","HIGH",8,256,"FHD","Windows 11 Pro Education","13_config_TCO","SI",1]
["Eurome_13_config_TCOHIGH8256FHDWindows 11 Pro",null,"Eurome","HIGH",8,256,"FHD","Windows 11 Pro","13_config_TCO","SI",1]
["Eurome_13_config_TCOHIGH16256FHDDistribuzione Linux",null,"Eurome","HIGH",16,256,"FHD","Distribuzione Linux","13_config_TCO","SI",1]
["Eurome_13_config_TCOHIGH16256FHDWindows 11 Pro Education",null,"Eurome","HIGH",16,256,"FHD","Windows 11 Pro Education","13_config_TCO","SI",1]
["Eurome_13_config_TCOHIGH16256FHDWindows 11 Pro",null,"Eurome","HIGH",16,256,"FHD","Windows 11 Pro","13_config_TCO","SI",1]
["Eurome_13_config_TCOHIGH8512FHDDistribuzione Linux",null,"Eurome","HIGH",8,512,"FHD","Distribuzione Linux","13_config_TCO","SI",1]
["Eurome_13_config_TCOHIGH8512FHDWindows 11 Pro Education",null,"Eurome","HIGH",8,512,"FHD","Windows 11 Pro Education","13_config_TCO","SI",1]
["Eurome_13_config_TCOHIGH8512FHDWindows 11 Pro",null,"Eurome","HIGH",8,512,"FHD","Windows 11 Pro","13_config_TCO","SI",1]
["Eurome_13_config_TCOHIGH16512FHDDistribuzione Linux",null,"Eurome","HIGH",16,512,"FHD","Distribuzione Linux","13_config_TCO","SI",1]
["Eurome_13_config_TCOHIGH16512FHDWindows 11 Pro Education",null,"Eurome","HIGH",16,512,"FHD","Windows 11 Pro Education","13_config_TCO","SI",1]
["Eurome_13_config_TCOHIGH16512FHDWindows 11 Pro",null,"Eurome","HIGH",16,512,"FHD","Windows 11 Pro","13_config_TCO","SI",1]
["Infordata_15_config_standardLOW8256HDDistribuzione Linux",null,"Infordata","LOW",8,256,"HD","Distribuzione Linux","15_config_standard","NO",0]
["Infordata_15_config_standardLOW8256HDWindows 11 Pro Education",null,"Infordata","LOW",8,256,"HD","Windows 11 Pro Education","15_config_standard","NO",{"$f":"+IF(J2957=\"NO\",0,1)","v":0}]
["Infordata_15_config_standardLOW8256HDWindows 11 Pro",null,"Infordata","LOW",8,256,"HD","Windows 11 Pro","15_config_standard","NO",0]
["Infordata_15_config_standardLOW16256HDDistribuzione Linux",null,"Infordata","LOW",16,256,"HD","Distribuzione Linux","15_config_standard","NO",0]
["Infordata_15_config_standardLOW16256HDWindows 11 Pro Education",null,"Infordata","LOW",16,256,"HD","Windows 11 Pro Education","15_config_standard","NO",0]
["Infordata_15_config_standardLOW16256HDWindows 11 Pro",null,"Infordata","LOW",16,256,"HD","Windows 11 Pro","15_config_standard","NO",0]
["Infordata_15_config_standardLOW8512HDDistribuzione Linux",null,"Infordata","LOW",8,512,"HD","Distribuzione Linux","15_config_standard","NO",0]
["Infordata_15_config_standardLOW8512HDWindows 11 Pro Education",null,"Infordata","LOW",8,512,"HD","Windows 11 Pro Education","15_config_standard","NO",0]
["Infordata_15_config_standardLOW8512HDWindows 11 Pro",null,"Infordata","LOW",8,512,"HD","Windows 11 Pro","15_config_standard","NO",0]
["Infordata_15_config_standardLOW16512HDDistribuzione Linux",null,"Infordata","LOW",16,512,"HD","Distribuzione Linux","15_config_standard","NO",0]
["Infordata_15_config_standardLOW16512HDWindows 11 Pro Education",null,"Infordata","LOW",16,512,"HD","Windows 11 Pro Education","15_config_standard","NO",0]
["Infordata_15_config_standardLOW16512HDWindows 11 Pro",null,"Infordata","LOW",16,512,"HD","Windows 11 Pro","15_config_standard","NO",0]
["Infordata_15_config_standardLOW8256FHDDistribuzione Linux",null,"Infordata","LOW",8,256,"FHD","Distribuzione Linux","15_config_standard","NO",0]
["Infordata_15_config_standardLOW8256FHDWindows 11 Pro Education",null,"Infordata","LOW",8,256,"FHD","Windows 11 Pro Education","15_config_standard","NO",0]
["Infordata_15_config_standardLOW8256FHDWindows 11 Pro",null,"Infordata","LOW",8,256,"FHD","Windows 11 Pro","15_config_standard","NO",0]
["Infordata_15_config_standardLOW16256FHDDistribuzione Linux",null,"Infordata","LOW",16,256,"FHD","Distribuzione Linux","15_config_standard","NO",0]
["Infordata_15_config_standardLOW16256FHDWindows 11 Pro Education",null,"Infordata","LOW",16,256,"FHD","Windows 11 Pro Education","15_config_standard","NO",0]
["Infordata_15_config_standardLOW16256FHDWindows 11 Pro",null,"Infordata","LOW",16,256,"FHD","Windows 11 Pro","15_config_standard","NO",0]
["Infordata_15_config_standardLOW8512FHDDistribuzione Linux",null,"Infordata","LOW",8,512,"FHD","Distribuzione Linux","15_config_standard","NO",0]
["Infordata_15_config_standardLOW8512FHDWindows 11 Pro Education",null,"Infordata","LOW",8,512,"FHD","Windows 11 Pro Education","15_config_standard","NO",0]
["Infordata_15_config_standardLOW8512FHDWindows 11 Pro",null,"Infordata","LOW",8,512,"FHD","Windows 11 Pro","15_config_standard","NO",0]
["Infordata_15_config_standardLOW16512FHDDistribuzione Linux",null,"Infordata","LOW",16,512,"FHD","Distribuzione Linux","15_config_standard","NO",0]
["Infordata_15_config_standardLOW16512FHDWindows 11 Pro Education",null,"Infordata","LOW",16,512,"FHD","Windows 11 Pro Education","15_config_standard","NO",0]
["Infordata_15_config_standardLOW16512FHDWindows 11 Pro",null,"Infordata","LOW",16,512,"FHD","Windows 11 Pro","15_config_standard","NO",0]
["Infordata_15_config_standardMID8256HDDistribuzione Linux",null,"Infordata","MID",8,256,"HD","Distribuzione Linux","15_config_standard","NO",0]
[{"$f":"C2981&\"_\"&I2981&D2981&E2981&F2981&G2981&H2981","v":"Infordata_15_config_standardMID8256HDWindows 11 Pro Education"},null,"Infordata","MID",8,256,"HD","Windows 11 Pro Education","15_config_standard","NO",0]
["Infordata_15_config_standardMID8256HDWindows 11 Pro",null,"Infordata","MID",8,256,"HD","Windows 11 Pro","15_config_standard","NO",0]
["Infordata_15_config_standardMID16256HDDistribuzione Linux",null,"Infordata","MID",16,256,"HD","Distribuzione Linux","15_config_standard","NO",0]
["Infordata_15_config_standardMID16256HDWindows 11 Pro Education",null,"Infordata","MID",16,256,"HD","Windows 11 Pro Education","15_config_standard","NO",0]
["Infordata_15_config_standardMID16256HDWindows 11 Pro",null,"Infordata","MID",16,256,"HD","Windows 11 Pro","15_config_standard","NO",0]
["Infordata_15_config_standardMID8512HDDistribuzione Linux",null,"Infordata","MID",8,512,"HD","Distribuzione Linux","15_config_standard","NO",0]
["Infordata_15_config_standardMID8512HDWindows 11 Pro Education",null,"Infordata","MID",8,512,"HD","Windows 11 Pro Education","15_config_standard","NO",0]
["Infordata_15_config_standardMID8512HDWindows 11 Pro",null,"Infordata","MID",8,512,"HD","Windows 11 Pro","15_config_standard","NO",0]
["Infordata_15_config_standardMID16512HDDistribuzione Linux",null,"Infordata","MID",16,512,"HD","Distribuzione Linux","15_config_standard","NO",0]
["Infordata_15_config_standardMID16512HDWindows 11 Pro Education",null,"Infordata","MID",16,512,"HD","Windows 11 Pro Education","15_config_standard","NO",0]
["Infordata_15_config_standardMID16512HDWindows 11 Pro",null,"Infordata","MID",16,512,"HD","Windows 11 Pro","15_config_standard","NO",0]
["Infordata_15_config_standardMID8256FHDDistribuzione Linux",null,"Infordata","MID",8,256,"FHD","Distribuzione Linux","15_config_standard","NO",0]
["Infordata_15_config_standardMID8256FHDWindows 11 Pro Education",null,"Infordata","MID",8,256,"FHD","Windows 11 Pro Education","15_config_standard","NO",0]
["Infordata_15_config_standardMID8256FHDWindows 11 Pro",null,"Infordata","MID",8,256,"FHD","Windows 11 Pro","15_config_standard","NO",0]
["Infordata_15_config_standardMID16256FHDDistribuzione Linux",null,"Infordata","MID",16,256,"FHD","Distribuzione Linux","15_config_standard","NO",0]
["Infordata_15_config_standardMID16256FHDWindows 11 Pro Education",null,"Infordata","MID",16,256,"FHD","Windows 11 Pro Education","15_config_standard","NO",0]
["Infordata_15_config_standardMID16256FHDWindows 11 Pro",null,"Infordata","MID",16,256,"FHD","Windows 11 Pro","15_config_standard","NO",0]
["Infordata_15_config_standardMID8512FHDDistribuzione Linux",null,"Infordata","MID",8,512,"FHD","Distribuzione Linux","15_config_standard","NO",0]
["Infordata_15_config_standardMID8512FHDWindows 11 Pro Education",null,"Infordata","MID",8,512,"FHD","Windows 11 Pro Education","15_config_standard","NO",0]
["Infordata_15_config_standardMID8512FHDWindows 11 Pro",null,"Infordata","MID",8,512,"FHD","Windows 11 Pro","15_config_standard","NO",0]
["Infordata_15_config_standardMID16512FHDDistribuzione Linux",null,"Infordata","MID",16,512,"FHD","Distribuzione Linux","15_config_standard","NO",0]
["Infordata_15_config_standardMID16512FHDWindows 11 Pro Education",null,"Infordata","MID",16,512,"FHD","Windows 11 Pro Education","15_config_standard","NO",0]
["Infordata_15_config_standardMID16512FHDWindows 11 Pro",null,"Infordata","MID",16,512,"FHD","Windows 11 Pro","15_config_standard","NO",0]
["Infordata_15_config_standardHIGH8256HDDistribuzione Linux",null,"Infordata","HIGH",8,256,"HD","Distribuzione Linux","15_config_standard","NO",0]
["Infordata_15_config_standardHIGH8256HDWindows 11 Pro Education",null,"Infordata","HIGH",8,256,"HD","Windows 11 Pro Education","15_config_standard","NO",0]
["Infordata_15_config_standardHIGH8256HDWindows 11 Pro",null,"Infordata","HIGH",8,256,"HD","Windows 11 Pro","15_config_standard","NO",0]
["Infordata_15_config_standardHIGH16256HDDistribuzione Linux",null,"Infordata","HIGH",16,256,"HD","Distribuzione Linux","15_config_standard","NO",0]
["Infordata_15_config_standardHIGH16256HDWindows 11 Pro Education",null,"Infordata","HIGH",16,256,"HD","Windows 11 Pro Education","15_config_standard","NO",0]
["Infordata_15_config_standardHIGH16256HDWindows 11 Pro",null,"Infordata","HIGH",16,256,"HD","Windows 11 Pro","15_config_standard","NO",0]
["Infordata_15_config_standardHIGH8512HDDistribuzione Linux",null,"Infordata","HIGH",8,512,"HD","Distribuzione Linux","15_config_standard","NO",0]
["Infordata_15_config_standardHIGH8512HDWindows 11 Pro Education",null,"Infordata","HIGH",8,512,"HD","Windows 11 Pro Education","15_config_standard","NO",0]
["Infordata_15_config_standardHIGH8512HDWindows 11 Pro",null,"Infordata","HIGH",8,512,"HD","Windows 11 Pro","15_config_standard","NO",0]
["Infordata_15_config_standardHIGH16512HDDistribuzione Linux",null,"Infordata","HIGH",16,512,"HD","Distribuzione Linux","15_config_standard","NO",0]
["Infordata_15_config_standardHIGH16512HDWindows 11 Pro Education",null,"Infordata","HIGH",16,512,"HD","Windows 11 Pro Education","15_config_standard","NO",0]
["Infordata_15_config_standardHIGH16512HDWindows 11 Pro",null,"Infordata","HIGH",16,512,"HD","Windows 11 Pro","15_config_standard","NO",0]
["Infordata_15_config_standardHIGH8256FHDDistribuzione Linux",null,"Infordata","HIGH",8,256,"FHD","Distribuzione Linux","15_config_standard","NO",0]
["Infordata_15_config_standardHIGH8256FHDWindows 11 Pro Education",null,"Infordata","HIGH",8,256,"FHD","Windows 11 Pro Education","15_config_standard","NO",0]
["Infordata_15_config_standardHIGH8256FHDWindows 11 Pro",null,"Infordata","HIGH",8,256,"FHD","Windows 11 Pro","15_config_standard","NO",0]
["Infordata_15_config_standardHIGH16256FHDDistribuzione Linux",null,"Infordata","HIGH",16,256,"FHD","Distribuzione Linux","15_config_standard","NO",0]
["Infordata_15_config_standardHIGH16256FHDWindows 11 Pro Education",null,"Infordata","HIGH",16,256,"FHD","Windows 11 Pro Education","15_config_standard","NO",0]
["Infordata_15_config_standardHIGH16256FHDWindows 11 Pro",null,"Infordata","HIGH",16,256,"FHD","Windows 11 Pro","15_config_standard","NO",{"$f":"+IF(J3021=\"NO\",0,1)","v":0}]
["Infordata_15_config_standardHIGH8512FHDDistribuzione Linux",null,"Infordata","HIGH",8,512,"FHD","Distribuzione Linux","15_config_standard","NO",0]
["Infordata_15_config_standardHIGH8512FHDWindows 11 Pro Education",null,"Infordata","HIGH",8,512,"FHD","Windows 11 Pro Education","15_config_standard","NO",0]
["Infordata_15_config_standardHIGH8512FHDWindows 11 Pro",null,"Infordata","HIGH",8,512,"FHD","Windows 11 Pro","15_config_standard","NO",0]
["Infordata_15_config_standardHIGH16512FHDDistribuzione Linux",null,"Infordata","HIGH",16,512,"FHD","Distribuzione Linux","15_config_standard","NO",0]
["Infordata_15_config_standardHIGH16512FHDWindows 11 Pro Education",null,"Infordata","HIGH",16,512,"FHD","Windows 11 Pro Education","15_config_standard","NO",0]
["Infordata_15_config_standardHIGH16512FHDWindows 11 Pro",null,"Infordata","HIGH",16,512,"FHD","Windows 11 Pro","15_config_standard","NO",0]
["Infordata_15_config_TCOLOW8256HDDistribuzione Linux",null,"Infordata","LOW",8,256,"HD","Distribuzione Linux","15_config_TCO","NO",0]
["Infordata_15_config_TCOLOW8256HDWindows 11 Pro Education",null,"Infordata","LOW",8,256,"HD","Windows 11 Pro Education","15_config_TCO","SI",1]
["Infordata_15_config_TCOLOW8256HDWindows 11 Pro",null,"Infordata","LOW",8,256,"HD","Windows 11 Pro","15_config_TCO","SI",1]
["Infordata_15_config_TCOLOW16256HDDistribuzione Linux",null,"Infordata","LOW",16,256,"HD","Distribuzione Linux","15_config_TCO","SI",1]
["Infordata_15_config_TCOLOW16256HDWindows 11 Pro Education",null,"Infordata","LOW",16,256,"HD","Windows 11 Pro Education","15_config_TCO","SI",1]
["Infordata_15_config_TCOLOW16256HDWindows 11 Pro",null,"Infordata","LOW",16,256,"HD","Windows 11 Pro","15_config_TCO","SI",1]
["Infordata_15_config_TCOLOW8512HDDistribuzione Linux",null,"Infordata","LOW",8,512,"HD","Distribuzione Linux","15_config_TCO","SI",1]
["Infordata_15_config_TCOLOW8512HDWindows 11 Pro Education",null,"Infordata","LOW",8,512,"HD","Windows 11 Pro Education","15_config_TCO","SI",1]
["Infordata_15_config_TCOLOW8512HDWindows 11 Pro",null,"Infordata","LOW",8,512,"HD","Windows 11 Pro","15_config_TCO","SI",1]
["Infordata_15_config_TCOLOW16512HDDistribuzione Linux",null,"Infordata","LOW",16,512,"HD","Distribuzione Linux","15_config_TCO","SI",1]
["Infordata_15_config_TCOLOW16512HDWindows 11 Pro Education",null,"Infordata","LOW",16,512,"HD","Windows 11 Pro Education","15_config_TCO","SI",1]
["Infordata_15_config_TCOLOW16512HDWindows 11 Pro",null,"Infordata","LOW",16,512,"HD","Windows 11 Pro","15_config_TCO","SI",1]
["Infordata_15_config_TCOLOW8256FHDDistribuzione Linux",null,"Infordata","LOW",8,256,"FHD","Distribuzione Linux","15_config_TCO","SI",1]
["Infordata_15_config_TCOLOW8256FHDWindows 11 Pro Education",null,"Infordata","LOW",8,256,"FHD","Windows 11 Pro Education","15_config_TCO","SI",1]
["Infordata_15_config_TCOLOW8256FHDWindows 11 Pro",null,"Infordata","LOW",8,256,"FHD","Windows 11 Pro","15_config_TCO","SI",1]
["Infordata_15_config_TCOLOW16256FHDDistribuzione Linux",null,"Infordata","LOW",16,256,"FHD","Distribuzione Linux","15_config_TCO","SI",1]
["Infordata_15_config_TCOLOW16256FHDWindows 11 Pro Education",null,"Infordata","LOW",16,256,"FHD","Windows 11 Pro Education","15_config_TCO","SI",1]
[{"$f":"C3045&\"_\"&I3045&D3045&E3045&F3045&G3045&H3045","v":"Infordata_15_config_TCOLOW16256FHDWindows 11 Pro"},null,"Infordata","LOW",16,256,"FHD","Windows 11 Pro","15_config_TCO","SI",1]
["Infordata_15_config_TCOLOW8512FHDDistribuzione Linux",null,"Infordata","LOW",8,512,"FHD","Distribuzione Linux","15_config_TCO","SI",1]
["Infordata_15_config_TCOLOW8512FHDWindows 11 Pro Education",null,"Infordata","LOW",8,512,"FHD","Windows 11 Pro Education","15_config_TCO","SI",1]
["Infordata_15_config_TCOLOW8512FHDWindows 11 Pro",null,"Infordata","LOW",8,512,"FHD","Windows 11 Pro","15_config_TCO","SI",1]
["Infordata_15_config_TCOLOW16512FHDDistribuzione Linux",null,"Infordata","LOW",16,512,"FHD","Distribuzione Linux","15_config_TCO","SI",1]
["Infordata_15_config_TCOLOW16512FHDWindows 11 Pro Education",null,"Infordata","LOW",16,512,"FHD","Windows 11 Pro Education","15_config_TCO","SI",1]
["Infordata_15_config_TCOLOW16512FHDWindows 11 Pro",null,"Infordata","LOW",16,512,"FHD","Windows 11 Pro","15_config_TCO","SI",1]
["Infordata_15_config_TCOMID8256HDDistribuzione Linux",null,"Infordata","MID",8,256,"HD","Distribuzione Linux","15_config_TCO","SI",1]
["Infordata_15_config_TCOMID8256HDWindows 11 Pro Education",null,"Infordata","MID",8,256,"HD","Windows 11 Pro Education","15_config_TCO","SI",1]
["Infordata_15_config_TCOMID8256HDWindows 11 Pro",null,"Infordata","MID",8,256,"HD","Windows 11 Pro","15_config_TCO","SI",1]
["Infordata_15_config_TCOMID16256HDDistribuzione Linux",null,"Infordata","MID",16,256,"HD","Distribuzione Linux","15_config_TCO","SI",1]
["Infordata_15_config_TCOMID16256HDWindows 11 Pro Education",null,"Infordata","MID",16,256,"HD","Windows 11 Pro Education","15_config_TCO","SI",1]
["Infordata_15_config_TCOMID16256HDWindows 11 Pro",null,"Infordata","MID",16,256,"HD","Windows 11 Pro","15_config_TCO","SI",1]
["Infordata_15_config_TCOMID8512HDDistribuzione Linux",null,"Infordata","MID",8,512,"HD","Distribuzione Linux","15_config_TCO","SI",1]
["Infordata_15_config_TCOMID8512HDWindows 11 Pro Education",null,"Infordata","MID",8,512,"HD","Windows 11 Pro Education","15_config_TCO","SI",1]
["Infordata_15_config_TCOMID8512HDWindows 11 Pro",null,"Infordata","MID",8,512,"HD","Windows 11 Pro","15_config_TCO","SI",1]
["Infordata_15_config_TCOMID16512HDDistribuzione Linux",null,"Infordata","MID",16,512,"HD","Distribuzione Linux","15_config_TCO","SI",1]
["Infordata_15_config_TCOMID16512HDWindows 11 Pro Education",null,"Infordata","MID",16,512,"HD","Windows 11 Pro Education","15_config_TCO","SI",1]
["Infordata_15_config_TCOMID16512HDWindows 11 Pro",null,"Infordata","MID",16,512,"HD","Windows 11 Pro","15_config_TCO","SI",1]
["Infordata_15_config_TCOMID8256FHDDistribuzione Linux",null,"Infordata","MID",8,256,"FHD","Distribuzione Linux","15_config_TCO","SI",1]
["Infordata_15_config_TCOMID8256FHDWindows 11 Pro Education",null,"Infordata","MID",8,256,"FHD","Windows 11 Pro Education","15_config_TCO","SI",1]
["Infordata_15_config_TCOMID8256FHDWindows 11 Pro",null,"Infordata","MID",8,256,"FHD","Windows 11 Pro","15_config_TCO","SI",1]
["Infordata_15_config_TCOMID16256FHDDistribuzione Linux",null,"Infordata","MID",16,256,"FHD","Distribuzione Linux","15_config_TCO","SI",1]
["Infordata_15_config_TCOMID16256FHDWindows 11 Pro Education",null,"Infordata","MID",16,256,"FHD","Windows 11 Pro Education","15_config_TCO","SI",1]
["Infordata_15_config_TCOMID16256FHDWindows 11 Pro",null,"Infordata","MID",16,256,"FHD","Windows 11 Pro","15_config_TCO","SI",1]
["Infordata_15_config_TCOMID8512FHDDistribuzione Linux",null,"Infordata","MID",8,512,"FHD","Distribuzione Linux","15_config_TCO","SI",1]
["Infordata_15_config_TCOMID8512FHDWindows 11 Pro Education",null,"Infordata","MID",8,512,"FHD","Windows 11 Pro Education","15_config_TCO","SI",1]
["Infordata_15_config_TCOMID8512FHDWindows 11 Pro",null,"Infordata","MID",8,512,"FHD","Windows 11 Pro","15_config_TCO","SI",1]
["Infordata_15_config_TCOMID16512FHDDistribuzione Linux",null,"Infordata","MID",16,512,"FHD","Distribuzione Linux","15_config_TCO","SI",1]
["Infordata_15_config_TCOMID16512FHDWindows 11 Pro Education",null,"Infordata","MID",16,512,"FHD","Windows 11 Pro Education","15_config_TCO","SI",1]
["Infordata_15_config_TCOMID16512FHDWindows 11 Pro",null,"Infordata","MID",16,512,"FHD","Windows 11 Pro","15_config_TCO","SI",1]
["Infordata_15_config_TCOHIGH8256HDDistribuzione Linux",null,"Infordata","HIGH",8,256,"HD","Distribuzione Linux","15_config_TCO","SI",1]
["Infordata_15_config_TCOHIGH8256HDWindows 11 Pro Education",null,"Infordata","HIGH",8,256,"HD","Windows 11 Pro Education","15_config_TCO","NO",0]
["Infordata_15_config_TCOHIGH8256HDWindows 11 Pro",null,"Infordata","HIGH",8,256,"HD","Windows 11 Pro","15_config_TCO","SI",1]
["Infordata_15_config_TCOHIGH16256HDDistribuzione Linux",null,"Infordata","HIGH",16,256,"HD","Distribuzione Linux","15_config_TCO","SI",1]
["Infordata_15_config_TCOHIGH16256HDWindows 11 Pro Education",null,"Infordata","HIGH",16,256,"HD","Windows 11 Pro Education","15_config_TCO","NO",0]
["Infordata_15_config_TCOHIGH16256HDWindows 11 Pro",null,"Infordata","HIGH",16,256,"HD","Windows 11 Pro","15_config_TCO","SI",1]
["Infordata_15_config_TCOHIGH8512HDDistribuzione Linux",null,"Infordata","HIGH",8,512,"HD","Distribuzione Linux","15_config_TCO","SI",1]
["Infordata_15_config_TCOHIGH8512HDWindows 11 Pro Education",null,"Infordata","HIGH",8,512,"HD","Windows 11 Pro Education","15_config_TCO","NO",0]
["Infordata_15_config_TCOHIGH8512HDWindows 11 Pro",null,"Infordata","HIGH",8,512,"HD","Windows 11 Pro","15_config_TCO","SI",1]
["Infordata_15_config_TCOHIGH16512HDDistribuzione Linux",null,"Infordata","HIGH",16,512,"HD","Distribuzione Linux","15_config_TCO","SI",{"$f":"+IF(J3085=\"NO\",0,1)","v":1}]
["Infordata_15_config_TCOHIGH16512HDWindows 11 Pro Education",null,"Infordata","HIGH",16,512,"HD","Windows 11 Pro Education","15_config_TCO","NO",0]
["Infordata_15_config_TCOHIGH16512HDWindows 11 Pro",null,"Infordata","HIGH",16,512,"HD","Windows 11 Pro","15_config_TCO","SI",1]
["Infordata_15_config_TCOHIGH8256FHDDistribuzione Linux",null,"Infordata","HIGH",8,256,"FHD","Distribuzione Linux","15_config_TCO","SI",1]
["Infordata_15_config_TCOHIGH8256FHDWindows 11 Pro Education",null,"Infordata","HIGH",8,256,"FHD","Windows 11 Pro Education","15_config_TCO","NO",0]
["Infordata_15_config_TCOHIGH8256FHDWindows 11 Pro",null,"Infordata","HIGH",8,256,"FHD","Windows 11 Pro","15_config_TCO","SI",1]
["Infordata_15_config_TCOHIGH16256FHDDistribuzione Linux",null,"Infordata","HIGH",16,256,"FHD","Distribuzione Linux","15_config_TCO","SI",1]
["Infordata_15_config_TCOHIGH16256FHDWindows 11 Pro Education",null,"Infordata","HIGH",16,256,"FHD","Windows 11 Pro Education","15_config_TCO","NO",0]
["Infordata_15_config_TCOHIGH16256FHDWindows 11 Pro",null,"Infordata","HIGH",16,256,"FHD","Windows 11 Pro","15_config_TCO","SI",1]
["Infordata_15_config_TCOHIGH8512FHDDistribuzione Linux",null,"Infordata","HIGH",8,512,"FHD","Distribuzione Linux","15_config_TCO","SI",1]
["Infordata_15_config_TCOHIGH8512FHDWindows 11 Pro Education",null,"Infordata","HIGH",8,512,"FHD","Windows 11 Pro Education","15_config_TCO","NO",0]
["Infordata_15_config_TCOHIGH8512FHDWindows 11 Pro",null,"Infordata","HIGH",8,512,"FHD","Windows 11 Pro","15_config_TCO","SI",1]
["Infordata_15_config_TCOHIGH16512FHDDistribuzione Linux",null,"Infordata","HIGH",16,512,"FHD","Distribuzione Linux","15_config_TCO","SI",1]
["Infordata_15_config_TCOHIGH16512FHDWindows 11 Pro Education",null,"Infordata","HIGH",16,512,"FHD","Windows 11 Pro Education","15_config_TCO","NO",0]
["Infordata_15_config_TCOHIGH16512FHDWindows 11 Pro",null,"Infordata","HIGH",16,512,"FHD","Windows 11 Pro","15_config_TCO","SI",1]
["Infordata_14_config_standardLOW8256HDDistribuzione Linux",null,"Infordata","LOW",8,256,"HD","Distribuzione Linux","14_config_standard","NO",0]
["Infordata_14_config_standardLOW8256HDWindows 11 Pro Education",null,"Infordata","LOW",8,256,"HD","Windows 11 Pro Education","14_config_standard","NO",0]
["Infordata_14_config_standardLOW8256HDWindows 11 Pro",null,"Infordata","LOW",8,256,"HD","Windows 11 Pro","14_config_standard","NO",0]
["Infordata_14_config_standardLOW16256HDDistribuzione Linux",null,"Infordata","LOW",16,256,"HD","Distribuzione Linux","14_config_standard","NO",0]
["Infordata_14_config_standardLOW16256HDWindows 11 Pro Education",null,"Infordata","LOW",16,256,"HD","Windows 11 Pro Education","14_config_standard","NO",0]
["Infordata_14_config_standardLOW16256HDWindows 11 Pro",null,"Infordata","LOW",16,256,"HD","Windows 11 Pro","14_config_standard","NO",0]
["Infordata_14_config_standardLOW8512HDDistribuzione Linux",null,"Infordata","LOW",8,512,"HD","Distribuzione Linux","14_config_standard","NO",0]
["Infordata_14_config_standardLOW8512HDWindows 11 Pro Education",null,"Infordata","LOW",8,512,"HD","Windows 11 Pro Education","14_config_standard","NO",0]
["Infordata_14_config_standardLOW8512HDWindows 11 Pro",null,"Infordata","LOW",8,512,"HD","Windows 11 Pro","14_config_standard","NO",0]
[{"$f":"C3109&\"_\"&I3109&D3109&E3109&F3109&G3109&H3109","v":"Infordata_14_config_standardLOW16512HDDistribuzione Linux"},null,"Infordata","LOW",16,512,"HD","Distribuzione Linux","14_config_standard","NO",0]
["Infordata_14_config_standardLOW16512HDWindows 11 Pro Education",null,"Infordata","LOW",16,512,"HD","Windows 11 Pro Education","14_config_standard","NO",0]
["Infordata_14_config_standardLOW16512HDWindows 11 Pro",null,"Infordata","LOW",16,512,"HD","Windows 11 Pro","14_config_standard","NO",0]
["Infordata_14_config_standardLOW8256FHDDistribuzione Linux",null,"Infordata","LOW",8,256,"FHD","Distribuzione Linux","14_config_standard","NO",0]
["Infordata_14_config_standardLOW8256FHDWindows 11 Pro Education",null,"Infordata","LOW",8,256,"FHD","Windows 11 Pro Education","14_config_standard","NO",0]
["Infordata_14_config_standardLOW8256FHDWindows 11 Pro",null,"Infordata","LOW",8,256,"FHD","Windows 11 Pro","14_config_standard","NO",0]
["Infordata_14_config_standardLOW16256FHDDistribuzione Linux",null,"Infordata","LOW",16,256,"FHD","Distribuzione Linux","14_config_standard","NO",0]
["Infordata_14_config_standardLOW16256FHDWindows 11 Pro Education",null,"Infordata","LOW",16,256,"FHD","Windows 11 Pro Education","14_config_standard","NO",0]
["Infordata_14_config_standardLOW16256FHDWindows 11 Pro",null,"Infordata","LOW",16,256,"FHD","Windows 11 Pro","14_config_standard","NO",0]
["Infordata_14_config_standardLOW8512FHDDistribuzione Linux",null,"Infordata","LOW",8,512,"FHD","Distribuzione Linux","14_config_standard","NO",0]
["Infordata_14_config_standardLOW8512FHDWindows 11 Pro Education",null,"Infordata","LOW",8,512,"FHD","Windows 11 Pro Education","14_config_standard","NO",0]
["Infordata_14_config_standardLOW8512FHDWindows 11 Pro",null,"Infordata","LOW",8,512,"FHD","Windows 11 Pro","14_config_standard","NO",0]
["Infordata_14_config_standardLOW16512FHDDistribuzione Linux",null,"Infordata","LOW",16,512,"FHD","Distribuzione Linux","14_config_standard","NO",0]
["Infordata_14_config_standardLOW16512FHDWindows 11 Pro Education",null,"Infordata","LOW",16,512,"FHD","Windows 11 Pro Education","14_config_standard","NO",0]
["Infordata_14_config_standardLOW16512FHDWindows 11 Pro",null,"Infordata","LOW",16,512,"FHD","Windows 11 Pro","14_config_standard","NO",0]
["Infordata_14_config_standardMID8256HDDistribuzione Linux",null,"Infordata","MID",8,256,"HD","Distribuzione Linux","14_config_standard","NO",0]
["Infordata_14_config_standardMID8256HDWindows 11 Pro Education",null,"Infordata","MID",8,256,"HD","Windows 11 Pro Education","14_config_standard","NO",0]
["Infordata_14_config_standardMID8256HDWindows 11 Pro",null,"Infordata","MID",8,256,"HD","Windows 11 Pro","14_config_standard","NO",0]
["Infordata_14_config_standardMID16256HDDistribuzione Linux",null,"Infordata","MID",16,256,"HD","Distribuzione Linux","14_config_standard","NO",0]
["Infordata_14_config_standardMID16256HDWindows 11 Pro Education",null,"Infordata","MID",16,256,"HD","Windows 11 Pro Education","14_config_standard","NO",0]
["Infordata_14_config_standardMID16256HDWindows 11 Pro",null,"Infordata","MID",16,256,"HD","Windows 11 Pro","14_config_standard","NO",0]
["Infordata_14_config_standardMID8512HDDistribuzione Linux",null,"Infordata","MID",8,512,"HD","Distribuzione Linux","14_config_standard","NO",0]
["Infordata_14_config_standardMID8512HDWindows 11 Pro Education",null,"Infordata","MID",8,512,"HD","Windows 11 Pro Education","14_config_standard","NO",0]
["Infordata_14_config_standardMID8512HDWindows 11 Pro",null,"Infordata","MID",8,512,"HD","Windows 11 Pro","14_config_standard","NO",0]
["Infordata_14_config_standardMID16512HDDistribuzione Linux",null,"Infordata","MID",16,512,"HD","Distribuzione Linux","14_config_standard","NO",0]
["Infordata_14_config_standardMID16512HDWindows 11 Pro Education",null,"Infordata","MID",16,512,"HD","Windows 11 Pro Education","14_config_standard","NO",0]
["Infordata_14_config_standardMID16512HDWindows 11 Pro",null,"Infordata","MID",16,512,"HD","Windows 11 Pro","14_config_standard","NO",0]
["Infordata_14_config_standardMID8256FHDDistribuzione Linux",null,"Infordata","MID",8,256,"FHD","Distribuzione Linux","14_config_standard","NO",0]
["Infordata_14_config_standardMID8256FHDWindows 11 Pro Education",null,"Infordata","MID",8,256,"FHD","Windows 11 Pro Education","14_config_standard","NO",0]
["Infordata_14_config_standardMID8256FHDWindows 11 Pro",null,"Infordata","MID",8,256,"FHD","Windows 11 Pro","14_config_standard","NO",0]
["Infordata_14_config_standardMID16256FHDDistribuzione Linux",null,"Infordata","MID",16,256,"FHD","Distribuzione Linux","14_config_standard","NO",0]
["Infordata_14_config_standardMID16256FHDWindows 11 Pro Education",null,"Infordata","MID",16,256,"FHD","Windows 11 Pro Education","14_config_standard","NO",0]
["Infordata_14_config_standardMID16256FHDWindows 11 Pro",null,"Infordata","MID",16,256,"FHD","Windows 11 Pro","14_config_standard","NO",0]
["Infordata_14_config_standardMID8512FHDDistribuzione Linux",null,"Infordata","MID",8,512,"FHD","Distribuzione Linux","14_config_standard","NO",0]
["Infordata_14_config_standardMID8512FHDWindows 11 Pro Education",null,"Infordata","MID",8,512,"FHD","Windows 11 Pro Education","14_config_standard","NO",0]
["Infordata_14_config_standardMID8512FHDWindows 11 Pro",null,"Infordata","MID",8,512,"FHD","Windows 11 Pro","14_config_standard","NO",0]
["Infordata_14_config_standardMID16512FHDDistribuzione Linux",null,"Infordata","MID",16,512,"FHD","Distribuzione Linux","14_config_standard","NO",0]
["Infordata_14_config_standardMID16512FHDWindows 11 Pro Education",null,"Infordata","MID",16,512,"FHD","Windows 11 Pro Education","14_config_standard","NO",0]
["Infordata_14_config_standardMID16512FHDWindows 11 Pro",null,"Infordata","MID",16,512,"FHD","Windows 11 Pro","14_config_standard","NO",0]
["Infordata_14_config_standardHIGH8256HDDistribuzione Linux",null,"Infordata","HIGH",8,256,"HD","Distribuzione Linux","14_config_standard","NO",0]
["Infordata_14_config_standardHIGH8256HDWindows 11 Pro Education",null,"Infordata","HIGH",8,256,"HD","Windows 11 Pro Education","14_config_standard","NO",{"$f":"+IF(J3149=\"NO\",0,1)","v":0}]
["Infordata_14_config_standardHIGH8256HDWindows 11 Pro",null,"Infordata","HIGH",8,256,"HD","Windows 11 Pro","14_config_standard","NO",0]
["Infordata_14_config_standardHIGH16256HDDistribuzione Linux",null,"Infordata","HIGH",16,256,"HD","Distribuzione Linux","14_config_standard","NO",0]
["Infordata_14_config_standardHIGH16256HDWindows 11 Pro Education",null,"Infordata","HIGH",16,256,"HD","Windows 11 Pro Education","14_config_standard","NO",0]
["Infordata_14_config_standardHIGH16256HDWindows 11 Pro",null,"Infordata","HIGH",16,256,"HD","Windows 11 Pro","14_config_standard","NO",0]
["Infordata_14_config_standardHIGH8512HDDistribuzione Linux",null,"Infordata","HIGH",8,512,"HD","Distribuzione Linux","14_config_standard","NO",0]
["Infordata_14_config_standardHIGH8512HDWindows 11 Pro Education",null,"Infordata","HIGH",8,512,"HD","Windows 11 Pro Education","14_config_standard","NO",0]
["Infordata_14_config_standardHIGH8512HDWindows 11 Pro",null,"Infordata","HIGH",8,512,"HD","Windows 11 Pro","14_config_standard","NO",0]
["Infordata_14_config_standardHIGH16512HDDistribuzione Linux",null,"Infordata","HIGH",16,512,"HD","Distribuzione Linux","14_config_standard","NO",0]
["Infordata_14_config_standardHIGH16512HDWindows 11 Pro Education",null,"Infordata","HIGH",16,512,"HD","Windows 11 Pro Education","14_config_standard","NO",0]
["Infordata_14_config_standardHIGH16512HDWindows 11 Pro",null,"Infordata","HIGH",16,512,"HD","Windows 11 Pro","14_config_standard","NO",0]
["Infordata_14_config_standardHIGH8256FHDDistribuzione Linux",null,"Infordata","HIGH",8,256,"FHD","Distribuzione Linux","14_config_standard","NO",0]
["Infordata_14_config_standardHIGH8256FHDWindows 11 Pro Education",null,"Infordata","HIGH",8,256,"FHD","Windows 11 Pro Education","14_config_standard","NO",0]
["Infordata_14_config_standardHIGH8256FHDWindows 11 Pro",null,"Infordata","HIGH",8,256,"FHD","Windows 11 Pro","14_config_standard","NO",0]
["Infordata_14_config_standardHIGH16256FHDDistribuzione Linux",null,"Infordata","HIGH",16,256,"FHD","Distribuzione Linux","14_config_standard","NO",0]
["Infordata_14_config_standardHIGH16256FHDWindows 11 Pro Education",null,"Infordata","HIGH",16,256,"FHD","Windows 11 Pro Education","14_config_standard","NO",0]
["Infordata_14_config_standardHIGH16256FHDWindows 11 Pro",null,"Infordata","HIGH",16,256,"FHD","Windows 11 Pro","14_config_standard","NO",0]
["Infordata_14_config_standardHIGH8512FHDDistribuzione Linux",null,"Infordata","HIGH",8,512,"FHD","Distribuzione Linux","14_config_standard","NO",0]
["Infordata_14_config_standardHIGH8512FHDWindows 11 Pro Education",null,"Infordata","HIGH",8,512,"FHD","Windows 11 Pro Education","14_config_standard","NO",0]
["Infordata_14_config_standardHIGH8512FHDWindows 11 Pro",null,"Infordata","HIGH",8,512,"FHD","Windows 11 Pro","14_config_standard","NO",0]
["Infordata_14_config_standardHIGH16512FHDDistribuzione Linux",null,"Infordata","HIGH",16,512,"FHD","Distribuzione Linux","14_config_standard","NO",0]
["Infordata_14_config_standardHIGH16512FHDWindows 11 Pro Education",null,"Infordata","HIGH",16,512,"FHD","Windows 11 Pro Education","14_config_standard","NO",0]
["Infordata_14_config_standardHIGH16512FHDWindows 11 Pro",null,"Infordata","HIGH",16,512,"FHD","Windows 11 Pro","14_config_standard","NO",0]
["Infordata_14_config_TCOLOW8256HDDistribuzione Linux",null,"Infordata","LOW",8,256,"HD","Distribuzione Linux","14_config_TCO","SI",1]
[{"$f":"C3173&\"_\"&I3173&D3173&E3173&F3173&G3173&H3173","v":"Infordata_14_config_TCOLOW8256HDWindows 11 Pro Education"},null,"Infordata","LOW",8,256,"HD","Windows 11 Pro Education","14_config_TCO","SI",1]
["Infordata_14_config_TCOLOW8256HDWindows 11 Pro",null,"Infordata","LOW",8,256,"HD","Windows 11 Pro","14_config_TCO","SI",1]
["Infordata_14_config_TCOLOW16256HDDistribuzione Linux",null,"Infordata","LOW",16,256,"HD","Distribuzione Linux","14_config_TCO","SI",1]
["Infordata_14_config_TCOLOW16256HDWindows 11 Pro Education",null,"Infordata","LOW",16,256,"HD","Windows 11 Pro Education","14_config_TCO","SI",1]
["Infordata_14_config_TCOLOW16256HDWindows 11 Pro",null,"Infordata","LOW",16,256,"HD","Windows 11 Pro","14_config_TCO","SI",1]
["Infordata_14_config_TCOLOW8512HDDistribuzione Linux",null,"Infordata","LOW",8,512,"HD","Distribuzione Linux","14_config_TCO","SI",1]
["Infordata_14_config_TCOLOW8512HDWindows 11 Pro Education",null,"Infordata","LOW",8,512,"HD","Windows 11 Pro Education","14_config_TCO","SI",1]
["Infordata_14_config_TCOLOW8512HDWindows 11 Pro",null,"Infordata","LOW",8,512,"HD","Windows 11 Pro","14_config_TCO","SI",1]
["Infordata_14_config_TCOLOW16512HDDistribuzione Linux",null,"Infordata","LOW",16,512,"HD","Distribuzione Linux","14_config_TCO","SI",1]
["Infordata_14_config_TCOLOW16512HDWindows 11 Pro Education",null,"Infordata","LOW",16,512,"HD","Windows 11 Pro Education","14_config_TCO","SI",1]
["Infordata_14_config_TCOLOW16512HDWindows 11 Pro",null,"Infordata","LOW",16,512,"HD","Windows 11 Pro","14_config_TCO","SI",1]
["Infordata_14_config_TCOLOW8256FHDDistribuzione Linux",null,"Infordata","LOW",8,256,"FHD","Distribuzione Linux","14_config_TCO","SI",1]
["Infordata_14_config_TCOLOW8256FHDWindows 11 Pro Education",null,"Infordata","LOW",8,256,"FHD","Windows 11 Pro Education","14_config_TCO","SI",1]
["Infordata_14_config_TCOLOW8256FHDWindows 11 Pro",null,"Infordata","LOW",8,256,"FHD","Windows 11 Pro","14_config_TCO","SI",1]
["Infordata_14_config_TCOLOW16256FHDDistribuzione Linux",null,"Infordata","LOW",16,256,"FHD","Distribuzione Linux","14_config_TCO","SI",1]
["Infordata_14_config_TCOLOW16256FHDWindows 11 Pro Education",null,"Infordata","LOW",16,256,"FHD","Windows 11 Pro Education","14_config_TCO","SI",1]
["Infordata_14_config_TCOLOW16256FHDWindows 11 Pro",null,"Infordata","LOW",16,256,"FHD","Windows 11 Pro","14_config_TCO","SI",1]
["Infordata_14_config_TCOLOW8512FHDDistribuzione Linux",null,"Infordata","LOW",8,512,"FHD","Distribuzione Linux","14_config_TCO","SI",1]
["Infordata_14_config_TCOLOW8512FHDWindows 11 Pro Education",null,"Infordata","LOW",8,512,"FHD","Windows 11 Pro Education","14_config_TCO","SI",1]
["Infordata_14_config_TCOLOW8512FHDWindows 11 Pro",null,"Infordata","LOW",8,512,"FHD","Windows 11 Pro","14_config_TCO","SI",1]
["Infordata_14_config_TCOLOW16512FHDDistribuzione Linux",null,"Infordata","LOW",16,512,"FHD","Distribuzione Linux","14_config_TCO","SI",1]
["Infordata_14_config_TCOLOW16512FHDWindows 11 Pro Education",null,"Infordata","LOW",16,512,"FHD","Windows 11 Pro Education","14_config_TCO","SI",1]
["Infordata_14_config_TCOLOW16512FHDWindows 11 Pro",null,"Infordata","LOW",16,512,"FHD","Windows 11 Pro","14_config_TCO","SI",1]
["Infordata_14_config_TCOMID8256HDDistribuzione Linux",null,"Infordata","MID",8,256,"HD","Distribuzione Linux","14_config_TCO","SI",1]
["Infordata_14_config_TCOMID8256HDWindows 11 Pro Education",null,"Infordata","MID",8,256,"HD","Windows 11 Pro Education","14_config_TCO","SI",1]
["Infordata_14_config_TCOMID8256HDWindows 11 Pro",null,"Infordata","MID",8,256,"HD","Windows 11 Pro","14_config_TCO","SI",1]
["Infordata_14_config_TCOMID16256HDDistribuzione Linux",null,"Infordata","MID",16,256,"HD","Distribuzione Linux","14_config_TCO","SI",1]
["Infordata_14_config_TCOMID16256HDWindows 11 Pro Education",null,"Infordata","MID",16,256,"HD","Windows 11 Pro Education","14_config_TCO","SI",1]
["Infordata_14_config_TCOMID16256HDWindows 11 Pro",null,"Infordata","MID",16,256,"HD","Windows 11 Pro","14_config_TCO","SI",1]
["Infordata_14_config_TCOMID8512HDDistribuzione Linux",null,"Infordata","MID",8,512,"HD","Distribuzione Linux","14_config_TCO","SI",1]
["Infordata_14_config_TCOMID8512HDWindows 11 Pro Education",null,"Infordata","MID",8,512,"HD","Windows 11 Pro Education","14_config_TCO","SI",1]
["Infordata_14_config_TCOMID8512HDWindows 11 Pro",null,"Infordata","MID",8,512,"HD","Windows 11 Pro","14_config_TCO","SI",1]
["Infordata_14_config_TCOMID16512HDDistribuzione Linux",null,"Infordata","MID",16,512,"HD","Distribuzione Linux","14_config_TCO","SI",1]
["Infordata_14_config_TCOMID16512HDWindows 11 Pro Education",null,"Infordata","MID",16,512,"HD","Windows 11 Pro Education","14_config_TCO","SI",1]
["Infordata_14_config_TCOMID16512HDWindows 11 Pro",null,"Infordata","MID",16,512,"HD","Windows 11 Pro","14_config_TCO","SI",1]
["Infordata_14_config_TCOMID8256FHDDistribuzione Linux",null,"Infordata","MID",8,256,"FHD","Distribuzione Linux","14_config_TCO","SI",1]
["Infordata_14_config_TCOMID8256FHDWindows 11 Pro Education",null,"Infordata","MID",8,256,"FHD","Windows 11 Pro Education","14_config_TCO","SI",1]
["Infordata_14_config_TCOMID8256FHDWindows 11 Pro",null,"Infordata","MID",8,256,"FHD","Windows 11 Pro","14_config_TCO","SI",1]
["Infordata_14_config_TCOMID16256FHDDistribuzione Linux",null,"Infordata","MID",16,256,"FHD","Distribuzione Linux","14_config_TCO","SI",1]
["Infordata_14_config_TCOMID16256FHDWindows 11 Pro Education",null,"Infordata","MID",16,256,"FHD","Windows 11 Pro Education","14_config_TCO","SI",1]
["Infordata_14_config_TCOMID16256FHDWindows 11 Pro",null,"Infordata","MID",16,256,"FHD","Windows 11 Pro","14_config_TCO","SI",{"$f":"+IF(J3213=\"NO\",0,1)","v":1}]
["Infordata_14_config_TCOMID8512FHDDistribuzione Linux",null,"Infordata","MID",8,512,"FHD","Distribuzione Linux","14_config_TCO","SI",1]
["Infordata_14_config_TCOMID8512FHDWindows 11 Pro Education",null,"Infordata","MID",8,512,"FHD","Windows 11 Pro Education","14_config_TCO","SI",1]
["Infordata_14_config_TCOMID8512FHDWindows 11 Pro",null,"Infordata","MID",8,512,"FHD","Windows 11 Pro","14_config_TCO","SI",1]
["Infordata_14_config_TCOMID16512FHDDistribuzione Linux",null,"Infordata","MID",16,512,"FHD","Distribuzione Linux","14_config_TCO","SI",1]
["Infordata_14_config_TCOMID16512FHDWindows 11 Pro Education",null,"Infordata","MID",16,512,"FHD","Windows 11 Pro Education","14_config_TCO","SI",1]
["Infordata_14_config_TCOMID16512FHDWindows 11 Pro",null,"Infordata","MID",16,512,"FHD","Windows 11 Pro","14_config_TCO","SI",1]
["Infordata_14_config_TCOHIGH8256HDDistribuzione Linux",null,"Infordata","HIGH",8,256,"HD","Distribuzione Linux","14_config_TCO","SI",1]
["Infordata_14_config_TCOHIGH8256HDWindows 11 Pro Education",null,"Infordata","HIGH",8,256,"HD","Windows 11 Pro Education","14_config_TCO","NO",0]
["Infordata_14_config_TCOHIGH8256HDWindows 11 Pro",null,"Infordata","HIGH",8,256,"HD","Windows 11 Pro","14_config_TCO","SI",1]
["Infordata_14_config_TCOHIGH16256HDDistribuzione Linux",null,"Infordata","HIGH",16,256,"HD","Distribuzione Linux","14_config_TCO","SI",1]
["Infordata_14_config_TCOHIGH16256HDWindows 11 Pro Education",null,"Infordata","HIGH",16,256,"HD","Windows 11 Pro Education","14_config_TCO","NO",0]
["Infordata_14_config_TCOHIGH16256HDWindows 11 Pro",null,"Infordata","HIGH",16,256,"HD","Windows 11 Pro","14_config_TCO","SI",1]
["Infordata_14_config_TCOHIGH8512HDDistribuzione Linux",null,"Infordata","HIGH",8,512,"HD","Distribuzione Linux","14_config_TCO","SI",1]
["Infordata_14_config_TCOHIGH8512HDWindows 11 Pro Education",null,"Infordata","HIGH",8,512,"HD","Windows 11 Pro Education","14_config_TCO","NO",0]
["Infordata_14_config_TCOHIGH8512HDWindows 11 Pro",null,"Infordata","HIGH",8,512,"HD","Windows 11 Pro","14_config_TCO","SI",1]
["Infordata_14_config_TCOHIGH16512HDDistribuzione Linux",null,"Infordata","HIGH",16,512,"HD","Distribuzione Linux","14_config_TCO","SI",1]
["Infordata_14_config_TCOHIGH16512HDWindows 11 Pro Education",null,"Infordata","HIGH",16,512,"HD","Windows 11 Pro Education","14_config_TCO","NO",0]
["Infordata_14_config_TCOHIGH16512HDWindows 11 Pro",null,"Infordata","HIGH",16,512,"HD","Windows 11 Pro","14_config_TCO","SI",1]
["Infordata_14_config_TCOHIGH8256FHDDistribuzione Linux",null,"Infordata","HIGH",8,256,"FHD","Distribuzione Linux","14_config_TCO","SI",1]
["Infordata_14_config_TCOHIGH8256FHDWindows 11 Pro Education",null,"Infordata","HIGH",8,256,"FHD","Windows 11 Pro Education","14_config_TCO","NO",0]
["Infordata_14_config_TCOHIGH8256FHDWindows 11 Pro",null,"Infordata","HIGH",8,256,"FHD","Windows 11 Pro","14_config_TCO","SI",1]
["Infordata_14_config_TCOHIGH16256FHDDistribuzione Linux",null,"Infordata","HIGH",16,256,"FHD","Distribuzione Linux","14_config_TCO","SI",1]
["Infordata_14_config_TCOHIGH16256FHDWindows 11 Pro Education",null,"Infordata","HIGH",16,256,"FHD","Windows 11 Pro Education","14_config_TCO","NO",0]
[{"$f":"C3237&\"_\"&I3237&D3237&E3237&F3237&G3237&H3237","v":"Infordata_14_config_TCOHIGH16256FHDWindows 11 Pro"},null,"Infordata","HIGH",16,256,"FHD","Windows 11 Pro","14_config_TCO","SI",1]
["Infordata_14_config_TCOHIGH8512FHDDistribuzione Linux",null,"Infordata","HIGH",8,512,"FHD","Distribuzione Linux","14_config_TCO","SI",1]
["Infordata_14_config_TCOHIGH8512FHDWindows 11 Pro Education",null,"Infordata","HIGH",8,512,"FHD","Windows 11 Pro Education","14_config_TCO","NO",0]
["Infordata_14_config_TCOHIGH8512FHDWindows 11 Pro",null,"Infordata","HIGH",8,512,"FHD","Windows 11 Pro","14_config_TCO","SI",1]
["Infordata_14_config_TCOHIGH16512FHDDistribuzione Linux",null,"Infordata","HIGH",16,512,"FHD","Distribuzione Linux","14_config_TCO","SI",1]
["Infordata_14_config_TCOHIGH16512FHDWindows 11 Pro Education",null,"Infordata","HIGH",16,512,"FHD","Windows 11 Pro Education","14_config_TCO","NO",0]
["Infordata_14_config_TCOHIGH16512FHDWindows 11 Pro",null,"Infordata","HIGH",16,512,"FHD","Windows 11 Pro","14_config_TCO","SI",1]
["Infordata_13_config_standardLOW8256HDDistribuzione Linux",null,"Infordata","LOW",8,256,"HD","Distribuzione Linux","13_config_standard","NO",0]
["Infordata_13_config_standardLOW8256HDWindows 11 Pro Education",null,"Infordata","LOW",8,256,"HD","Windows 11 Pro Education","13_config_standard","NO",0]
["Infordata_13_config_standardLOW8256HDWindows 11 Pro",null,"Infordata","LOW",8,256,"HD","Windows 11 Pro","13_config_standard","NO",0]
["Infordata_13_config_standardLOW16256HDDistribuzione Linux",null,"Infordata","LOW",16,256,"HD","Distribuzione Linux","13_config_standard","NO",0]
["Infordata_13_config_standardLOW16256HDWindows 11 Pro Education",null,"Infordata","LOW",16,256,"HD","Windows 11 Pro Education","13_config_standard","NO",0]
["Infordata_13_config_standardLOW16256HDWindows 11 Pro",null,"Infordata","LOW",16,256,"HD","Windows 11 Pro","13_config_standard","NO",0]
["Infordata_13_config_standardLOW8512HDDistribuzione Linux",null,"Infordata","LOW",8,512,"HD","Distribuzione Linux","13_config_standard","NO",0]
["Infordata_13_config_standardLOW8512HDWindows 11 Pro Education",null,"Infordata","LOW",8,512,"HD","Windows 11 Pro Education","13_config_standard","NO",0]
["Infordata_13_config_standardLOW8512HDWindows 11 Pro",null,"Infordata","LOW",8,512,"HD","Windows 11 Pro","13_config_standard","NO",0]
["Infordata_13_config_standardLOW16512HDDistribuzione Linux",null,"Infordata","LOW",16,512,"HD","Distribuzione Linux","13_config_standard","NO",0]
["Infordata_13_config_standardLOW16512HDWindows 11 Pro Education",null,"Infordata","LOW",16,512,"HD","Windows 11 Pro Education","13_config_standard","NO",0]
["Infordata_13_config_standardLOW16512HDWindows 11 Pro",null,"Infordata","LOW",16,512,"HD","Windows 11 Pro","13_config_standard","NO",0]
["Infordata_13_config_standardLOW8256FHDDistribuzione Linux",null,"Infordata","LOW",8,256,"FHD","Distribuzione Linux","13_config_standard","NO",0]
["Infordata_13_config_standardLOW8256FHDWindows 11 Pro Education",null,"Infordata","LOW",8,256,"FHD","Windows 11 Pro Education","13_config_standard","NO",0]
["Infordata_13_config_standardLOW8256FHDWindows 11 Pro",null,"Infordata","LOW",8,256,"FHD","Windows 11 Pro","13_config_standard","NO",0]
["Infordata_13_config_standardLOW16256FHDDistribuzione Linux",null,"Infordata","LOW",16,256,"FHD","Distribuzione Linux","13_config_standard","NO",0]
["Infordata_13_config_standardLOW16256FHDWindows 11 Pro Education",null,"Infordata","LOW",16,256,"FHD","Windows 11 Pro Education","13_config_standard","NO",0]
["Infordata_13_config_standardLOW16256FHDWindows 11 Pro",null,"Infordata","LOW",16,256,"FHD","Windows 11 Pro","13_config_standard","NO",0]
["Infordata_13_config_standardLOW8512FHDDistribuzione Linux",null,"Infordata","LOW",8,512,"FHD","Distribuzione Linux","13_config_standard","NO",0]
["Infordata_13_config_standardLOW8512FHDWindows 11 Pro Education",null,"Infordata","LOW",8,512,"FHD","Windows 11 Pro Education","13_config_standard","NO",0]
["Infordata_13_config_standardLOW8512FHDWindows 11 Pro",null,"Infordata","LOW",8,512,"FHD","Windows 11 Pro","13_config_standard","NO",0]
["Infordata_13_config_standardLOW16512FHDDistribuzione Linux",null,"Infordata","LOW",16,512,"FHD","Distribuzione Linux","13_config_standard","NO",0]
["Infordata_13_config_standardLOW16512FHDWindows 11 Pro Education",null,"Infordata","LOW",16,512,"FHD","Windows 11 Pro Education","13_config_standard","NO",0]
["Infordata_13_config_standardLOW16512FHDWindows 11 Pro",null,"Infordata","LOW",16,512,"FHD","Windows 11 Pro","13_config_standard","NO",0]
["Infordata_13_config_standardMID8256HDDistribuzione Linux",null,"Infordata","MID",8,256,"HD","Distribuzione Linux","13_config_standard","NO",0]
["Infordata_13_config_standardMID8256HDWindows 11 Pro Education",null,"Infordata","MID",8,256,"HD","Windows 11 Pro Education","13_config_standard","NO",0]
["Infordata_13_config_standardMID8256HDWindows 11 Pro",null,"Infordata","MID",8,256,"HD","Windows 11 Pro","13_config_standard","NO",0]
["Infordata_13_config_standardMID16256HDDistribuzione Linux",null,"Infordata","MID",16,256,"HD","Distribuzione Linux","13_config_standard","NO",0]
["Infordata_13_config_standardMID16256HDWindows 11 Pro Education",null,"Infordata","MID",16,256,"HD","Windows 11 Pro Education","13_config_standard","NO",0]
["Infordata_13_config_standardMID16256HDWindows 11 Pro",null,"Infordata","MID",16,256,"HD","Windows 11 Pro","13_config_standard","NO",0]
["Infordata_13_config_standardMID8512HDDistribuzione Linux",null,"Infordata","MID",8,512,"HD","Distribuzione Linux","13_config_standard","NO",0]
["Infordata_13_config_standardMID8512HDWindows 11 Pro Education",null,"Infordata","MID",8,512,"HD","Windows 11 Pro Education","13_config_standard","NO",0]
["Infordata_13_config_standardMID8512HDWindows 11 Pro",null,"Infordata","MID",8,512,"HD","Windows 11 Pro","13_config_standard","NO",0]
["Infordata_13_config_standardMID16512HDDistribuzione Linux",null,"Infordata","MID",16,512,"HD","Distribuzione Linux","13_config_standard","NO",{"$f":"+IF(J3277=\"NO\",0,1)","v":0}]
["Infordata_13_config_standardMID16512HDWindows 11 Pro Education",null,"Infordata","MID",16,512,"HD","Windows 11 Pro Education","13_config_standard","NO",0]
["Infordata_13_config_standardMID16512HDWindows 11 Pro",null,"Infordata","MID",16,512,"HD","Windows 11 Pro","13_config_standard","NO",0]
["Infordata_13_config_standardMID8256FHDDistribuzione Linux",null,"Infordata","MID",8,256,"FHD","Distribuzione Linux","13_config_standard","NO",0]
["Infordata_13_config_standardMID8256FHDWindows 11 Pro Education",null,"Infordata","MID",8,256,"FHD","Windows 11 Pro Education","13_config_standard","NO",0]
["Infordata_13_config_standardMID8256FHDWindows 11 Pro",null,"Infordata","MID",8,256,"FHD","Windows 11 Pro","13_config_standard","NO",0]
["Infordata_13_config_standardMID16256FHDDistribuzione Linux",null,"Infordata","MID",16,256,"FHD","Distribuzione Linux","13_config_standard","NO",0]
["Infordata_13_config_standardMID16256FHDWindows 11 Pro Education",null,"Infordata","MID",16,256,"FHD","Windows 11 Pro Education","13_config_standard","NO",0]
["Infordata_13_config_standardMID16256FHDWindows 11 Pro",null,"Infordata","MID",16,256,"FHD","Windows 11 Pro","13_config_standard","NO",0]
["Infordata_13_config_standardMID8512FHDDistribuzione Linux",null,"Infordata","MID",8,512,"FHD","Distribuzione Linux","13_config_standard","NO",0]
["Infordata_13_config_standardMID8512FHDWindows 11 Pro Education",null,"Infordata","MID",8,512,"FHD","Windows 11 Pro Education","13_config_standard","NO",0]
["Infordata_13_config_standardMID8512FHDWindows 11 Pro",null,"Infordata","MID",8,512,"FHD","Windows 11 Pro","13_config_standard","NO",0]
["Infordata_13_config_standardMID16512FHDDistribuzione Linux",null,"Infordata","MID",16,512,"FHD","Distribuzione Linux","13_config_standard","NO",0]
["Infordata_13_config_standardMID16512FHDWindows 11 Pro Education",null,"Infordata","MID",16,512,"FHD","Windows 11 Pro Education","13_config_standard","NO",0]
["Infordata_13_config_standardMID16512FHDWindows 11 Pro",null,"Infordata","MID",16,512,"FHD","Windows 11 Pro","13_config_standard","NO",0]
["Infordata_13_config_standardHIGH8256HDDistribuzione Linux",null,"Infordata","HIGH",8,256,"HD","Distribuzione Linux","13_config_standard","NO",0]
["Infordata_13_config_standardHIGH8256HDWindows 11 Pro Education",null,"Infordata","HIGH",8,256,"HD","Windows 11 Pro Education","13_config_standard","NO",0]
["Infordata_13_config_standardHIGH8256HDWindows 11 Pro",null,"Infordata","HIGH",8,256,"HD","Windows 11 Pro","13_config_standard","NO",0]
["Infordata_13_config_standardHIGH16256HDDistribuzione Linux",null,"Infordata","HIGH",16,256,"HD","Distribuzione Linux","13_config_standard","NO",0]
["Infordata_13_config_standardHIGH16256HDWindows 11 Pro Education",null,"Infordata","HIGH",16,256,"HD","Windows 11 Pro Education","13_config_standard","NO",0]
["Infordata_13_config_standardHIGH16256HDWindows 11 Pro",null,"Infordata","HIGH",16,256,"HD","Windows 11 Pro","13_config_standard","NO",0]
["Infordata_13_config_standardHIGH8512HDDistribuzione Linux",null,"Infordata","HIGH",8,512,"HD","Distribuzione Linux","13_config_standard","NO",0]
["Infordata_13_config_standardHIGH8512HDWindows 11 Pro Education",null,"Infordata","HIGH",8,512,"HD","Windows 11 Pro Education","13_config_standard","NO",0]
["Infordata_13_config_standardHIGH8512HDWindows 11 Pro",null,"Infordata","HIGH",8,512,"HD","Windows 11 Pro","13_config_standard","NO",0]
[{"$f":"C3301&\"_\"&I3301&D3301&E3301&F3301&G3301&H3301","v":"Infordata_13_config_standardHIGH16512HDDistribuzione Linux"},null,"Infordata","HIGH",16,512,"HD","Distribuzione Linux","13_config_standard","NO",0]
["Infordata_13_config_standardHIGH16512HDWindows 11 Pro Education",null,"Infordata","HIGH",16,512,"HD","Windows 11 Pro Education","13_config_standard","NO",0]
["Infordata_13_config_standardHIGH16512HDWindows 11 Pro",null,"Infordata","HIGH",16,512,"HD","Windows 11 Pro","13_config_standard","NO",0]
["Infordata_13_config_standardHIGH8256FHDDistribuzione Linux",null,"Infordata","HIGH",8,256,"FHD","Distribuzione Linux","13_config_standard","NO",0]
["Infordata_13_config_standardHIGH8256FHDWindows 11 Pro Education",null,"Infordata","HIGH",8,256,"FHD","Windows 11 Pro Education","13_config_standard","NO",0]
["Infordata_13_config_standardHIGH8256FHDWindows 11 Pro",null,"Infordata","HIGH",8,256,"FHD","Windows 11 Pro","13_config_standard","NO",0]
["Infordata_13_config_standardHIGH16256FHDDistribuzione Linux",null,"Infordata","HIGH",16,256,"FHD","Distribuzione Linux","13_config_standard","NO",0]
["Infordata_13_config_standardHIGH16256FHDWindows 11 Pro Education",null,"Infordata","HIGH",16,256,"FHD","Windows 11 Pro Education","13_config_standard","NO",0]
["Infordata_13_config_standardHIGH16256FHDWindows 11 Pro",null,"Infordata","HIGH",16,256,"FHD","Windows 11 Pro","13_config_standard","NO",0]
["Infordata_13_config_standardHIGH8512FHDDistribuzione Linux",null,"Infordata","HIGH",8,512,"FHD","Distribuzione Linux","13_config_standard","NO",0]
["Infordata_13_config_standardHIGH8512FHDWindows 11 Pro Education",null,"Infordata","HIGH",8,512,"FHD","Windows 11 Pro Education","13_config_standard","NO",0]
["Infordata_13_config_standardHIGH8512FHDWindows 11 Pro",null,"Infordata","HIGH",8,512,"FHD","Windows 11 Pro","13_config_standard","NO",0]
["Infordata_13_config_standardHIGH16512FHDDistribuzione Linux",null,"Infordata","HIGH",16,512,"FHD","Distribuzione Linux","13_config_standard","NO",0]
["Infordata_13_config_standardHIGH16512FHDWindows 11 Pro Education",null,"Infordata","HIGH",16,512,"FHD","Windows 11 Pro Education","13_config_standard","NO",0]
["Infordata_13_config_standardHIGH16512FHDWindows 11 Pro",null,"Infordata","HIGH",16,512,"FHD","Windows 11 Pro","13_config_standard","NO",0]
["Infordata_13_config_TCOLOW8256HDDistribuzione Linux",null,"Infordata","LOW",8,256,"HD","Distribuzione Linux","13_config_TCO","NO",0]
["Infordata_13_config_TCOLOW8256HDWindows 11 Pro Education",null,"Infordata","LOW",8,256,"HD","Windows 11 Pro Education","13_config_TCO","NO",0]
["Infordata_13_config_TCOLOW8256HDWindows 11 Pro",null,"Infordata","LOW",8,256,"HD","Windows 11 Pro","13_config_TCO","NO",0]
["Infordata_13_config_TCOLOW16256HDDistribuzione Linux",null,"Infordata","LOW",16,256,"HD","Distribuzione Linux","13_config_TCO","NO",0]
["Infordata_13_config_TCOLOW16256HDWindows 11 Pro Education",null,"Infordata","LOW",16,256,"HD","Windows 11 Pro Education","13_config_TCO","NO",0]
["Infordata_13_config_TCOLOW16256HDWindows 11 Pro",null,"Infordata","LOW",16,256,"HD","Windows 11 Pro","13_config_TCO","NO",0]
["Infordata_13_config_TCOLOW8512HDDistribuzione Linux",null,"Infordata","LOW",8,512,"HD","Distribuzione Linux","13_config_TCO","NO",0]
["Infordata_13_config_TCOLOW8512HDWindows 11 Pro Education",null,"Infordata","LOW",8,512,"HD","Windows 11 Pro Education","13_config_TCO","NO",0]
["Infordata_13_config_TCOLOW8512HDWindows 11 Pro",null,"Infordata","LOW",8,512,"HD","Windows 11 Pro","13_config_TCO","NO",0]
["Infordata_13_config_TCOLOW16512HDDistribuzione Linux",null,"Infordata","LOW",16,512,"HD","Distribuzione Linux","13_config_TCO","NO",0]
["Infordata_13_config_TCOLOW16512HDWindows 11 Pro Education",null,"Infordata","LOW",16,512,"HD","Windows 11 Pro Education","13_config_TCO","NO",0]
["Infordata_13_config_TCOLOW16512HDWindows 11 Pro",null,"Infordata","LOW",16,512,"HD","Windows 11 Pro","13_config_TCO","NO",0]
["Infordata_13_config_TCOLOW8256FHDDistribuzione Linux",null,"Infordata","LOW",8,256,"FHD","Distribuzione Linux","13_config_TCO","SI",1]
["Infordata_13_config_TCOLOW8256FHDWindows 11 Pro Education",null,"Infordata","LOW",8,256,"FHD","Windows 11 Pro Education","13_config_TCO","SI",1]
["Infordata_13_config_TCOLOW8256FHDWindows 11 Pro",null,"Infordata","LOW",8,256,"FHD","Windows 11 Pro","13_config_TCO","SI",1]
["Infordata_13_config_TCOLOW16256FHDDistribuzione Linux",null,"Infordata","LOW",16,256,"FHD","Distribuzione Linux","13_config_TCO","SI",1]
["Infordata_13_config_TCOLOW16256FHDWindows 11 Pro Education",null,"Infordata","LOW",16,256,"FHD","Windows 11 Pro Education","13_config_TCO","SI",1]
["Infordata_13_config_TCOLOW16256FHDWindows 11 Pro",null,"Infordata","LOW",16,256,"FHD","Windows 11 Pro","13_config_TCO","SI",1]
["Infordata_13_config_TCOLOW8512FHDDistribuzione Linux",null,"Infordata","LOW",8,512,"FHD","Distribuzione Linux","13_config_TCO","SI",1]
["Infordata_13_config_TCOLOW8512FHDWindows 11 Pro Education",null,"Infordata","LOW",8,512,"FHD","Windows 11 Pro Education","13_config_TCO","SI",1]
["Infordata_13_config_TCOLOW8512FHDWindows 11 Pro",null,"Infordata","LOW",8,512,"FHD","Windows 11 Pro","13_config_TCO","SI",1]
["Infordata_13_config_TCOLOW16512FHDDistribuzione Linux",null,"Infordata","LOW",16,512,"FHD","Distribuzione Linux","13_config_TCO","SI",1]
["Infordata_13_config_TCOLOW16512FHDWindows 11 Pro Education",null,"Infordata","LOW",16,512,"FHD","Windows 11 Pro Education","13_config_TCO","SI",1]
["Infordata_13_config_TCOLOW16512FHDWindows 11 Pro",null,"Infordata","LOW",16,512,"FHD","Windows 11 Pro","13_config_TCO","SI",1]
["Infordata_13_config_TCOMID8256HDDistribuzione Linux",null,"Infordata","MID",8,256,"HD","Distribuzione Linux","13_config_TCO","NO",0]
["Infordata_13_config_TCOMID8256HDWindows 11 Pro Education",null,"Infordata","MID",8,256,"HD","Windows 11 Pro Education","13_config_TCO","NO",{"$f":"+IF(J3341=\"NO\",0,1)","v":0}]
["Infordata_13_config_TCOMID8256HDWindows 11 Pro",null,"Infordata","MID",8,256,"HD","Windows 11 Pro","13_config_TCO","NO",0]
["Infordata_13_config_TCOMID16256HDDistribuzione Linux",null,"Infordata","MID",16,256,"HD","Distribuzione Linux","13_config_TCO","NO",0]
["Infordata_13_config_TCOMID16256HDWindows 11 Pro Education",null,"Infordata","MID",16,256,"HD","Windows 11 Pro Education","13_config_TCO","NO",0]
["Infordata_13_config_TCOMID16256HDWindows 11 Pro",null,"Infordata","MID",16,256,"HD","Windows 11 Pro","13_config_TCO","NO",0]
["Infordata_13_config_TCOMID8512HDDistribuzione Linux",null,"Infordata","MID",8,512,"HD","Distribuzione Linux","13_config_TCO","NO",0]
["Infordata_13_config_TCOMID8512HDWindows 11 Pro Education",null,"Infordata","MID",8,512,"HD","Windows 11 Pro Education","13_config_TCO","NO",0]
["Infordata_13_config_TCOMID8512HDWindows 11 Pro",null,"Infordata","MID",8,512,"HD","Windows 11 Pro","13_config_TCO","NO",0]
["Infordata_13_config_TCOMID16512HDDistribuzione Linux",null,"Infordata","MID",16,512,"HD","Distribuzione Linux","13_config_TCO","NO",0]
["Infordata_13_config_TCOMID16512HDWindows 11 Pro Education",null,"Infordata","MID",16,512,"HD","Windows 11 Pro Education","13_config_TCO","NO",0]
["Infordata_13_config_TCOMID16512HDWindows 11 Pro",null,"Infordata","MID",16,512,"HD","Windows 11 Pro","13_config_TCO","NO",0]
["Infordata_13_config_TCOMID8256FHDDistribuzione Linux",null,"Infordata","MID",8,256,"FHD","Distribuzione Linux","13_config_TCO","SI",1]
["Infordata_13_config_TCOMID8256FHDWindows 11 Pro Education",null,"Infordata","MID",8,256,"FHD","Windows 11 Pro Education","13_config_TCO","SI",1]
["Infordata_13_config_TCOMID8256FHDWindows 11 Pro",null,"Infordata","MID",8,256,"FHD","Windows 11 Pro","13_config_TCO","SI",1]
["Infordata_13_config_TCOMID16256FHDDistribuzione Linux",null,"Infordata","MID",16,256,"FHD","Distribuzione Linux","13_config_TCO","SI",1]
["Infordata_13_config_TCOMID16256FHDWindows 11 Pro Education",null,"Infordata","MID",16,256,"FHD","Windows 11 Pro Education","13_config_TCO","SI",1]
["Infordata_13_config_TCOMID16256FHDWindows 11 Pro",null,"Infordata","MID",16,256,"FHD","Windows 11 Pro","13_config_TCO","SI",1]
["Infordata_13_config_TCOMID8512FHDDistribuzione Linux",null,"Infordata","MID",8,512,"FHD","Distribuzione Linux","13_config_TCO","SI",1]
["Infordata_13_config_TCOMID8512FHDWindows 11 Pro Education",null,"Infordata","MID",8,512,"FHD","Windows 11 Pro Education","13_config_TCO","SI",1]
["Infordata_13_config_TCOMID8512FHDWindows 11 Pro",null,"Infordata","MID",8,512,"FHD","Windows 11 Pro","13_config_TCO","SI",1]
["Infordata_13_config_TCOMID16512FHDDistribuzione Linux",null,"Infordata","MID",16,512,"FHD","Distribuzione Linux","13_config_TCO","SI",1]
["Infordata_13_config_TCOMID16512FHDWindows 11 Pro Education",null,"Infordata","MID",16,512,"FHD","Windows 11 Pro Education","13_config_TCO","SI",1]
["Infordata_13_config_TCOMID16512FHDWindows 11 Pro",null,"Infordata","MID",16,512,"FHD","Windows 11 Pro","13_config_TCO","SI",1]
["Infordata_13_config_TCOHIGH8256HDDistribuzione Linux",null,"Infordata","HIGH",8,256,"HD","Distribuzione Linux","13_config_TCO","NO",0]
[{"$f":"C3365&\"_\"&I3365&D3365&E3365&F3365&G3365&H3365","v":"Infordata_13_config_TCOHIGH8256HDWindows 11 Pro Education"},null,"Infordata","HIGH",8,256,"HD","Windows 11 Pro Education","13_config_TCO","NO",0]
["Infordata_13_config_TCOHIGH8256HDWindows 11 Pro",null,"Infordata","HIGH",8,256,"HD","Windows 11 Pro","13_config_TCO","NO",0]
["Infordata_13_config_TCOHIGH16256HDDistribuzione Linux",null,"Infordata","HIGH",16,256,"HD","Distribuzione Linux","13_config_TCO","NO",0]
["Infordata_13_config_TCOHIGH16256HDWindows 11 Pro Education",null,"Infordata","HIGH",16,256,"HD","Windows 11 Pro Education","13_config_TCO","NO",0]
["Infordata_13_config_TCOHIGH16256HDWindows 11 Pro",null,"Infordata","HIGH",16,256,"HD","Windows 11 Pro","13_config_TCO","NO",0]
["Infordata_13_config_TCOHIGH8512HDDistribuzione Linux",null,"Infordata","HIGH",8,512,"HD","Distribuzione Linux","13_config_TCO","NO",0]
["Infordata_13_config_TCOHIGH8512HDWindows 11 Pro Education",null,"Infordata","HIGH",8,512,"HD","Windows 11 Pro Education","13_config_TCO","NO",0]
["Infordata_13_config_TCOHIGH8512HDWindows 11 Pro",null,"Infordata","HIGH",8,512,"HD","Windows 11 Pro","13_config_TCO","NO",0]
["Infordata_13_config_TCOHIGH16512HDDistribuzione Linux",null,"Infordata","HIGH",16,512,"HD","Distribuzione Linux","13_config_TCO","NO",0]
["Infordata_13_config_TCOHIGH16512HDWindows 11 Pro Education",null,"Infordata","HIGH",16,512,"HD","Windows 11 Pro Education","13_config_TCO","NO",0]
["Infordata_13_config_TCOHIGH16512HDWindows 11 Pro",null,"Infordata","HIGH",16,512,"HD","Windows 11 Pro","13_config_TCO","NO",0]
["Infordata_13_config_TCOHIGH8256FHDDistribuzione Linux",null,"Infordata","HIGH",8,256,"FHD","Distribuzione Linux","13_config_TCO","SI",1]
["Infordata_13_config_TCOHIGH8256FHDWindows 11 Pro Education",null,"Infordata","HIGH",8,256,"FHD","Windows 11 Pro Education","13_config_TCO","NO",0]
["Infordata_13_config_TCOHIGH8256FHDWindows 11 Pro",null,"Infordata","HIGH",8,256,"FHD","Windows 11 Pro","13_config_TCO","SI",1]
["Infordata_13_config_TCOHIGH16256FHDDistribuzione Linux",null,"Infordata","HIGH",16,256,"FHD","Distribuzione Linux","13_config_TCO","SI",1]
["Infordata_13_config_TCOHIGH16256FHDWindows 11 Pro Education",null,"Infordata","HIGH",16,256,"FHD","Windows 11 Pro Education","13_config_TCO","NO",0]
["Infordata_13_config_TCOHIGH16256FHDWindows 11 Pro",null,"Infordata","HIGH",16,256,"FHD","Windows 11 Pro","13_config_TCO","SI",1]
["Infordata_13_config_TCOHIGH8512FHDDistribuzione Linux",null,"Infordata","HIGH",8,512,"FHD","Distribuzione Linux","13_config_TCO","SI",1]
["Infordata_13_config_TCOHIGH8512FHDWindows 11 Pro Education",null,"Infordata","HIGH",8,512,"FHD","Windows 11 Pro Education","13_config_TCO","NO",0]
["Infordata_13_config_TCOHIGH8512FHDWindows 11 Pro",null,"Infordata","HIGH",8,512,"FHD","Windows 11 Pro","13_config_TCO","SI",1]
["Infordata_13_config_TCOHIGH16512FHDDistribuzione Linux",null,"Infordata","HIGH",16,512,"FHD","Distribuzione Linux","13_config_TCO","SI",1]
["Infordata_13_config_TCOHIGH16512FHDWindows 11 Pro Education",null,"Infordata","HIGH",16,512,"FHD","Windows 11 Pro Education","13_config_TCO","NO",0]
["Infordata_13_config_TCOHIGH16512FHDWindows 11 Pro",null,"Infordata","HIGH",16,512,"FHD","Windows 11 Pro","13_config_TCO","SI",1]
["RTI IM Direct & Partner_15_config_standardHIGH8256HDDistribuzione Linux",null,"RTI IM Direct & Partner","HIGH",8,256,"HD","Distribuzione Linux","15_config_standard","SI",1]
["RTI IM Direct & Partner_15_config_standardHIGH8256HDWindows 11 Pro Education",null,"RTI IM Direct & Partner","HIGH",8,256,"HD","Windows 11 Pro Education","15_config_standard","NO",0]
["RTI IM Direct & Partner_15_config_standardHIGH8256HDWindows 11 Pro",null,"RTI IM Direct & Partner","HIGH",8,256,"HD","Windows 11 Pro","15_config_standard","SI",1]
["RTI IM Direct & Partner_15_config_standardHIGH16256HDDistribuzione Linux",null,"RTI IM Direct & Partner","HIGH",16,256,"HD","Distribuzione Linux","15_config_standard","SI",1]
["RTI IM Direct & Partner_15_config_standardHIGH16256HDWindows 11 Pro Education",null,"RTI IM Direct & Partner","HIGH",16,256,"HD","Windows 11 Pro Education","15_config_standard","NO",0]
["RTI IM Direct & Partner_15_config_standardHIGH16256HDWindows 11 Pro",null,"RTI IM Direct & Partner","HIGH",16,256,"HD","Windows 11 Pro","15_config_standard","SI",1]
["RTI IM Direct & Partner_15_config_standardHIGH8512HDDistribuzione Linux",null,"RTI IM Direct & Partner","HIGH",8,512,"HD","Distribuzione Linux","15_config_standard","SI",1]
["RTI IM Direct & Partner_15_config_standardHIGH8512HDWindows 11 Pro Education",null,"RTI IM Direct & Partner","HIGH",8,512,"HD","Windows 11 Pro Education","15_config_standard","NO",0]
["RTI IM Direct & Partner_15_config_standardHIGH8512HDWindows 11 Pro",null,"RTI IM Direct & Partner","HIGH",8,512,"HD","Windows 11 Pro","15_config_standard","SI",1]
["RTI IM Direct & Partner_15_config_standardHIGH16512HDDistribuzione Linux",null,"RTI IM Direct & Partner","HIGH",16,512,"HD","Distribuzione Linux","15_config_standard","SI",1]
["RTI IM Direct & Partner_15_config_standardHIGH16512HDWindows 11 Pro Education",null,"RTI IM Direct & Partner","HIGH",16,512,"HD","Windows 11 Pro Education","15_config_standard","NO",0]
["RTI IM Direct & Partner_15_config_standardHIGH16512HDWindows 11 Pro",null,"RTI IM Direct & Partner","HIGH",16,512,"HD","Windows 11 Pro","15_config_standard","SI",1]
["RTI IM Direct & Partner_15_config_standardHIGH8256FHDDistribuzione Linux",null,"RTI IM Direct & Partner","HIGH",8,256,"FHD","Distribuzione Linux","15_config_standard","SI",1]
["RTI IM Direct & Partner_15_config_standardHIGH8256FHDWindows 11 Pro Education",null,"RTI IM Direct & Partner","HIGH",8,256,"FHD","Windows 11 Pro Education","15_config_standard","NO",0]
["RTI IM Direct & Partner_15_config_standardHIGH8256FHDWindows 11 Pro",null,"RTI IM Direct & Partner","HIGH",8,256,"FHD","Windows 11 Pro","15_config_standard","SI",1]
["RTI IM Direct & Partner_15_config_standardHIGH16256FHDDistribuzione Linux",null,"RTI IM Direct & Partner","HIGH",16,256,"FHD","Distribuzione Linux","15_config_standard","SI",1]
["RTI IM Direct & Partner_15_config_standardHIGH16256FHDWindows 11 Pro Education",null,"RTI IM Direct & Partner","HIGH",16,256,"FHD","Windows 11 Pro Education","15_config_standard","NO",0]
["RTI IM Direct & Partner_15_config_standardHIGH16256FHDWindows 11 Pro",null,"RTI IM Direct & Partner","HIGH",16,256,"FHD","Windows 11 Pro","15_config_standard","SI",{"$f":"+IF(J3405=\"NO\",0,1)","v":1}]
["RTI IM Direct & Partner_15_config_standardHIGH8512FHDDistribuzione Linux",null,"RTI IM Direct & Partner","HIGH",8,512,"FHD","Distribuzione Linux","15_config_standard","SI",1]
["RTI IM Direct & Partner_15_config_standardHIGH8512FHDWindows 11 Pro Education",null,"RTI IM Direct & Partner","HIGH",8,512,"FHD","Windows 11 Pro Education","15_config_standard","NO",0]
["RTI IM Direct & Partner_15_config_standardHIGH8512FHDWindows 11 Pro",null,"RTI IM Direct & Partner","HIGH",8,512,"FHD","Windows 11 Pro","15_config_standard","SI",1]
["RTI IM Direct & Partner_15_config_standardHIGH16512FHDDistribuzione Linux",null,"RTI IM Direct & Partner","HIGH",16,512,"FHD","Distribuzione Linux","15_config_standard","SI",1]
["RTI IM Direct & Partner_15_config_standardHIGH16512FHDWindows 11 Pro Education",null,"RTI IM Direct & Partner","HIGH",16,512,"FHD","Windows 11 Pro Education","15_config_standard","NO",0]
["RTI IM Direct & Partner_15_config_standardHIGH16512FHDWindows 11 Pro",null,"RTI IM Direct & Partner","HIGH",16,512,"FHD","Windows 11 Pro","15_config_standard","SI",1]
["RTI IM Direct & Partner_15_config_TCOHIGH8256HDDistribuzione Linux",null,"RTI IM Direct & Partner","HIGH",8,256,"HD","Distribuzione Linux","15_config_TCO","SI",1]
["RTI IM Direct & Partner_15_config_TCOHIGH8256HDWindows 11 Pro Education",null,"RTI IM Direct & Partner","HIGH",8,256,"HD","Windows 11 Pro Education","15_config_TCO","NO",0]
["RTI IM Direct & Partner_15_config_TCOHIGH8256HDWindows 11 Pro",null,"RTI IM Direct & Partner","HIGH",8,256,"HD","Windows 11 Pro","15_config_TCO","SI",1]
["RTI IM Direct & Partner_15_config_TCOHIGH16256HDDistribuzione Linux",null,"RTI IM Direct & Partner","HIGH",16,256,"HD","Distribuzione Linux","15_config_TCO","SI",1]
["RTI IM Direct & Partner_15_config_TCOHIGH16256HDWindows 11 Pro Education",null,"RTI IM Direct & Partner","HIGH",16,256,"HD","Windows 11 Pro Education","15_config_TCO","NO",0]
["RTI IM Direct & Partner_15_config_TCOHIGH16256HDWindows 11 Pro",null,"RTI IM Direct & Partner","HIGH",16,256,"HD","Windows 11 Pro","15_config_TCO","SI",1]
["RTI IM Direct & Partner_15_config_TCOHIGH8512HDDistribuzione Linux",null,"RTI IM Direct & Partner","HIGH",8,512,"HD","Distribuzione Linux","15_config_TCO","SI",1]
["RTI IM Direct & Partner_15_config_TCOHIGH8512HDWindows 11 Pro Education",null,"RTI IM Direct & Partner","HIGH",8,512,"HD","Windows 11 Pro Education","15_config_TCO","NO",0]
["RTI IM Direct & Partner_15_config_TCOHIGH8512HDWindows 11 Pro",null,"RTI IM Direct & Partner","HIGH",8,512,"HD","Windows 11 Pro","15_config_TCO","SI",1]
["RTI IM Direct & Partner_15_config_TCOHIGH16512HDDistribuzione Linux",null,"RTI IM Direct & Partner","HIGH",16,512,"HD","Distribuzione Linux","15_config_TCO","SI",1]
["RTI IM Direct & Partner_15_config_TCOHIGH16512HDWindows 11 Pro Education",null,"RTI IM Direct & Partner","HIGH",16,512,"HD","Windows 11 Pro Education","15_config_TCO","NO",0]
["RTI IM Direct & Partner_15_config_TCOHIGH16512HDWindows 11 Pro",null,"RTI IM Direct & Partner","HIGH",16,512,"HD","Windows 11 Pro","15_config_TCO","SI",1]
["RTI IM Direct & Partner_15_config_TCOHIGH8256FHDDistribuzione Linux",null,"RTI IM Direct & Partner","HIGH",8,256,"FHD","Distribuzione Linux","15_config_TCO","SI",1]
["RTI IM Direct & Partner_15_config_TCOHIGH8256FHDWindows 11 Pro Education",null,"RTI IM Direct & Partner","HIGH",8,256,"FHD","Windows 11 Pro Education","15_config_TCO","NO",0]
["RTI IM Direct & Partner_15_config_TCOHIGH8256FHDWindows 11 Pro",null,"RTI IM Direct & Partner","HIGH",8,256,"FHD","Windows 11 Pro","15_config_TCO","SI",1]
["RTI IM Direct & Partner_15_config_TCOHIGH16256FHDDistribuzione Linux",null,"RTI IM Direct & Partner","HIGH",16,256,"FHD","Distribuzione Linux","15_config_TCO","SI",1]
["RTI IM Direct & Partner_15_config_TCOHIGH16256FHDWindows 11 Pro Education",null,"RTI IM Direct & Partner","HIGH",16,256,"FHD","Windows 11 Pro Education","15_config_TCO","NO",0]
[{"$f":"C3429&\"_\"&I3429&D3429&E3429&F3429&G3429&H3429","v":"RTI IM Direct & Partner_15_config_TCOHIGH16256FHDWindows 11 Pro"},null,"RTI IM Direct & Partner","HIGH",16,256,"FHD","Windows 11 Pro","15_config_TCO","SI",1]
["RTI IM Direct & Partner_15_config_TCOHIGH8512FHDDistribuzione Linux",null,"RTI IM Direct & Partner","HIGH",8,512,"FHD","Distribuzione Linux","15_config_TCO","SI",1]
["RTI IM Direct & Partner_15_config_TCOHIGH8512FHDWindows 11 Pro Education",null,"RTI IM Direct & Partner","HIGH",8,512,"FHD","Windows 11 Pro Education","15_config_TCO","NO",0]
["RTI IM Direct & Partner_15_config_TCOHIGH8512FHDWindows 11 Pro",null,"RTI IM Direct & Partner","HIGH",8,512,"FHD","Windows 11 Pro","15_config_TCO","SI",1]
["RTI IM Direct & Partner_15_config_TCOHIGH16512FHDDistribuzione Linux",null,"RTI IM Direct & Partner","HIGH",16,512,"FHD","Distribuzione Linux","15_config_TCO","SI",1]
["RTI IM Direct & Partner_15_config_TCOHIGH16512FHDWindows 11 Pro Education",null,"RTI IM Direct & Partner","HIGH",16,512,"FHD","Windows 11 Pro Education","15_config_TCO","NO",0]
["RTI IM Direct & Partner_15_config_TCOHIGH16512FHDWindows 11 Pro",null,"RTI IM Direct & Partner","HIGH",16,512,"FHD","Windows 11 Pro","15_config_TCO","SI",1]

{"sheet":"Contatti_Fornitori","index":8,"n_rows":11,"n_cols":5,"rows_kept":11,"cut":false,"hidden":true,"merged":[]}
[]
[null,"OE","Nome e Cognome","e-mail","Tel"]
[null,"Bellucci S.p.A.","Alessandro Garampi","agarampi@gruppobellucci.it"]
[null,"Bsistemi S.p.A."," Stefania Scappaticci"," s.scappaticci@bsistemi.com"]
[null,"Converge S.r.l.","Call Center 800 893 402","ordini-AQ2425_PC@converge.it"]
[null,"Eurome S.r.l."," Giorgio Marinelli"," Giorgio.Marinelli@eurome.it"]
[null,"Finbuc S.r.l."," Francesca Simoncelli"," f.simoncelli@finbuc.it"]
[null,"RTI IM Direct & Partner"," Riccardo Bellatreccia"," riccardo.bellatreccia@imdirect.it"]
[null,"Infordata S.p.A."," Carla Roberti"," c.roberti@infordata.net"]
[null,"Italware S.r.l.","Francesca Colozza","colozzaf@italware.it"]
[null,"Var Group S.p.A."," Ilaria Lotti"," I.Lotti@vargroup.it"]

{"sheet":"Ana","index":9,"n_rows":16,"n_cols":19,"rows_kept":16,"cut":false,"hidden":true,"merged":[]}
["Prodotto_Princip","Sosten_Amb","CPU","RAM","SSD","Sist_Operat","Sì/No","Sì/No/StessoProd","Monitor","Num","Scheda_Graf","Display","EspRAM","EspSSD",null,"Monitor",null,"Tendine","Valori"]
["15\"","Nessuna certificazione","Low",8,256,"Distribuzione Linux","No","No","No",2,"Integrata","HD",16,512,null,"No",null,8,8]
["14\"","Etichetta ISO di tipo I (UNI EN ISO 14024)","Mid *","16 *","512 *","Windows 11 Pro Education *","Sì *","Sì *","Sì, da 23.6” *",3,"Discreta *","FHD *",32,1024,null,"Sì, da 23.6” *",null,"16 *",16]
["13\"","Certificazione TCO","High *",null,null,"Windows 11 Pro *",null,"Sì, dello stesso produttore del PC *","Sì, da 27” *",4,null,null,64,null,null,"Sì, da 27” *",null,"Low","Low"]
[null,null,null,null,null,null,null,null,"Sì, da 23.6” dello stesso produttore del PC *",5,null,null,128,null,null,"Sì, da 23.6” dello stesso produttore del PC *",null,"Mid *","Mid"]
[null,null,null,null,null,null,null,null,"Sì, da 27” dello stesso produttore del PC *",null,null,null,null,null,null,"Sì, da 27” dello stesso produttore del PC *",null,"High *","High"]
[null,null,null,null,null,null,null,null,null,null,null,null,null,null,null,null,null,256,256]
[null,null,null,null,null,null,null,null,null,null,null,null,null,null,null,null,null,"512 *",512]
[null,null,null,null,null,null,null,null,null,null,null,null,null,null,null,null,null,"Distribuzione Linux","Distribuzione Linux"]
[null,null,null,null,null,null,null,null,null,null,null,null,null,null,null,null,null,"Windows 11 Pro *","Windows 11 Pro"]
[null,null,null,null,null,null,null,null,null,null,null,null,null,null,null,null,null,"Windows 11 Pro Education *","Windows 11 Pro Education"]
[null,null,null,null,null,null,null,null,null,null,null,null,null,null,null,null,null,"HD","HD"]
[null,null,null,null,null,null,null,null,null,null,null,null,null,null,null,null,null,"FHD *","FHD"]
[null,null,null,null,null,null,null,null,null,null,null,null,null,null,null,null,null,"Nessuna certificazione","NO"]
[null,null,null,null,null,null,null,null,null,null,null,null,null,null,null,null,null,"Etichetta ISO di tipo I (UNI EN ISO 14024)","NO"]
[null,null,null,null,null,null,null,null,null,null,null,null,null,null,null,null,null,"Certificazione TCO","SI"]